{"id":33784,"date":"2013-06-28T08:09:41","date_gmt":"2013-06-28T06:09:41","guid":{"rendered":"https:\/\/www.freiburg-schwarzwald.de\/blog\/?page_id=33784"},"modified":"2019-12-23T16:44:39","modified_gmt":"2019-12-23T15:44:39","slug":"terre-des-femmes","status":"publish","type":"page","link":"https:\/\/www.freiburg-schwarzwald.de\/blog\/selbsthilfe\/frauen\/terre-des-femmes\/","title":{"rendered":"Terre-des-Femmes"},"content":{"rendered":"<p>Home &gt;<a title=\"Vereine\" href=\"https:\/\/www.freiburg-schwarzwald.de\/blog\/vereine\/\">Vereine<\/a> &gt;<a title=\"Global\" href=\"https:\/\/www.freiburg-schwarzwald.de\/blog\/global\/\">Global<\/a> &gt;<a title=\"Frauen\" href=\"https:\/\/www.freiburg-schwarzwald.de\/blog\/selbsthilfe\/frauen\/\">Frauen<\/a> &gt;<a title=\"NGO\" href=\"https:\/\/www.freiburg-schwarzwald.de\/blog\/vereine\/ngo\/\">NGO<\/a> &gt;Terre-des-Femmes<\/p>\n<div id=\"attachment_32828\" style=\"width: 647px\" class=\"wp-caption alignnone\"><a href=\"https:\/\/www.freiburg-schwarzwald.de\/blog\/natur\/flora\/frauenmantel\/frauenmantel6tropfen-pan130610\/\" rel=\"attachment wp-att-32828\"><img loading=\"lazy\" decoding=\"async\" aria-describedby=\"caption-attachment-32828\" class=\"size-full wp-image-32828\" title=\"frauenmantel6tropfen-pan130610\" src=\"https:\/\/www.freiburg-schwarzwald.de\/blog\/wp-content\/uploads\/2013\/06\/frauenmantel6tropfen-pan130610.jpg\" alt=\"\" width=\"637\" height=\"258\" srcset=\"https:\/\/www.freiburg-schwarzwald.de\/blog\/wp-content\/uploads\/2013\/06\/frauenmantel6tropfen-pan130610.jpg 637w, https:\/\/www.freiburg-schwarzwald.de\/blog\/wp-content\/uploads\/2013\/06\/frauenmantel6tropfen-pan130610-180x72.jpg 180w\" sizes=\"auto, (max-width: 637px) 100vw, 637px\" \/><\/a><p id=\"caption-attachment-32828\" class=\"wp-caption-text\">Blatt eines Frauenmantels nach einer Regennacht morgens um 9 Uhr am 10.6.2013<\/p><\/div>\n<p>&nbsp;<\/p>\n<ul>\n<li><a title=\"Haeusliche-Gewalt\" href=\"https:\/\/www.freiburg-schwarzwald.de\/blog\/selbsthilfe\/krise\/gewalt\/haeusliche-gewalt\/\">Mariana Harder-K\u00fchnel: Fast 70 Prozent der Frauen in Frauenh\u00e4usern haben Migrationshintergrund<\/a>\u00a0(12.12.2019)<\/li>\n<li><a title=\"Nur eine Frau \u2013 Film von TdF\" href=\"https:\/\/www.freiburg-schwarzwald.de\/blog\/nur-eine-frau-film-von-tdf\/\">Nur ein\u00a0 Frau &#8211; neuer Film von TdF<\/a> (11.5.2019)<\/li>\n<li>Terre des Femmes: Das Kinderkopftuch endlich verbieten (7.3.2019)<\/li>\n<li><a href=\"https:\/\/www.freiburg-schwarzwald.de\/blog\/maedchenverschleierung\/\">https:\/\/www.freiburg-schwarzwald.de\/blog\/maedchenverschleierung\/<\/a> (25.8.2018)<\/li>\n<li><a href=\"https:\/\/www.freiburg-schwarzwald.de\/blog\/frauenrechte-und-migration\/\">https:\/\/www.freiburg-schwarzwald.de\/blog\/frauenrechte-und-migration\/<\/a> (7.1.2016)<\/li>\n<li><a title=\"Menschenrechte\" href=\"https:\/\/www.freiburg-schwarzwald.de\/blog\/kultur\/aufklaerung\/menschenrechte\/\">Frauenrechte im Islam nicht verwirklicht<\/a> &gt;Menschenrechte (30.11.2014)<\/li>\n<li><a href=\"https:\/\/www.freiburg-schwarzwald.de\/blog\/gewalt-aufgrund-familienehre\/\">https:\/\/www.freiburg-schwarzwald.de\/blog\/gewalt-aufgrund-familienehre\/<\/a>\u00a0(14.11.2014)<\/li>\n<li><a href=\"https:\/\/www.freiburg-schwarzwald.de\/blog\/frauenrechte-fuer-migrantinnen\/\">https:\/\/www.freiburg-schwarzwald.de\/blog\/frauenrechte-fuer-migrantinnen\/<\/a>\u00a0(20.8.2014)<\/li>\n<li><a title=\"Genitalverstuemmelung\" href=\"https:\/\/www.freiburg-schwarzwald.de\/blog\/selbsthilfe\/frauen\/genitalverstuemmelung\/\">Genitalverst\u00fcmmelung eigener Tatbestand<\/a> &gt;Gen (28.6.2013)<\/li>\n<li><a href=\"https:\/\/www.freiburg-schwarzwald.de\/frauen3.htm#Infos: Ehrverbrechen, Frauenhandel und weiblicher Genitalverst\u00fcmmelung\">Infos: Ehrverbrechen, Frauenhandel und weiblicher Genitalverst\u00fcmmelung<\/a> &gt;SexuelleM (30.4.09)<\/li>\n<li><a href=\"https:\/\/www.freiburg-schwarzwald.de\/frauen2.htm#Terre des Femmes: Gegen Misshandlung von Frauen durch Ehem\u00e4nner\">Terre des Femmes: Gegen Misshandlung von Frauen durch Ehem\u00e4nner<\/a> &gt;Frauen2 (28.3.2007)<\/li>\n<li><a href=\"https:\/\/www.freiburg-schwarzwald.de\/frauen2.htm#Genitalverst\u00fcmmelung von Frauen in Tansania\">Genitalverst\u00fcmmelung von Frauen in Tansania<\/a>\u00a0&gt;Frauen2 (11.8.2005)<\/li>\n<li><a href=\"https:\/\/www.freiburg-schwarzwald.de\/frauen2.htm#Klitoris-Restitution f\u00fcr beschnittene Frauen - Krankenkasse zahlt\">Klitoris-Restitution f\u00fcr beschnittene Frauen &#8211; Krankenkasse zahlt<\/a> &gt;Frauen2 (1.3.2005)<\/li>\n<li><a href=\"https:\/\/www.freiburg-schwarzwald.de\/ecommerce.htm#Ycare.de - Versteigerungserl\u00f6se f\u00fcr soziale Projekte spenden\">Ycare.de &#8211; Versteigerungserl\u00f6se f\u00fcr soziale Projekte spenden<\/a> &gt;eCommerce (28.1.2005<span style=\"font-family: Arial; font-size: x-small;\">)<br \/>\n<\/span><\/li>\n<li><\/li>\n<li>Terre des Femmes &#8211; Frauenrechte.de<\/li>\n<li><a title=\"FGM\" href=\"https:\/\/www.freiburg-schwarzwald.de\/blog\/selbsthilfe\/frauen\/fgm\/\">FGM<\/a><\/li>\n<li>Frauenrechte sind unver\u00e4u\u00dferlicher Bestandteil der universellen Menschenrechte<\/li>\n<li><a title=\"Frauenrechte\" href=\"https:\/\/www.freiburg-schwarzwald.de\/blog\/global\/integration\/frauenrechte\/\">Frauenrechte &#8211; Integration<\/a><\/li>\n<li><a title=\"Genitalverstuemmelung\" href=\"https:\/\/www.freiburg-schwarzwald.de\/blog\/selbsthilfe\/frauen\/genitalverstuemmelung\/\">Genitalverstuemmelung<\/a><\/li>\n<li><a title=\"Kopftuch\" href=\"https:\/\/www.freiburg-schwarzwald.de\/blog\/kopftuch\/\">Kopftuch<\/a><\/li>\n<li><a title=\"Menschenrechte\" href=\"https:\/\/www.freiburg-schwarzwald.de\/blog\/kultur\/aufklaerung\/menschenrechte\/\">Menschenrechte<\/a><\/li>\n<li><a title=\"Zwangsheirat\" href=\"https:\/\/www.freiburg-schwarzwald.de\/blog\/selbsthilfe\/frauen\/zwangsheirat\/\">Zwangsheirat<\/a><\/li>\n<li><\/li>\n<\/ul>\n<p>&nbsp;<\/p>\n<p>&nbsp;<\/p>\n<p>&nbsp;<\/p>\n<p><strong><a name=\"Terre des Femmes - Frauenrechte.de\"><\/a>Terre des Femmes &#8211; Frauenrechte.de<\/strong><\/p>\n<p>&#8222;TERRE DES FEMMES ist eine gemeinn\u00fctzige Menschenrechtsorganisation f\u00fcr Frauen. Laut der &#8222;Allgemeinen Erkl\u00e4rung der Menschenrechte&#8220; von 1948 haben Frauen und M\u00e4dchen das Recht, selbstbestimmt, frei und in W\u00fcrde zu leben.<br \/>\nTERRE DES FEMMES setzt sich f\u00fcr diese Menschenrechte ein und unterst\u00fctzt Frauen und M\u00e4dchen durch internationale Vernetzung, \u00d6ffentlichkeitsarbeit, gezielte Aktionen, pers\u00f6nliche Beratung und F\u00f6rderung von einzelnen Projekten im Ausland.&#8220;<\/p>\n<p><strong>TERRE DES FEMMES &#8211; Menschenrechte f\u00fcr die Frau<\/strong> <strong>e. V.<\/strong><br \/>\nBrunnenstr. 128, 13355 Berlin, Tel +49-30- 40 50 46 99-0<br \/>\n<a href=\"https:\/\/www.frauenrechte.de\/\">https:\/\/www.frauenrechte.de<\/a><\/p>\n<p><span style=\"color: #008000;\"><strong>Terre des Femmes, Konto 224422, \u201eNAFGEM-Moshi\u201c, Kreissparkasse T\u00fcbingen, BLZ 641 500 20<\/strong><\/span><\/p>\n<p><span style=\"color: #008000;\">Wer die Arbeit gegen weibliche Beschneidung unterst\u00fctzen will, kann an folgende Konten spenden:<br \/>\n<strong>Unicef,<\/strong> <strong>Spendenkonto 300000, Bank f\u00fcr Sozialwirtschaft, BLZ 370 205 00; <\/strong><\/span><\/p>\n<p>&#8212;&#8212;&#8212;&#8212;&#8212;&#8212;&#8212;-<\/p>\n<p><strong>Terre des Femmes: Das Kinderkopftuch endlich verbieten<\/strong><br \/>\nDar\u00fcberhinaus lassen die unterschiedlich hohen Geburtenraten viele annehmen, dass Deutschland irgendwann \u201efrei\u201c w\u00e4re und sie dann dort leben k\u00f6nnten. W\u00e4re Deutschland eine Nation mit realistischem Blick f\u00fcr sich selbst, die Politik w\u00fcrde solchen gef\u00e4hrlichen Tendenzen ins Auge blicken, ohne in Panik oder fremdenfeindliche Ressentiments zu verfallen \u2013 und fortschrittliche L\u00f6sungen entwickeln.<br \/>\nEntsprechend greifen die drei Frauen unter anderem die Forderungen ihrer \u201eInitiative an der Basis\u201c bez\u00fcglich des Kopftuchs an den Berliner Senat auf: Das <a title=\"Kopftuch\" href=\"https:\/\/www.freiburg-schwarzwald.de\/blog\/kopftuch\/\">Kinderkopftuch<\/a> solle endlich verboten werden \u2013 wie das Terre des femmes mit ihrer Petition auch fordern \u2013, denn wie das Kopftuch selbst unterteilt es Frauen in ehrbar und s\u00fcndig lebende, und \u00fcbersexualisiert M\u00e4dchen damit von klein auf.<br \/>\n<a href=\"https:\/\/www.frauenrechte.de\/online\/themen-und-aktionen\/gleichberechtigung-und-integration\/kinderkopftuch\/3338-terre-des-femmes-unterschriftenaktion-den-kopf-frei-haben\">https:\/\/www.frauenrechte.de\/online\/themen-und-aktionen\/gleichberechtigung-und-integration\/kinderkopftuch\/3338-terre-des-femmes-unterschriftenaktion-den-kopf-frei-haben<\/a><br \/>\n.<br \/>\nWeitere Informationen \u00fcber diese <a title=\"Fluechtlingsbetreuer\" href=\"https:\/\/www.freiburg-schwarzwald.de\/blog\/global\/integration\/fluechtlingsbetreuer\/\">Basisinitiative<\/a> finden Sie hier.<br \/>\n<a href=\"https:\/\/basisinitiative.wordpress.com\/\">https:\/\/basisinitiative.wordpress.com\/<\/a><br \/>\nLehrer und Lehrerinnen, die \u00e4hnliche Probleme und Erfahrungen zur Sprache bringen wollen \u2013 ob anonym oder mit Klarnamen \u2013, sind von ihr herzlich eingeladen, hier Kontakt aufzunehmen.<br \/>\n<a href=\"https:\/\/basisinitiative.wordpress.com\/kontakt\/\">https:\/\/basisinitiative.wordpress.com\/kontakt\/<\/a><br \/>\n&#8230;. Alles von Felix Perrefort vom 7.3.2019 bitte lesen auf<br \/>\n<a href=\"https:\/\/www.achgut.com\/artikel\/kreuzberg_lehrerinnen_an_der_basis_ein_gespraech?\">https:\/\/www.achgut.com\/artikel\/kreuzberg_lehrerinnen_an_der_basis_ein_gespraech?<\/a><br \/>\n.<br \/>\n\u00dcber einen Protestmarsch von Migrantinnen zum internationalen Frauentag am Freitag in Hamburg berichtet Achgut.com-Autorin Susanne Baumstark hier.<br \/>\n<a href=\"https:\/\/www.luftwurzel.net\/beitr%C3%A4ge-2019\/menschenrechte\/gewaltschutz\/\">https:\/\/www.luftwurzel.net\/beitr%C3%A4ge-2019\/menschenrechte\/gewaltschutz\/<\/a><br \/>\nArbeitsgruppe Flucht und Menschenrechte, Rebecca Sommer:<br \/>\n<a href=\"https:\/\/arbeitsgruppefluchtundmenschenrechte.wordpress.com\/2018\/01\/18\/diskussion-interview-mit-rebecca-sommer-euroislam-polen\/\">https:\/\/arbeitsgruppefluchtundmenschenrechte.wordpress.com\/2018\/01\/18\/diskussion-interview-mit-rebecca-sommer-euroislam-polen\/<\/a><\/p>\n<p>Der erw\u00e4hnte NGO \u201cTerre des femmes\u201d hat es letztes Jahr mit gro\u00dfer M\u00fche geschafft, eine feindliche \u00dcbernahme vorl\u00e4ufig abzuwehren. In der Zeit kurz vor der Neuwahl der Vorsitzenden traten weit mehr Frauen ein als sonst in vergleichbaren Zeitr\u00e4umen, und sie brachten die \u00fcblichen Forderungen mit: mehr Multikulti, auf deutsch mehr \u201cToleranz\u201d f\u00fcr den schwerstpatriarchalen Islam und f\u00fcr den Hidschab (nat\u00fcrlich auch f\u00fcr den Druck auf Frauen, sich zu verh\u00fcllen, da braucht man \u201cnur\u201d den Druck als solchen zu bestreiten), dazu die Einf\u00fchrung der Genderitis bis hin zu den absurdesten Konsequenzen und einiges mehr. Die meisten Damen Neumitglieder\u201d*innen\u201d wollten die \u201cwissenschaftlich und politisch umstrittene\u201d Necla Kelek nicht l\u00e4nger als Vorsitzende dulden, eben deshalb waren sie ja im \u201crichtigen\u201d Moment eingetreten. Kelek und ihre Unterst\u00fctzerinnen konnten den politisch korrekten Angriff abwehren. Bis zur n\u00e4chsten Wahl. Sie haben keinen Quadratmeter Boden gewonnen, sondern lediglich den v\u00f6lligen Verlust ihres Terrains verhindert. Und \u201cTerre des femmes\u201d ist als echte feministische Gruppe wichtig. Zwar nicht f\u00fcr die \u201cSeminare\u201d in \u201cGender Studies\u201d, aber f\u00fcr real unterdr\u00fcckte Frauen und Kinder, und auch f\u00fcr real verfolgte Juden, Ex-Muslime und Homosexuelle.<br \/>\n7.3.2019, G.M., AO<br \/>\n.<br \/>\n<strong>Teddyb\u00e4ren am Bahnhof wichtiger als Schutz der Frauen<\/strong><br \/>\nDer f\u00fcr eine Korrektur dieser Probleme notwendige harte Umschwung in der Fl\u00fcchtlings-\/Migrantenpolitik ist in Deutschland auf absehbare Zeit nicht durchf\u00fchrbar. Zu m\u00e4chtig sind die \u201cWeltverbesserer\u201d aus Medien, Politik und Kirchen. Ich habe schon 2015 gefragt, wo das wirklich Hilfe f\u00fcr Fl\u00fcchtlinge ist, wenn nicht mal sicher gestellt werden kann, dass die Fl\u00fcchtlinge hier sicher sind.<br \/>\nUnz\u00e4hlige Meldungen \u00fcber Missbrauch und Vergewaltigung in den Fl\u00fcchtlingsunterk\u00fcnften haben in mir Scham gegen\u00fcber den tats\u00e4chlichen Fl\u00fcchtlingen aufkommen lassen. Scham \u00fcber dieses selbstgef\u00e4llige Deutschland, das meint, dass Teddyb\u00e4ren auf dem Bahnhof wichtiger sind, als der Schutz vor \u00dcbergriffen. Die Probleme werden wachsen. Und irgendwann wird es knallen. Auf der einen Seite die fanatisierten Gutmenschen, welche sich nicht eingestehen wollen, dass sie von Anfang an falsch lagen zusammen mit den Migranten, welche \u201cihre Zeit\u201d gekommen sehen, auf der anderen Seite der Rest, welcher die Probleme nicht mehr ertragen will. Die Politik hat die Menschen verraten. Die eigene Bev\u00f6lkerung, denen sie unschaffbare finanzielle und gesellschaftliche Lasten aufgeb\u00fcrdet hat und die Migranten, welche sich hier ein sicheres und freies Leben mit Wohlstand erhofft haben ohne religi\u00f6se Zw\u00e4nge.<br \/>\n7.3.2019, F.L.<br \/>\n.<br \/>\n<strong>Auch sie sind Nazi?<\/strong><br \/>\nSehr geehrte <a title=\"Fluechtlingsbetreuer\" href=\"https:\/\/www.freiburg-schwarzwald.de\/blog\/global\/integration\/fluechtlingsbetreuer\/\">\u201c3 Frauen\u201d<\/a>. Alles gut und sch\u00f6n, was Sie dem Autor in die Feder diktierten. Nur: zu sp\u00e4t! Die beschriebenen Zust\u00e4nde sind ja nicht in den vergangenen 3-4 Jahren dermassen aufgebrochen. Die waren von Anbeginn dieses deutschen Dramas 2.0 in dieser fatalen Spur. Warum haben Sie nicht den Mut gefunden fr\u00fch genug, diese Fakten schildernd, \u00d6ffentlichkeit herzustellen? Nun sind die Fronten in diesem Land unumkehrbar verh\u00e4rtet. Nichts wird sich mehr \u00e4ndern &#8211; ausser immer tiefer in Richtung Orkus. SIE haben nun auch keine Stimme mehr. Sie sind Nazi. Punkt und aus! Ihnen h\u00f6rt keiner mehr zu, schon garnicht anonym &#8211; und wenn doch, sollten Sie Gl\u00fcck haben (was ich Ihnen von ganzem Herzen w\u00fcnsche\u2026), wenn Ihnen niemand dieser fanatisierten, gr\u00fcnlinken und tats\u00e4chlichen NeoNazis demn\u00e4chst den Molotowcocktail in das Wohnzimmer schleudert.<br \/>\n7.3.2019, P.G.<br \/>\n.<\/p>\n<p><strong>Frauenrechte sind unver\u00e4u\u00dferlicher Bestandteil der universellen Menschenrechte<\/strong><\/p>\n<div>\n<p>Am 10.12.1948 wurde die Allgemeine Erkl\u00e4rung der Menschenrechte (auch: Deklaration der Menschenrechte, UN-Menschenrechtscharta, AEMR) von der Generalversammlung der Vereinten Nationen in Paris verabschiedet. Sie umfasst 30 Artikel und enth\u00e4lt grunds\u00e4tzliche Ansichten zu jenen Rechten, die jedem Menschen unabh\u00e4ngig von Herkunft, Alter, Geschlecht und Religion zustehen. Ausschlaggebend f\u00fcr die Erkl\u00e4rung waren vor allem die Menschenrechtsverletzungen des Zweiten Weltkriegs. Seitdem haben viele Staaten die Menschenrechtserkl\u00e4rung auch in ihre Verfassung aufgenommen. Durch diese nationalen Verankerungen, aber auch durch die Ratifizierung internationaler Menschenrechtsabkommen, soll erreicht werden, dass die Menschenrechte zu tats\u00e4chlich einklagbaren Rechten werden. Denn leider ist die Einhaltung der Menschenrechte auch heute nicht selbstverst\u00e4ndlich &#8211; insbesondere f\u00fcr Frauen: Abtreibung weiblicher F\u00f6ten, Ehrenmorde, Frauenhandel, Genitalverst\u00fcmmelung, Gewalt bei Mitgift, H\u00e4usliche Gewalt,\u00a0Infantizid von weiblichen S\u00e4uglingen, Sexuelle Folter, Sexueller Mi\u00dfbrauch, Unterdr\u00fcckung statt Gleichberechtigung, Zwangsheirat, &#8230;.<\/p>\n<p>Frauenrechte sind unver\u00e4u\u00dferlicher Bestandteil der universellen Menschenrechte und d\u00fcrfen nicht relativiert werden, auch nicht unter Verweis auf kulturelle oder religi\u00f6se Traditionen.<\/p>\n<p>Menschenrechtsverletzungen an Frauen werden oft mit Artikel 12 (&#8222;Niemand darf willk\u00fcrlichen Eingriffen in sein Privatleben, seine Familie, seine Wohnung und seinen Schriftverkehr oder Beeintr\u00e4chtigungen seiner Ehre und seines Rufes ausgesetzt werden\u201c) als &#8222;Privatsache&#8220; behandelt. Diese Begr\u00fcndung ist unzul\u00e4ssig, da andere Rechte wie z.B. das Recht auf k\u00f6rperliche Unversehrtheit vorgehen.<\/p>\n<\/div>\n","protected":false},"excerpt":{"rendered":"<p>Home &gt;Vereine &gt;Global &gt;Frauen &gt;NGO &gt;Terre-des-Femmes &nbsp; Mariana Harder-K\u00fchnel: Fast 70 Prozent der Frauen in Frauenh\u00e4usern haben Migrationshintergrund\u00a0(12.12.2019) Nur ein\u00a0 Frau &#8211; neuer Film von TdF (11.5.2019) Terre des Femmes: Das Kinderkopftuch endlich verbieten (7.3.2019) https:\/\/www.freiburg-schwarzwald.de\/blog\/maedchenverschleierung\/ (25.8.2018) https:\/\/www.freiburg-schwarzwald.de\/blog\/frauenrechte-und-migration\/ (7.1.2016) Frauenrechte &hellip; <a href=\"https:\/\/www.freiburg-schwarzwald.de\/blog\/selbsthilfe\/frauen\/terre-des-femmes\/\">Weiterlesen <span class=\"meta-nav\">&rarr;<\/span><\/a><\/p>\n","protected":false},"author":4,"featured_media":0,"parent":59,"menu_order":0,"comment_status":"open","ping_status":"closed","template":"","meta":{"footnotes":""},"class_list":["post-33784","page","type-page","status-publish","hentry"],"_links":{"self":[{"href":"https:\/\/www.freiburg-schwarzwald.de\/blog\/wp-json\/wp\/v2\/pages\/33784","targetHints":{"allow":["GET"]}}],"collection":[{"href":"https:\/\/www.freiburg-schwarzwald.de\/blog\/wp-json\/wp\/v2\/pages"}],"about":[{"href":"https:\/\/www.freiburg-schwarzwald.de\/blog\/wp-json\/wp\/v2\/types\/page"}],"author":[{"embeddable":true,"href":"https:\/\/www.freiburg-schwarzwald.de\/blog\/wp-json\/wp\/v2\/users\/4"}],"replies":[{"embeddable":true,"href":"https:\/\/www.freiburg-schwarzwald.de\/blog\/wp-json\/wp\/v2\/comments?post=33784"}],"version-history":[{"count":0,"href":"https:\/\/www.freiburg-schwarzwald.de\/blog\/wp-json\/wp\/v2\/pages\/33784\/revisions"}],"up":[{"embeddable":true,"href":"https:\/\/www.freiburg-schwarzwald.de\/blog\/wp-json\/wp\/v2\/pages\/59"}],"wp:attachment":[{"href":"https:\/\/www.freiburg-schwarzwald.de\/blog\/wp-json\/wp\/v2\/media?parent=33784"}],"curies":[{"name":"wp","href":"https:\/\/api.w.org\/{rel}","templated":true}]}}