{"id":3297,"date":"2012-05-11T08:35:35","date_gmt":"2012-05-11T08:35:35","guid":{"rendered":"https:\/\/www.freiburg-schwarzwald.de\/blog\/?page_id=3297"},"modified":"2025-12-16T14:07:37","modified_gmt":"2025-12-16T13:07:37","slug":"zisch","status":"publish","type":"page","link":"https:\/\/www.freiburg-schwarzwald.de\/blog\/kultur\/medien\/zeitung\/zisch\/","title":{"rendered":"Zisch"},"content":{"rendered":"<p>Home &gt;<a title=\"Kultur\" href=\"https:\/\/www.freiburg-schwarzwald.de\/blog\/kultur\/\">Kultur<\/a> &gt;<a title=\"Medien\" href=\"https:\/\/www.freiburg-schwarzwald.de\/blog\/kultur\/medien\/\">Medien<\/a> &gt;<a title=\"Zeitung\" href=\"https:\/\/www.freiburg-schwarzwald.de\/blog\/kultur\/medien\/zeitung\/\">Zeitung<\/a> &gt;<a title=\"BZ\" href=\"https:\/\/www.freiburg-schwarzwald.de\/blog\/kultur\/medien\/zeitung\/bz\/\">BZ<\/a> &gt;Zisch<\/p>\n<div id=\"attachment_15779\" style=\"width: 649px\" class=\"wp-caption alignnone\"><a href=\"https:\/\/www.freiburg-schwarzwald.de\/blog\/regio\/berge\/schauinsland\/schauinslandturm\/schauinslandturm1abendsonne-pan121115\/\" rel=\"attachment wp-att-15779\"><img loading=\"lazy\" decoding=\"async\" aria-describedby=\"caption-attachment-15779\" class=\"size-full wp-image-15779\" title=\"schauinslandturm1abendsonne-pan121115\" src=\"https:\/\/www.freiburg-schwarzwald.de\/blog\/wp-content\/uploads\/2012\/11\/schauinslandturm1abendsonne-pan121115.jpg\" alt=\"\" width=\"639\" height=\"223\" srcset=\"https:\/\/www.freiburg-schwarzwald.de\/blog\/wp-content\/uploads\/2012\/11\/schauinslandturm1abendsonne-pan121115.jpg 639w, https:\/\/www.freiburg-schwarzwald.de\/blog\/wp-content\/uploads\/2012\/11\/schauinslandturm1abendsonne-pan121115-180x62.jpg 180w\" sizes=\"auto, (max-width: 639px) 100vw, 639px\" \/><\/a><p id=\"caption-attachment-15779\" class=\"wp-caption-text\">Blick vom Schauinslandturm \u00fcbers neblige M\u00fcnstertal und Rheintal am 15.11.2012<\/p><\/div>\n<ul>\n<li><em>Listenauswahl eines Beitrags (Artikel\/Datum, Seite\/Inhalt): <span style=\"text-decoration: underline;\">Klicken<\/span> oder scrollen<\/em><\/li>\n<li>Zisch-Beilage: Jeder einzelne Artikel hat uns Freude gemacht (15.12.2025)<\/li>\n<li><a href=\"https:\/\/www.freiburg-schwarzwald.de\/blog\/70-jahre-badische-zeitung-bz\/\">https:\/\/www.freiburg-schwarzwald.de\/blog\/70-jahre-badische-zeitung-bz\/<\/a> \u00a0(6.7.2016)<\/li>\n<li><a title=\"Pferde\" href=\"https:\/\/www.freiburg-schwarzwald.de\/blog\/natur\/tiere\/pferde\/\">Gebissloses Reiten <\/a>&gt;Pferde (19.12.2014)<\/li>\n<li>Neuer Schreibwettbewerb Fr\u00fchjahr 2012<\/li>\n<li><a href=\"https:\/\/www.freiburg-schwarzwald.de\/littenweiler\/zeitung1.htm#Zisch-Pilotprojekt 6.12.2010 - 29.1.2011 von BZ und PH Freiburg\">Zisch-Pilotprojekt 6.12.2010 &#8211; 29.1.2011 von BZ und PH Freiburg<\/a> &gt;Zeitung1 (6.12.2010)<\/li>\n<\/ul>\n<p>&nbsp;<\/p>\n<p><strong>Zisch-Beilage: Jeder einzelne Artikel hat uns Freude gemacht<\/strong><br \/>\n: Wir m\u00f6chten uns einfach nur bedanken f\u00fcr diese Beilage. Jeder einzelne Artikel hat uns Freude bereitet und wir sind sicher, den Sch\u00fclern und Sch\u00fclerinnen hat es auch Spa\u00df gemacht. In Zeiten der \u00fcberwiegend negativen Informationen tun diese Beitr\u00e4ge gut und haben es deshalb verdient, dass die Badische Zeitung, die Sponsoren und die Artikelverfasser hierf\u00fcr unseren Dank erhalten.<br \/>\nBirgit Kr\u00e4tz-Boch, V\u00f6rstetten, BZ. 15.12.2025<br \/>\n<a href=\"https:\/\/www.badische-zeitung.de\/jeder-einzelne-artikel-hat-uns-freude-gemacht\">https:\/\/www.badische-zeitung.de\/jeder-einzelne-artikel-hat-uns-freude-gemacht<\/a><\/p>\n<p>&nbsp;<\/p>\n<p><strong>\u00a0Zisch &#8211; Zeitung in der Schule<\/strong><\/p>\n<p>&#8222;Zeitung in der Schule&#8220; (Zisch) ist ein <a title=\"Literatur\" href=\"https:\/\/www.freiburg-schwarzwald.de\/blog\/kultur\/dichter\/literatur\/\">Lesef\u00f6rderprojekt<\/a> der\u00a0 <a title=\"BZ\" href=\"https:\/\/www.freiburg-schwarzwald.de\/blog\/kultur\/medien\/zeitung\/bz\/\">Badischen Zeitung (BZ<\/a>). Mitmachen k\u00f6nnen vierte Klassen, deren Schulen im Verbreitungsgebiet der BZ liegen.In Zusammenarbeit mit der P\u00e4dagogischen Hochschule Freiburg gibt es vor jedem Projektstart ein ganzt\u00e4giges Lehrerseminar mit Dozenten der PH und der BZ mit\u00a0 p\u00e4d.-didaktischen Tips zur Arbeit mit der Zeitung im Unterricht.<br \/>\nIm Fr\u00fchjahr und im Herbst wird gezischt, und zwar mindestens acht Wochen lang. In dieser Zeit wurden schon einige Lesemuffel zu Leseratten. Denn w\u00e4hrend des Projekts schlagen die Sch\u00fcler jeden Morgen in ihren Klassenzimmern die\u00a0 Badische Zeitung. Am Wochenende und in den Ferien landet die BZ zu Hause im Briefkasten. Gemeinsam mit ihren Lehrerinnen und Lehrern entdecken sie die Zeitungswelt.<br \/>\nMehr auf <a href=\"https:\/\/www.badische-zeitung.de\/ratgeber\/zisch\/zisch-texte\/was-ist-zeitung-in-der-schule\">https:\/\/www.badische-zeitung.de\/ratgeber\/zisch\/zisch-texte\/was-ist-zeitung-in-der-schule<\/a><\/p>\n<p><a href=\"https:\/\/www.badische-zeitung.de\/zisch\/forum\/index.php\">https:\/\/www.badische-zeitung.de\/zisch\/forum\/index.php<\/a>\u00a0&#8211; Zisch Forum<br \/>\n<a href=\"https:\/\/www.bzetti.de\">www.bzetti.de<\/a> &#8211; Maskottchen<br \/>\n<a href=\"https:\/\/www.badische-zeitung.de\/ratgeber\/zisch\/\">https:\/\/www.badische-zeitung.de\/ratgeber\/zisch\/<\/a>\u00a0&#8211; Infos<\/p>\n<p>&nbsp;<\/p>\n<p><strong>Neuer Schreibwettbewerb Fr\u00fchjahr 2012<\/strong><\/p>\n<p>Wenn euch zu den Reizw\u00f6rtern Elefant, beobachten, Kamera, Spa\u00df und Spaghetti eine spannende Geschichte einf\u00e4llt, in der alle f\u00fcnf vorgegebenen W\u00f6rter vorkommen, dann schreibt sie auf und schickt sie uns. Alle Geschichten mit den W\u00f6rtern Elefant, beobachten, Kamera, Spa\u00df und Spaghetti werden hier auf <a title=\"\" href=\"https:\/\/www.bzetti.de\/\" target=\"_blank\" rel=\"noopener\">https:\/\/www.bzetti.de<\/a> ver\u00f6ffentlicht. Eine Jury w\u00e4hlt die sch\u00f6nsten Geschichten aus, die dann am 7. Juli 2012 auf der letzten Zisch-Projektseite in der Badischen Zeitung abgedruckt werden. Wenn ihr mit eurer Geschichte fertig seid und denkt, sie kann abgeschickt werden, dann macht das bitte bis zum 22. Juni 2012 an <a title=\"\" href=\"mailto:zisch@badische-zeitung.de\" target=\"_blank\" rel=\"noopener\">zisch@badische-zeitung.de<\/a>. Damit wir wissen, wer den Text geschrieben hat, gebt bitte euren Vor- und Nachnamen an. Schreibt au\u00dferdem noch dazu, wo ihr wohnt, in welche Schule ihr geht und wie alt ihr seid.<br \/>\nAlles vom 7.5.2012 auf <a href=\"https:\/\/www.badische-zeitung.de\/ratgeber\/zisch\/schreibwettbewerb\/an-die-stifte-fertig-los\">https:\/\/www.badische-zeitung.de\/ratgeber\/zisch\/schreibwettbewerb\/an-die-stifte-fertig-los<\/a><\/p>\n","protected":false},"excerpt":{"rendered":"<p>Home &gt;Kultur &gt;Medien &gt;Zeitung &gt;BZ &gt;Zisch Listenauswahl eines Beitrags (Artikel\/Datum, Seite\/Inhalt): Klicken oder scrollen Zisch-Beilage: Jeder einzelne Artikel hat uns Freude gemacht (15.12.2025) https:\/\/www.freiburg-schwarzwald.de\/blog\/70-jahre-badische-zeitung-bz\/ \u00a0(6.7.2016) Gebissloses Reiten &gt;Pferde (19.12.2014) Neuer Schreibwettbewerb Fr\u00fchjahr 2012 Zisch-Pilotprojekt 6.12.2010 &#8211; 29.1.2011 von BZ und &hellip; <a href=\"https:\/\/www.freiburg-schwarzwald.de\/blog\/kultur\/medien\/zeitung\/zisch\/\">Weiterlesen <span class=\"meta-nav\">&rarr;<\/span><\/a><\/p>\n","protected":false},"author":2,"featured_media":0,"parent":2321,"menu_order":0,"comment_status":"open","ping_status":"closed","template":"","meta":{"footnotes":""},"class_list":["post-3297","page","type-page","status-publish","hentry"],"_links":{"self":[{"href":"https:\/\/www.freiburg-schwarzwald.de\/blog\/wp-json\/wp\/v2\/pages\/3297","targetHints":{"allow":["GET"]}}],"collection":[{"href":"https:\/\/www.freiburg-schwarzwald.de\/blog\/wp-json\/wp\/v2\/pages"}],"about":[{"href":"https:\/\/www.freiburg-schwarzwald.de\/blog\/wp-json\/wp\/v2\/types\/page"}],"author":[{"embeddable":true,"href":"https:\/\/www.freiburg-schwarzwald.de\/blog\/wp-json\/wp\/v2\/users\/2"}],"replies":[{"embeddable":true,"href":"https:\/\/www.freiburg-schwarzwald.de\/blog\/wp-json\/wp\/v2\/comments?post=3297"}],"version-history":[{"count":2,"href":"https:\/\/www.freiburg-schwarzwald.de\/blog\/wp-json\/wp\/v2\/pages\/3297\/revisions"}],"predecessor-version":[{"id":142984,"href":"https:\/\/www.freiburg-schwarzwald.de\/blog\/wp-json\/wp\/v2\/pages\/3297\/revisions\/142984"}],"up":[{"embeddable":true,"href":"https:\/\/www.freiburg-schwarzwald.de\/blog\/wp-json\/wp\/v2\/pages\/2321"}],"wp:attachment":[{"href":"https:\/\/www.freiburg-schwarzwald.de\/blog\/wp-json\/wp\/v2\/media?parent=3297"}],"curies":[{"name":"wp","href":"https:\/\/api.w.org\/{rel}","templated":true}]}}

<p>Home &gt;<a title="Kultur" href="https://www.freiburg-schwarzwald.de/blog/kultur/">Kultur</a> &gt;<a title="Medien" href="https://www.freiburg-schwarzwald.de/blog/kultur/medien/">Medien</a> &gt;<a title="Zeitung" href="https://www.freiburg-schwarzwald.de/blog/kultur/medien/zeitung/">Zeitung</a> &gt;<a title="BZ" href="https://www.freiburg-schwarzwald.de/blog/kultur/medien/zeitung/bz/">BZ</a> &gt;Zisch</p>
<div id="attachment_15779" style="width: 649px" class="wp-caption alignnone"><a href="https://www.freiburg-schwarzwald.de/blog/regio/berge/schauinsland/schauinslandturm/schauinslandturm1abendsonne-pan121115/" rel="attachment wp-att-15779"><img loading="lazy" decoding="async" aria-describedby="caption-attachment-15779" class="size-full wp-image-15779" title="schauinslandturm1abendsonne-pan121115" src="https://www.freiburg-schwarzwald.de/blog/wp-content/uploads/2012/11/schauinslandturm1abendsonne-pan121115.jpg" alt="" width="639" height="223" srcset="https://www.freiburg-schwarzwald.de/blog/wp-content/uploads/2012/11/schauinslandturm1abendsonne-pan121115.jpg 639w, https://www.freiburg-schwarzwald.de/blog/wp-content/uploads/2012/11/schauinslandturm1abendsonne-pan121115-180x62.jpg 180w" sizes="auto, (max-width: 639px) 100vw, 639px" /></a><p id="caption-attachment-15779" class="wp-caption-text">Blick vom Schauinslandturm übers neblige Münstertal und Rheintal am 15.11.2012</p></div>
<ul>
<li><em>Listenauswahl eines Beitrags (Artikel/Datum, Seite/Inhalt): <span style="text-decoration: underline;">Klicken</span> oder scrollen</em></li>
<li>Zisch-Beilage: Jeder einzelne Artikel hat uns Freude gemacht (15.12.2025)</li>
<li><a href="https://www.freiburg-schwarzwald.de/blog/70-jahre-badische-zeitung-bz/">https://www.freiburg-schwarzwald.de/blog/70-jahre-badische-zeitung-bz/</a>  (6.7.2016)</li>
<li><a title="Pferde" href="https://www.freiburg-schwarzwald.de/blog/natur/tiere/pferde/">Gebissloses Reiten </a>&gt;Pferde (19.12.2014)</li>
<li>Neuer Schreibwettbewerb Frühjahr 2012</li>
<li><a href="https://www.freiburg-schwarzwald.de/littenweiler/zeitung1.htm#Zisch-Pilotprojekt 6.12.2010 - 29.1.2011 von BZ und PH Freiburg">Zisch-Pilotprojekt 6.12.2010 &#8211; 29.1.2011 von BZ und PH Freiburg</a> &gt;Zeitung1 (6.12.2010)</li>
</ul>
<p>&nbsp;</p>
<p><strong>Zisch-Beilage: Jeder einzelne Artikel hat uns Freude gemacht</strong><br />
: Wir möchten uns einfach nur bedanken für diese Beilage. Jeder einzelne Artikel hat uns Freude bereitet und wir sind sicher, den Schülern und Schülerinnen hat es auch Spaß gemacht. In Zeiten der überwiegend negativen Informationen tun diese Beiträge gut und haben es deshalb verdient, dass die Badische Zeitung, die Sponsoren und die Artikelverfasser hierfür unseren Dank erhalten.<br />
Birgit Krätz-Boch, Vörstetten, BZ. 15.12.2025<br />
<a href="https://www.badische-zeitung.de/jeder-einzelne-artikel-hat-uns-freude-gemacht">https://www.badische-zeitung.de/jeder-einzelne-artikel-hat-uns-freude-gemacht</a></p>
<p>&nbsp;</p>
<p><strong> Zisch &#8211; Zeitung in der Schule</strong></p>
<p>&#8222;Zeitung in der Schule&#8220; (Zisch) ist ein <a title="Literatur" href="https://www.freiburg-schwarzwald.de/blog/kultur/dichter/literatur/">Leseförderprojekt</a> der  <a title="BZ" href="https://www.freiburg-schwarzwald.de/blog/kultur/medien/zeitung/bz/">Badischen Zeitung (BZ</a>). Mitmachen können vierte Klassen, deren Schulen im Verbreitungsgebiet der BZ liegen.In Zusammenarbeit mit der Pädagogischen Hochschule Freiburg gibt es vor jedem Projektstart ein ganztägiges Lehrerseminar mit Dozenten der PH und der BZ mit  päd.-didaktischen Tips zur Arbeit mit der Zeitung im Unterricht.<br />
Im Frühjahr und im Herbst wird gezischt, und zwar mindestens acht Wochen lang. In dieser Zeit wurden schon einige Lesemuffel zu Leseratten. Denn während des Projekts schlagen die Schüler jeden Morgen in ihren Klassenzimmern die  Badische Zeitung. Am Wochenende und in den Ferien landet die BZ zu Hause im Briefkasten. Gemeinsam mit ihren Lehrerinnen und Lehrern entdecken sie die Zeitungswelt.<br />
Mehr auf <a href="https://www.badische-zeitung.de/ratgeber/zisch/zisch-texte/was-ist-zeitung-in-der-schule">https://www.badische-zeitung.de/ratgeber/zisch/zisch-texte/was-ist-zeitung-in-der-schule</a></p>
<p><a href="https://www.badische-zeitung.de/zisch/forum/index.php">https://www.badische-zeitung.de/zisch/forum/index.php</a> &#8211; Zisch Forum<br />
<a href="https://www.bzetti.de">www.bzetti.de</a> &#8211; Maskottchen<br />
<a href="https://www.badische-zeitung.de/ratgeber/zisch/">https://www.badische-zeitung.de/ratgeber/zisch/</a> &#8211; Infos</p>
<p>&nbsp;</p>
<p><strong>Neuer Schreibwettbewerb Frühjahr 2012</strong></p>
<p>Wenn euch zu den Reizwörtern Elefant, beobachten, Kamera, Spaß und Spaghetti eine spannende Geschichte einfällt, in der alle fünf vorgegebenen Wörter vorkommen, dann schreibt sie auf und schickt sie uns. Alle Geschichten mit den Wörtern Elefant, beobachten, Kamera, Spaß und Spaghetti werden hier auf <a title="" href="https://www.bzetti.de/" target="_blank" rel="noopener">https://www.bzetti.de</a> veröffentlicht. Eine Jury wählt die schönsten Geschichten aus, die dann am 7. Juli 2012 auf der letzten Zisch-Projektseite in der Badischen Zeitung abgedruckt werden. Wenn ihr mit eurer Geschichte fertig seid und denkt, sie kann abgeschickt werden, dann macht das bitte bis zum 22. Juni 2012 an <a title="" href="mailto:zisch@badische-zeitung.de" target="_blank" rel="noopener">zisch@badische-zeitung.de</a>. Damit wir wissen, wer den Text geschrieben hat, gebt bitte euren Vor- und Nachnamen an. Schreibt außerdem noch dazu, wo ihr wohnt, in welche Schule ihr geht und wie alt ihr seid.<br />
Alles vom 7.5.2012 auf <a href="https://www.badische-zeitung.de/ratgeber/zisch/schreibwettbewerb/an-die-stifte-fertig-los">https://www.badische-zeitung.de/ratgeber/zisch/schreibwettbewerb/an-die-stifte-fertig-los</a></p>

<p>Home &gt;Kultur &gt;Medien &gt;Zeitung &gt;BZ &gt;Zisch Listenauswahl eines Beitrags (Artikel/Datum, Seite/Inhalt): Klicken oder scrollen Zisch-Beilage: Jeder einzelne Artikel hat uns Freude gemacht (15.12.2025) https://www.freiburg-schwarzwald.de/blog/70-jahre-badische-zeitung-bz/  (6.7.2016) Gebissloses Reiten &gt;Pferde (19.12.2014) Neuer Schreibwettbewerb Frühjahr 2012 Zisch-Pilotprojekt 6.12.2010 &#8211; 29.1.2011 von BZ und &hellip; <a href="https://www.freiburg-schwarzwald.de/blog/kultur/medien/zeitung/zisch/">Weiterlesen <span class="meta-nav">&rarr;</span></a></p>
