{"id":30785,"date":"2013-05-22T21:45:42","date_gmt":"2013-05-22T19:45:42","guid":{"rendered":"https:\/\/www.freiburg-schwarzwald.de\/blog\/?page_id=30785"},"modified":"2013-05-25T12:29:50","modified_gmt":"2013-05-25T10:29:50","slug":"jostal","status":"publish","type":"page","link":"https:\/\/www.freiburg-schwarzwald.de\/blog\/regio\/tal\/jostal\/","title":{"rendered":"Jostal"},"content":{"rendered":"<p>Home &gt;<a title=\"Regio\" href=\"https:\/\/www.freiburg-schwarzwald.de\/blog\/regio\/\">Regio<\/a> &gt;<a title=\"Tal\" href=\"https:\/\/www.freiburg-schwarzwald.de\/blog\/regio\/tal\/\">Tal<\/a> &gt;<a title=\"Titisee\" href=\"https:\/\/www.freiburg-schwarzwald.de\/blog\/regio\/orte\/titisee\/\">Titisee<\/a> &gt;Jostal<\/p>\n<div id=\"attachment_30788\" style=\"width: 614px\" class=\"wp-caption alignnone\"><a href=\"https:\/\/www.freiburg-schwarzwald.de\/blog\/regio\/tal\/jostal\/hochfirst4pan-080111\/\" rel=\"attachment wp-att-30788\"><img loading=\"lazy\" decoding=\"async\" aria-describedby=\"caption-attachment-30788\" class=\"size-full wp-image-30788\" title=\"hochfirst4pan-080111\" src=\"https:\/\/www.freiburg-schwarzwald.de\/blog\/wp-content\/uploads\/2013\/05\/hochfirst4pan-080111.jpg\" alt=\"\" width=\"604\" height=\"184\" srcset=\"https:\/\/www.freiburg-schwarzwald.de\/blog\/wp-content\/uploads\/2013\/05\/hochfirst4pan-080111.jpg 604w, https:\/\/www.freiburg-schwarzwald.de\/blog\/wp-content\/uploads\/2013\/05\/hochfirst4pan-080111-180x54.jpg 180w\" sizes=\"auto, (max-width: 604px) 100vw, 604px\" \/><\/a><p id=\"caption-attachment-30788\" class=\"wp-caption-text\">Blick vom Hochfirst am 11.1.2008 nach Norden zum Jostal - langgestreckt von Neustadt-Krankenhaus rechts bis ganz links hoch<\/p><\/div>\n<ul>\n<li><a href=\"https:\/\/www.freiburg-schwarzwald.de\/jostal1.htm\">Aktuelle Infos zum Jostal<\/a> &gt;Jostal1<\/li>\n<li><a href=\"https:\/\/www.freiburg-schwarzwald.de\/jostal.htm\">www.freiburg-schwarzwald.de\/jostal.htm<\/a> &gt;Archivseite Jostal<\/li>\n<li><a href=\"https:\/\/www.freiburg-schwarzwald.de\/jostal.htm#Anfahrt ins Jostal\">Anfahrt ins Jostal<\/a><\/li>\n<li>Jostal als Ortsteil von Titisee-Neustadt<\/li>\n<li><a href=\"https:\/\/www.freiburg-schwarzwald.de\/jostal.htm#Oberjostal zwischen B500 und Bruckbach\">Bilder: Oberjostal zwischen B500 und Bruckbach<\/a><\/li>\n<li><a href=\"https:\/\/www.freiburg-schwarzwald.de\/jostal.htm#Bilder vom Einsiedel\">Bilder: Jostal zwischen Eckbach und Schildwendel<\/a><\/li>\n<li><a href=\"https:\/\/www.freiburg-schwarzwald.de\/jostal5.htm\">Bauernh\u00f6fe (Fewo, Direktvermarktung, Brauchtum) im Jostal<\/a> &gt;Jostal5<\/li>\n<li><a href=\"https:\/\/www.freiburg-schwarzwald.de\/titisee5.htm\">Bauernh\u00f6fe (Fewo, Direktvermarktung, Brauchtum) in Titisee<\/a> &gt;Titisee5<\/li>\n<li><a href=\"https:\/\/www.freiburg-schwarzwald.de\/einsiedel.htm\">Einsiedel &#8211; traumhaftes Seitental zum Jostal <\/a>&gt;Einsiedel<\/li>\n<li><a href=\"https:\/\/www.freiburg-schwarzwald.de\/langenordnach5.htm\">Ferien auf dem Bauernhof in Langenordnach<\/a> &gt;Langenordnach5<\/li>\n<li><a href=\"https:\/\/www.freiburg-schwarzwald.de\/heiligenbrunnnen.htm\">Heiligenbrunnen<\/a> &gt;Heiligenbrunnen<\/li>\n<li><a href=\"https:\/\/www.freiburg-schwarzwald.de\/jostal.htm#Jost\u00e4ler Freilichtspiele\">Jost\u00e4ler Freilichtspiele<\/a><\/li>\n<li><a href=\"https:\/\/www.freiburg-schwarzwald.de\/rudenberg.htm\">Rudenberg<\/a> &gt;Rudenberg<\/li>\n<li><a href=\"https:\/\/www.freiburg-schwarzwald.de\/siedelbach.htm\">Siedelbach (Ferienwohnung, Hofladen, Brauchtum)<\/a> &gt;Siedelbach<\/li>\n<li><a href=\"https:\/\/www.freiburg-schwarzwald.de\/jostalspur.htm\">Langlaufloipe im Jostal<\/a> &gt;Jostalspur<br \/>\n\u00a0<\/li>\n<li><a href=\"https:\/\/www.freiburg-schwarzwald.de\/jostal.htm#Jostal-Links\">Jostal-Links<\/a><\/li>\n<li><a title=\"Langenordnach\" href=\"https:\/\/www.freiburg-schwarzwald.de\/blog\/regio\/orte\/titisee\/langenordnach\/\">Langenordnach<\/a><\/li>\n<li>Titisee<\/li>\n<\/ul>\n<p>&nbsp;<\/p>\n<p><strong>Jostal als Ortsteil von Titisee-Neustadt<\/strong><\/p>\n<p>Das Jostal geh\u00f6rt heute zur Stadt <a title=\"Titisee\" href=\"https:\/\/www.freiburg-schwarzwald.de\/blog\/regio\/orte\/titisee\/\">Titisee-Neustadt<\/a>. Der Ort Titisee wiederum setzt sich aus vier Ortsteilen bzw. T\u00e4lern zusammen: Altenweg, Spriegelsbach, Schildwende und Jostal. Aus diesem Grunde trug die Gemeinde Titisee bis 1929 den Namen Vierth\u00e4ler bzw. Viert\u00e4ler.<br \/>\nDie Stadt Titisee-Neustadt hat ca.12000 Einwohner, davon entfallen auf den Ortsteil Titisee<br \/>\n2500 Einwohner. Im Altenweg wohnen ca.1600 Einwohner, davon entfallen\u00a0ca.1000 Einwohner auf den Stadtkern von Titisee. 900 Einwohner verteilen sich auf die Ortsteile bzw. T\u00e4ler Spriegelbach, Schildwende und das Jostal<\/p>\n<p align=\"left\">Im s\u00fcdlichen Hochschwarzwald zwischen Freiburg und Feldberg gibt es nur sch\u00f6ne T\u00e4ler &#8211; sieht mal einmal vom H\u00f6llental ab mit der alles zerst\u00f6renden Verkehrslawine.<br \/>\nEines der allersch\u00f6nsten T\u00e4ler jedoch ist das Jostal &#8211; das zusammen mit seinen f\u00fcnf westlichen Zufl\u00fcssen\u00a0Schildwende, Siedelbach, Eckbach, Bruckbach und Einsiedel eine traumhaft sch\u00f6ne\u00a0T\u00e4lerlandschaft bildet.<br \/>\nDie Gebietsreform hat diese &#8222;T\u00e4lerlandschaft Jostal&#8220; leider aufgeteilt: Jostal und Schildwende geh\u00f6ren zur Gemeinde Titisee (fr\u00fcher Viert\u00e4ler) und diese zur Stadt Titisee-Neustadt, w\u00e4hrend Siedelbach, Eckbach und Einsiedel zur Gemeinde Breitnau z\u00e4hlen. Nun ja, und auch die Telefonvorwahlnummern sind immer noch nicht jostalm\u00e4ssig vereinheitlicht worden<\/p>\n","protected":false},"excerpt":{"rendered":"<p>Home &gt;Regio &gt;Tal &gt;Titisee &gt;Jostal Aktuelle Infos zum Jostal &gt;Jostal1 www.freiburg-schwarzwald.de\/jostal.htm &gt;Archivseite Jostal Anfahrt ins Jostal Jostal als Ortsteil von Titisee-Neustadt Bilder: Oberjostal zwischen B500 und Bruckbach Bilder: Jostal zwischen Eckbach und Schildwendel Bauernh\u00f6fe (Fewo, Direktvermarktung, Brauchtum) im Jostal &gt;Jostal5 &hellip; <a href=\"https:\/\/www.freiburg-schwarzwald.de\/blog\/regio\/tal\/jostal\/\">Weiterlesen <span class=\"meta-nav\">&rarr;<\/span><\/a><\/p>\n","protected":false},"author":4,"featured_media":0,"parent":327,"menu_order":0,"comment_status":"open","ping_status":"closed","template":"","meta":{"footnotes":""},"class_list":["post-30785","page","type-page","status-publish","hentry"],"_links":{"self":[{"href":"https:\/\/www.freiburg-schwarzwald.de\/blog\/wp-json\/wp\/v2\/pages\/30785","targetHints":{"allow":["GET"]}}],"collection":[{"href":"https:\/\/www.freiburg-schwarzwald.de\/blog\/wp-json\/wp\/v2\/pages"}],"about":[{"href":"https:\/\/www.freiburg-schwarzwald.de\/blog\/wp-json\/wp\/v2\/types\/page"}],"author":[{"embeddable":true,"href":"https:\/\/www.freiburg-schwarzwald.de\/blog\/wp-json\/wp\/v2\/users\/4"}],"replies":[{"embeddable":true,"href":"https:\/\/www.freiburg-schwarzwald.de\/blog\/wp-json\/wp\/v2\/comments?post=30785"}],"version-history":[{"count":0,"href":"https:\/\/www.freiburg-schwarzwald.de\/blog\/wp-json\/wp\/v2\/pages\/30785\/revisions"}],"up":[{"embeddable":true,"href":"https:\/\/www.freiburg-schwarzwald.de\/blog\/wp-json\/wp\/v2\/pages\/327"}],"wp:attachment":[{"href":"https:\/\/www.freiburg-schwarzwald.de\/blog\/wp-json\/wp\/v2\/media?parent=30785"}],"curies":[{"name":"wp","href":"https:\/\/api.w.org\/{rel}","templated":true}]}}