{"id":2962,"date":"2012-05-08T20:19:20","date_gmt":"2012-05-08T20:19:20","guid":{"rendered":"https:\/\/www.freiburg-schwarzwald.de\/blog\/?page_id=2962"},"modified":"2012-05-08T20:25:48","modified_gmt":"2012-05-08T20:25:48","slug":"integrative-musik","status":"publish","type":"page","link":"https:\/\/www.freiburg-schwarzwald.de\/blog\/selbsthilfe\/behinderung\/integrative-musik\/","title":{"rendered":"Integrative-Musik"},"content":{"rendered":"<p>Home &gt;<a title=\"Selbsthilfe\" href=\"https:\/\/www.freiburg-schwarzwald.de\/blog\/selbsthilfe\/\">Selbsthilfe<\/a> &gt;<a title=\"Behinderung\" href=\"https:\/\/www.freiburg-schwarzwald.de\/blog\/selbsthilfe\/behinderung\/\">Behinderung<\/a> &gt;Integrative-Musik<\/p>\n<p>&nbsp;<\/p>\n<p>&nbsp;<\/p>\n<p>&nbsp;<\/p>\n<p align=\"left\"><strong>Musik mit der integrativen Band &#8222;die furchtlosen 7 \u00bd&#8220;<\/strong><\/p>\n<p align=\"left\">Die W\u00e4nde wackeln, wenn \u201eDie furchtlosen 7 \u00bd&#8220; in Frank Goos\u2019 guter Stube in Emmendingen proben, und es kann durchaus vorkommen, dass die Goos\u2019sche Plattensammlung zum wiederholten Mal aus den Regalen rutscht oder sich der Bandleader den Kopf an der tief h\u00e4ngenden Lampe st\u00f6\u00dft. So etwas geschieht eben, wenn <a title=\"Musik\" href=\"https:\/\/www.freiburg-schwarzwald.de\/blog\/kultur\/musik\/\">Musiker<\/a> mit Temperament am Werk sind, und wer die zurzeit zw\u00f6lf Kinder und Jugendlichen in Aktion erlebt, wird schon nach wenigen T\u00f6nen mitgenommen in eine Welt, die so herrlich anders ist als alles, was man bisher geh\u00f6rt hat: wohlklingend sanft und verwegen wild, fl\u00fcsterleise und punkig laut. Neben der au\u00dfergew\u00f6hnlichen Pr\u00e4senz und ansteckenden Fr\u00f6hlichkeit der jungen Musiker sind es die Gegens\u00e4tze, die ihre Auftritte zum Erlebnismachen. Frank Goos, Emmendinger Musiker und Musiklehrer an der Musikschule Freiburg, hat die integrative Band im Jahr 2005 gegr\u00fcndet. Sie ist Nachfolger von Jolly Jumper, die 2004 den Preis der Miriam-Stiftung der Universit\u00e4t Dortmund gewann. Zum Musizieren mit behinderten und nicht behinderten Menschen kam Goos, als die Mutter eines Jugendlichen mit Down Syndrom ihn bat, ihrem Sohn Saxofonunterricht zu geben. Georg spielt das Instrument mittlerweile seit zehn Jahren und ist bei allen Auftritten der Band dabei. Aus sieben Musikern \u2013 wer das halbe Mitglied ist, muss man schon selbst herausfinden \u2013, die bereits ein Instrument spielten, und Jugendlichen auf der Suche nach ihrem Talent wurde durch zahlreiche Auftritte ein b\u00fchnenerfahrenes Team, dessen Repertoire von Free Jazz \u00fcber Punk und Rock bis zu Vertonungen von Johann-Peter-Hebel-Texten reicht. Etwas verr\u00fcckt und \u201ezappaesk&#8220; darf es gern sein, denn die musikalischen Wurzeln des leidenschaftlichen Frank-Zappa- Fans Goos liegen im Free Jazz. Saxofon- und Melodica-Soli, Cellokl\u00e4nge und Schlagzeug, Tuba und Trompete sind jetzt bei der Premiere des neuesten Projekts \u201eAlice&#8220; zu h\u00f6ren. \u201eIch habe \u201eAlice im Wunderland&#8220; schon als Kind gemocht, und das Buch ist verr\u00fcckt genug f\u00fcr unsere Band&#8220;, sagt Frank Goos. Walfisch und Schnecke kommunizieren zu Princes \u201ePurple Rain&#8220;, Michael Jackson und Gabelklappern erklingen zum \u201eGarten des Hummers&#8220;. S\u00e4nger Stefan zeigt, wie man richtig headbangt, und Frank Goos l\u00e4sst das Keyboard quietschen und kichern.<\/p>\n<div id=\"attachment_2965\" style=\"width: 190px\" class=\"wp-caption alignnone\"><a href=\"https:\/\/www.freiburg-schwarzwald.de\/blog\/selbsthilfe\/behinderung\/integrative-musik\/die-furchtlosen7-1205\/\" rel=\"attachment wp-att-2965\"><img loading=\"lazy\" decoding=\"async\" aria-describedby=\"caption-attachment-2965\" class=\"size-thumbnail wp-image-2965\" title=\"die-furchtlosen7-1205\" src=\"https:\/\/www.freiburg-schwarzwald.de\/blog\/wp-content\/uploads\/2012\/05\/die-furchtlosen7-1205-180x113.jpg\" alt=\"\" width=\"180\" height=\"113\" srcset=\"https:\/\/www.freiburg-schwarzwald.de\/blog\/wp-content\/uploads\/2012\/05\/die-furchtlosen7-1205-180x113.jpg 180w, https:\/\/www.freiburg-schwarzwald.de\/blog\/wp-content\/uploads\/2012\/05\/die-furchtlosen7-1205.jpg 410w\" sizes=\"auto, (max-width: 180px) 100vw, 180px\" \/><\/a><p id=\"caption-attachment-2965\" class=\"wp-caption-text\">Die furchtlosen 7 \u00bd mit Musiker Frank Goos (ganz rechts) haben ein gro\u00dfes Repertoire von Free Jazz bis Punk. Foto: Tja<\/p><\/div>\n<p align=\"left\">&#8222;Die furchtlosen 7 \u00bd&#8220;, integrative Band, probt alle zwei Wochen in der Musikschule Freiburg,<br \/>\nTermine und Kontakt: Frank Goos, Tel 07641\/7613.<br \/>\nAuftritt am Samstag, 12.Mai, 18 Uhr, im B\u00fcrgersaal des Alten Rathauses Emmendingen mit \u201eAlice&#8220;. Dar\u00fcber hinaus sind die Bands Flitzebogen, Cordini und Pop-Strings zuh\u00f6ren. Beginn 18 Uhr, Eintritt frei, Spenden erbeten.<\/p>\n<p><span style=\"font-family: Arial; font-size: x-small;\"><span style=\"font-family: Arial; font-size: x-small;\"><em><\/em>FOTO: ZENA <em>Die Schattenspringer spr\u00fchen vor Energie. <\/em><\/span><\/span><\/p>\n<p>Nadine Zeller und Katja Russhardt, 8.5.2012, <a href=\"https:\/\/www.der-sonntag.de\/\">www.der-sonntag.de<\/a><\/p>\n","protected":false},"excerpt":{"rendered":"<p>Home &gt;Selbsthilfe &gt;Behinderung &gt;Integrative-Musik &nbsp; &nbsp; &nbsp; Musik mit der integrativen Band &#8222;die furchtlosen 7 \u00bd&#8220; Die W\u00e4nde wackeln, wenn \u201eDie furchtlosen 7 \u00bd&#8220; in Frank Goos\u2019 guter Stube in Emmendingen proben, und es kann durchaus vorkommen, dass die Goos\u2019sche &hellip; <a href=\"https:\/\/www.freiburg-schwarzwald.de\/blog\/selbsthilfe\/behinderung\/integrative-musik\/\">Weiterlesen <span class=\"meta-nav\">&rarr;<\/span><\/a><\/p>\n","protected":false},"author":2,"featured_media":0,"parent":114,"menu_order":0,"comment_status":"open","ping_status":"closed","template":"","meta":{"footnotes":""},"class_list":["post-2962","page","type-page","status-publish","hentry"],"_links":{"self":[{"href":"https:\/\/www.freiburg-schwarzwald.de\/blog\/wp-json\/wp\/v2\/pages\/2962","targetHints":{"allow":["GET"]}}],"collection":[{"href":"https:\/\/www.freiburg-schwarzwald.de\/blog\/wp-json\/wp\/v2\/pages"}],"about":[{"href":"https:\/\/www.freiburg-schwarzwald.de\/blog\/wp-json\/wp\/v2\/types\/page"}],"author":[{"embeddable":true,"href":"https:\/\/www.freiburg-schwarzwald.de\/blog\/wp-json\/wp\/v2\/users\/2"}],"replies":[{"embeddable":true,"href":"https:\/\/www.freiburg-schwarzwald.de\/blog\/wp-json\/wp\/v2\/comments?post=2962"}],"version-history":[{"count":0,"href":"https:\/\/www.freiburg-schwarzwald.de\/blog\/wp-json\/wp\/v2\/pages\/2962\/revisions"}],"up":[{"embeddable":true,"href":"https:\/\/www.freiburg-schwarzwald.de\/blog\/wp-json\/wp\/v2\/pages\/114"}],"wp:attachment":[{"href":"https:\/\/www.freiburg-schwarzwald.de\/blog\/wp-json\/wp\/v2\/media?parent=2962"}],"curies":[{"name":"wp","href":"https:\/\/api.w.org\/{rel}","templated":true}]}}