{"id":27738,"date":"2013-04-24T21:21:18","date_gmt":"2013-04-24T19:21:18","guid":{"rendered":"https:\/\/www.freiburg-schwarzwald.de\/blog\/?page_id=27738"},"modified":"2016-08-02T16:19:57","modified_gmt":"2016-08-02T14:19:57","slug":"schneiderei","status":"publish","type":"page","link":"https:\/\/www.freiburg-schwarzwald.de\/blog\/business\/handwerk\/schneiderei\/","title":{"rendered":"Schneiderei"},"content":{"rendered":"<p><a href=\"https:\/\/freiburg-schwarzwald.de\/blog\">Home<\/a> &gt;<a title=\"Business\" href=\"https:\/\/www.freiburg-schwarzwald.de\/blog\/business\/\">Business<\/a> &gt;<a title=\"Handwerk\" href=\"https:\/\/www.freiburg-schwarzwald.de\/blog\/business\/handwerk\/\">Handwerk<\/a>\u00a0&gt;Schneiderei<\/p>\n<div id=\"attachment_25846\" style=\"width: 649px\" class=\"wp-caption alignnone\"><a href=\"https:\/\/www.freiburg-schwarzwald.de\/blog\/business\/handwerk\/quilt\/blumendecke3pan-130326\/\" rel=\"attachment wp-att-25846\"><img loading=\"lazy\" decoding=\"async\" aria-describedby=\"caption-attachment-25846\" class=\"size-full wp-image-25846\" title=\"blumendecke3pan-130326\" src=\"https:\/\/www.freiburg-schwarzwald.de\/blog\/wp-content\/uploads\/2013\/01\/blumendecke3pan-130326.jpg\" alt=\"\" width=\"639\" height=\"251\" srcset=\"https:\/\/www.freiburg-schwarzwald.de\/blog\/wp-content\/uploads\/2013\/01\/blumendecke3pan-130326.jpg 639w, https:\/\/www.freiburg-schwarzwald.de\/blog\/wp-content\/uploads\/2013\/01\/blumendecke3pan-130326-180x70.jpg 180w\" sizes=\"auto, (max-width: 639px) 100vw, 639px\" \/><\/a><p id=\"caption-attachment-25846\" class=\"wp-caption-text\">Blumendecke &#8211; Streifen in Arbeit am 25.3.2013<\/p><\/div>\n<p>&nbsp;<\/p>\n<ul>\n<li><a href=\"https:\/\/www.freiburg-schwarzwald.de\/blog\/handarbeitsflohmarkt-fairnaeht\/\">https:\/\/www.freiburg-schwarzwald.de\/blog\/handarbeitsflohmarkt-fairnaeht\/<\/a>\u00a0(19.8.2014)<\/li>\n<li><a href=\"https:\/\/www.freiburg-schwarzwald.de\/littenweiler\/burg-birkenhof.htm#Live-Schneidern in der Rainhofscheune mit Designerinnen\">Live-Schneidern in der Rainhofscheune mit Designerinnen<\/a>&gt;Burg-Birkenhof (1.12.2010)<\/li>\n<li><a href=\"https:\/\/www.freiburg-schwarzwald.de\/laden1.htm#Wollgesch\u00e4ft Ernst Rapp in Freiburg seit 101 Jahren\">Wollgesch\u00e4ft Ernst Rapp in Freiburg seit 101 Jahren<\/a> &gt;Laden1 (16.12.2009)<\/li>\n<li><a href=\"https:\/\/www.freiburg-schwarzwald.de\/stiftungen2.htm#Mode geht stiften im Barockgarten von Ebnet\">Mode geht stiften im Barockgarten von Ebnet<\/a>\u00a0 &gt;Stiftungen2 (13.7.2008)<\/li>\n<li><\/li>\n<li><strong><a href=\"https:\/\/www.freiburg-dreisamtal.de\/schneiderei.htm\">www.freiburg-dreisamtal.de\/schneiderei.htm<\/a> &gt;Archivseite Schneiderei<\/strong><\/li>\n<li><a href=\"https:\/\/www.freiburg-schwarzwald.de\/littenweiler\/schneiderei.htm#Ay\">Ay, \u00c4nderungsschneiderei in FR-Waldsee<\/a><\/li>\n<li><a href=\"https:\/\/www.freiburg-schwarzwald.de\/littenweiler\/schneiderei.htm#b2 mode und N\u00e4hstudio in FR-Fischerau\">b2 mode und N\u00e4hstudio in FR-Fischerau<\/a><\/li>\n<li><a href=\"https:\/\/www.freiburg-schwarzwald.de\/littenweiler\/schneiderei.htm#Bett und Tuch - W\u00e4schen\u00e4hen in Freiburg\">Bett und Tuch &#8211; W\u00e4schen\u00e4hen in Freiburg<\/a> &gt;Schneiderei (24.3.2009)<\/li>\n<li><\/li>\n<li><span class=\"ngDreieckSymbol\">Fair n\u00e4ht von SimoneSzangolies in der Konviktstra\u00dfe 9<\/span><\/li>\n<li>Interkulturelles Schneiderinnenkollektiv FR-Weingarten<\/li>\n<li>MajElkadi von Majda Borchers in der Schwarzwaldstrasse\u2005127<\/li>\n<li>N\u00e4hwerk in Kanden<\/li>\n<li><a href=\"https:\/\/www.freiburg-schwarzwald.de\/littenweiler\/schneiderei.htm#Nahtstelle, \u00c4nderungsschneiderei\">Nahtstelle, \u00c4nderungsschneiderei in Kirchzarten<\/a><\/li>\n<li><a title=\"Schuluniform\" href=\"https:\/\/www.freiburg-schwarzwald.de\/blog\/bildung\/schulen\/schuluniform\/\">Schuluniform<\/a><\/li>\n<li><a title=\"Stoffe\" href=\"https:\/\/www.freiburg-schwarzwald.de\/blog\/business\/handwerk\/schneiderei\/stoffe\/\">Stoffe und N\u00e4hkurse<\/a><\/li>\n<li><a title=\"TextilArt\" href=\"https:\/\/www.freiburg-schwarzwald.de\/blog\/kultur\/kunst\/textilart\/\">TextilArt<\/a><\/li>\n<li><a href=\"https:\/\/www.freiburg-schwarzwald.de\/littenweiler\/schneiderei.htm#Tuchf\u00fchlung: Birgitta Voigt?s individuelle Beratung f\u00f6rdert die Kreativit\u00e4t\">Tuchf\u00fchlung in Kirchzarten: Birgitta Voigt\u2019s individuelle Beratung f\u00f6rdert Kreativit\u00e4t<\/a> (28.6.2007)<\/li>\n<\/ul>\n<p>&nbsp;<\/p>\n<p>&nbsp;<\/p>\n<div class=\"ngZwiti\"><\/div>\n<p><strong><span class=\"ngDreieckSymbol\">Fair n\u00e4ht von SimoneSzangolies in der Konviktstra\u00dfe 9<\/span><\/strong><span class=\"ngDreieckSymbol\"><br \/>\nEigentlich liegen die 70 Quadratmeter von &#8222;Fair n\u00e4ht&#8220; ganz zentral. Und doch ist Simone Szangolies\u2019 Stofflust-Refugium nahe der M\u00fcnsterbauh\u00fctte gerade so entr\u00fcckt kurz hinter den gewohnten Wegen, dass man kaum zuf\u00e4llig \u00fcber diesen Laden mitsamt tiefer gelegter Werkstatt stolpert. &#8222;Ich zahle hier zum Gl\u00fcck einen sehr freundlichen Mietpreis&#8220;, frohlockt Simone Szangolies, &#8222;weil der Vermieter wichtig findet, dass das kleine Handwerk nicht verdr\u00e4ngt wird.&#8220; Einen weniger freundlichen Mietpreis h\u00e4tte ihr kleiner Handwerksbetrieb auch gar nicht aufbringen k\u00f6nnen. Zwei Auszubildende, eine Praktikantin und sie \u2013 ein starkes Team, das kaum ein Jahr nach der Er\u00f6ffnung des Ladenateliers derzeit auf Facebook nach Kr\u00e4ften um Unterst\u00fctzung werben muss. Obschon Fair n\u00e4ht gut l\u00e4uft, belastet eine vorhergehende Gesch\u00e4ftsbeteiligung das junge Unternehmen. Die vier Textilfrauen aber sind erfinderisch. &#8222;Unsere Spezialit\u00e4t ist das k\u00fchne Kombinieren von Stoffen&#8220;, erz\u00e4hlt die gelernte Schneiderin Simone Szangolies, &#8222;und genau damit haben wir f\u00fcr ein Crowd Funding ganze Kollektionen von kleinen Sachen wie Stulpen bis zur ma\u00dfgeschneiderten Hose angefertigt \u2013 wir wollen ja nichts geschenkt.&#8220; Dass es hier vor allem fair zugehen soll, l\u00e4sst sich schon aus dem Namen ablesen. Und so thematisiert das Team auch wieder und wieder &#8222;den globalen Textilwahnsinn&#8220;, will die Wertigkeit von Kleidung bewusst machen \u2013 und organisiert Jahr f\u00fcr Jahr einen originellen Markt f\u00fcr Selbermacher f\u00fcr alles, was es rund ums N\u00e4hen gibt. Ein Laden mit Anspruch \u2013 und fairen Ideen<br \/>\n30.7.2016 , Julia Littmann. mehr auf<br \/>\n<a href=\"https:\/\/www.badische-zeitung.de\/freiburg\/die-drei-tapferen-schneiderlein--125507782.html\">https:\/\/www.badische-zeitung.de\/freiburg\/die-drei-tapferen-schneiderlein&#8211;125507782.html<\/a><br \/>\n<\/span><\/p>\n<div class=\"ngBzItHinweis\"><span class=\"ngDreieckSymbol\">&#8222;fair n\u00e4ht&#8220; bei <a href=\"https:\/\/www.facebook.com\/Fair-N%C3%A4ht-1694829650750953\/?ref=nf\">https:\/\/www.facebook.com\/Fair-N%C3%A4ht-1694829650750953\/?ref=nf<\/a>\u00a0<span class=\"ngBold\"><a class=\"ngLink\" title=\"\" href=\"https:\/\/www.facebook.com\/\" target=\"_blank\"><br \/>\nhttps:\/\/fairnaeht.blogspot.de\/<br \/>\nhttps:\/\/schnittpunkt-freiburg.blogspot.de\/<br \/>\n<\/a>\u00a0<\/span><\/span><\/div>\n<div class=\"ngBzItHinweis\">fair N\u00e4ht<br \/>\nKonviktstr. 9, 79098 Freiburg, Tel\u00a00761 \/ 20 24 080<br \/>\n<a href=\"https:\/\/www.fairnaeht.com\">www.fairnaeht.com<\/a><\/div>\n<p>&nbsp;<\/p>\n<p>&nbsp;<\/p>\n<p><strong>Interkulturelles Schneiderinnenkollektiv FR-Weingarten<\/strong><\/p>\n<p>Das interkulturelle Schneiderinnenkollektiv hat ein gutes Dutzend Frauen zusammengebracht, ein gutes Dutzend N\u00e4hmaschinen und jede Menge tatkr\u00e4ftige Ideen, um gemeinsam eine Werkstatt und eine Gesch\u00e4ftsidee zu entwickeln, die eines Tages Einkommensperspektiven f\u00fcr die Schneiderinnen bieten sollen. Einen Gr\u00fcnderzuschuss gibt\u2019s jetzt mit dem F\u00f6rderung der <a title=\"Solidarenergie\" href=\"https:\/\/www.freiburg-schwarzwald.de\/blog\/vereine\/hilfe\/solidarenergie\/\">Solidarenergie<br \/>\n<\/a>Alles von Julia Littmann vom 24.4.2013 bitte lesen auf<br \/>\n<a href=\"https:\/\/www.badische-zeitung.de\/freiburg\/massgeschneidertes-projekt--71163256.html\">https:\/\/www.badische-zeitung.de\/freiburg\/massgeschneidertes-projekt&#8211;71163256.html<\/a><\/p>\n<p>Schneiderinnenkollektiv FR-Weingarten<br \/>\nUnterst\u00fctzt vom Diakonischen Werk und der Kreuzgemeinde Freiburg<br \/>\n1. OG,\u00a0Einkaufszentrum Weingarten, Krozinger Stra\u00dfe 11<\/p>\n<p>&nbsp;<\/p>\n<div class=\"ngZwiti\"><strong>MajElkadi von Majda Borchers in der Schwarzwaldstrasse\u2005127<\/strong><br \/>\nStammkundschaft und Mund-zu-Mund-Proganda sind f\u00fcr Majda Borchers &#8222;Maj Elkadi \u2013 Stoffe und Style&#8220; wichtig. Ihre 94 Quadratmeter eigenes Stoffereich liegen unscheinbar gegen\u00fcber dem Zentrum Oberwiehre in einer ehemaligen Arztpraxis in einem Wohnhaus \u2013 Laufkundschaft ist hier eher die Ausnahme. &#8222;Dass ich das hier mache&#8220;, sagt die gelernte Schneiderin Majda Borchers, &#8222;ist nat\u00fcrlich mutig, denn so ein kleiner Laden ist kein Selbstl\u00e4ufer.&#8220; Au\u00dferhalb der Innenstadt und ohne Schaufensterfl\u00e4che ist das Schneiderleben schwer: &#8222;Es gibt zwar gen\u00fcgend Frauen und M\u00e4nner, die Stoffe kaufen wollen oder die sich etwas ma\u00dfanfertigen lassen m\u00f6gen \u2013 nur m\u00fcssen die uns hier erst einmal finden!&#8220; Und doch hatte Majda Borchers kaum eine andere Wahl, als sich hier anzusiedeln mit ihren Stoffen und ihrem Atelier, denn alles andere w\u00e4re f\u00fcr sie nicht erschwinglich gewesen. Die Freiheit eines eigenen Ladens mit eigenem Flair will sie auf keinen Fall missen \u2013 das schuldet sich ihrer Liebe zum Textilen. Ihr Credo: &#8222;Stoffe leben! Sie m\u00fcssen gemocht und gut behandelt werden und sie m\u00fcssen sich bewegen!&#8220; Das tun sie hier \u2013 in allen Farben und an selbst designten sehr besonderen Kleidungsst\u00fccken, die mit Witz und Klasse daherkommen. Zuvor vier Jahre lang noch versteckter \u2013 und seit einem Jahr hier an der Schwarzwaldstra\u00dfe. &#8230;<br \/>\nAlles von Julia Littmann vom 24.4.2013 bitte lesen auf<br \/>\n<a href=\"https:\/\/www.badische-zeitung.de\/freiburg\/massgeschneidertes-projekt--71163256.html\">https:\/\/www.badische-zeitung.de\/freiburg\/massgeschneidertes-projekt&#8211;71163256.html<\/a><\/div>\n<p><a class=\"ngLink\" title=\"\" href=\"https:\/\/www.majelkadi.com\/\" target=\"_blank\">https:\/\/www.majelkadi.com<br \/>\n<\/a>Schwarzwaldstra\u00dfe 127,\u00a079102 Freiburg,\u00a0Tel 0761 519 19 104<\/p>\n<p><a class=\"ngLink\" title=\"\" href=\"https:\/\/www.majelkadi.com\/\" target=\"_blank\">\u00a0<\/a><\/p>\n<p>&nbsp;<\/p>\n<p>&nbsp;<\/p>\n<p><strong>N\u00e4hwerk in Kanden<\/strong><\/p>\n<p><a href=\"https:\/\/www.freiburg-schwarzwald.de\/blog\/business\/handwerk\/schneiderei\/kandern-naehwerk130921\/\" rel=\"attachment wp-att-38756\"><img loading=\"lazy\" decoding=\"async\" class=\"alignnone size-thumbnail wp-image-38756\" title=\"kandern-naehwerk130921\" src=\"https:\/\/www.freiburg-schwarzwald.de\/blog\/wp-content\/uploads\/2013\/04\/kandern-naehwerk130921-135x180.jpg\" alt=\"\" width=\"135\" height=\"180\" srcset=\"https:\/\/www.freiburg-schwarzwald.de\/blog\/wp-content\/uploads\/2013\/04\/kandern-naehwerk130921-135x180.jpg 135w, https:\/\/www.freiburg-schwarzwald.de\/blog\/wp-content\/uploads\/2013\/04\/kandern-naehwerk130921.jpg 480w\" sizes=\"auto, (max-width: 135px) 100vw, 135px\" \/><\/a>\u00a0Jessica D\u00f6rr im N\u00e4hwerk\u00a0in Kanden am 21.9.2013<\/p>\n<p>N\u00e4hwerk, Jessica D\u00f6rr, Hauptstrasse 30, 79400 Kandern,<br \/>\nTel 07626\/9744733, <a href=\"https:\/\/www.naehwerk.eu\">www.naehwerk.eu<\/a><br \/>\n<a href=\"mailto:jessica.doerr@naehwerk.eu\">jessica.doerr@naehwerk.eu<\/a><\/p>\n<p>In dem kleinen Ladengesch\u00e4ft in der sch\u00f6nen Altstadt von <a title=\"Kandern-Keramikmarkt\" href=\"https:\/\/www.freiburg-schwarzwald.de\/blog\/kultur\/kunst\/keramik\/kandern-keramikmarkt\/\">Kandern<\/a> gibt es viel zu entdecken: Einkaufstaschen aus altem Leinen, Kleider und Stoffe, Bettzeug, individuelle Kissenbez\u00fcge.<br \/>\nFrau D\u00f6rr n\u00e4ht\u00a0auch f\u00fcr Sie &#8211; kreativ.<\/p>\n<p>&nbsp;<\/p>\n<div class=\"ngZwiti\"><strong>Quilt Star, Basler von Sophie Maechler in der Basler Strasse 61<br \/>\n<\/strong>Als studierte Gewandmeisterin ist Sophie Maechler nachgerade \u00fcberqualifiziert in ihrem luftigen 150 Quadratmeter-Laden. Bei Quilt Star dreht sich zwar alles um Stoffe, aber die Ma\u00dfschneiderei, gar das modische Design findet hier nur am Rande statt \u2013 bei Quilt Star geht\u2019s ums Quilten, sprich um die textile Kunst. Den untypischen Standort f\u00fcr Laden, Werkstatt und Kursraum zwischen Tankstelle und belebter Kreuzung nimmt Sophie Maechler gerne in Kauf \u2013 nur so n\u00e4mlich ist das hier finanziell zu schaffen, erkl\u00e4rt sie freundlich: &#8222;Wir brauchen einfach f\u00fcr unsere gro\u00dffl\u00e4chigen Ausstellungsst\u00fccke viel Platz \u2013 das w\u00e4re anderswo gar nicht zu bezahlen.&#8220; Den Laden gibt\u2019s seit mehr als 20 Jahren, vor drei Jahren hat sie ihn von der Firmengr\u00fcnderin Monika Schiwy \u00fcbernommen, &#8222;und immer wieder kommen Leute hier rein und sagen, sie wussten gar nicht, dass es uns hier gibt!&#8220; Wer reinkommt findet, wof\u00fcr Kennerinnen ganz gezielt auch von weit her anreisen: eine sehr besondere Auswahl an Stoffen. Speziell die bei Modebewussten sehr angesagten tollen japanischen Stoffe reizen auch zum Schneidern. &#8222;Eigentlich&#8220;, sagt Sophie Maechler, &#8222;wollte ich mit der Entscheidung f\u00fcr diesen Laden auch ein St\u00fcck weit weg vom Modedesign.&#8220; Aber ausgerechnet in der offenen Werkstatt von Quilt Star unterst\u00fctzt sie viel und gerne Hobby-Schneiderinnen, die sich ans N\u00e4hen machen. Die Monate August und Dezember, Januar sind f\u00fcr alle drei Stoff-L\u00e4dlerinnen magere Monate. &#8222;Aber reich&#8220;, winkt Sophie Maechler ab, &#8222;reich wird man in unserem Metier ohnehin nicht. Das macht man nur aus Leidenschaft!&#8220; Und das nimmt man ihr sofort ab&#8230;..\u00a0Alles von Julia Littmann vom 24.4.2013 bitte lesen auf<br \/>\n<a href=\"https:\/\/www.badische-zeitung.de\/freiburg\/massgeschneidertes-projekt--71163256.html\">https:\/\/www.badische-zeitung.de\/freiburg\/massgeschneidertes-projekt&#8211;71163256.html<\/a><\/div>\n<p><span class=\"ngBold\"><a class=\"ngLink\" title=\"\" href=\"https:\/\/www.quiltstar.de\/\" target=\"_blank\">https:\/\/www.quiltstar.de<\/a><\/span><\/p>\n","protected":false},"excerpt":{"rendered":"<p>Home &gt;Business &gt;Handwerk\u00a0&gt;Schneiderei &nbsp; https:\/\/www.freiburg-schwarzwald.de\/blog\/handarbeitsflohmarkt-fairnaeht\/\u00a0(19.8.2014) Live-Schneidern in der Rainhofscheune mit Designerinnen&gt;Burg-Birkenhof (1.12.2010) Wollgesch\u00e4ft Ernst Rapp in Freiburg seit 101 Jahren &gt;Laden1 (16.12.2009) Mode geht stiften im Barockgarten von Ebnet\u00a0 &gt;Stiftungen2 (13.7.2008) www.freiburg-dreisamtal.de\/schneiderei.htm &gt;Archivseite Schneiderei Ay, \u00c4nderungsschneiderei in FR-Waldsee b2 mode &hellip; <a href=\"https:\/\/www.freiburg-schwarzwald.de\/blog\/business\/handwerk\/schneiderei\/\">Weiterlesen <span class=\"meta-nav\">&rarr;<\/span><\/a><\/p>\n","protected":false},"author":4,"featured_media":0,"parent":1385,"menu_order":0,"comment_status":"open","ping_status":"closed","template":"","meta":{"footnotes":""},"class_list":["post-27738","page","type-page","status-publish","hentry"],"_links":{"self":[{"href":"https:\/\/www.freiburg-schwarzwald.de\/blog\/wp-json\/wp\/v2\/pages\/27738","targetHints":{"allow":["GET"]}}],"collection":[{"href":"https:\/\/www.freiburg-schwarzwald.de\/blog\/wp-json\/wp\/v2\/pages"}],"about":[{"href":"https:\/\/www.freiburg-schwarzwald.de\/blog\/wp-json\/wp\/v2\/types\/page"}],"author":[{"embeddable":true,"href":"https:\/\/www.freiburg-schwarzwald.de\/blog\/wp-json\/wp\/v2\/users\/4"}],"replies":[{"embeddable":true,"href":"https:\/\/www.freiburg-schwarzwald.de\/blog\/wp-json\/wp\/v2\/comments?post=27738"}],"version-history":[{"count":0,"href":"https:\/\/www.freiburg-schwarzwald.de\/blog\/wp-json\/wp\/v2\/pages\/27738\/revisions"}],"up":[{"embeddable":true,"href":"https:\/\/www.freiburg-schwarzwald.de\/blog\/wp-json\/wp\/v2\/pages\/1385"}],"wp:attachment":[{"href":"https:\/\/www.freiburg-schwarzwald.de\/blog\/wp-json\/wp\/v2\/media?parent=27738"}],"curies":[{"name":"wp","href":"https:\/\/api.w.org\/{rel}","templated":true}]}}