{"id":263,"date":"2012-04-03T18:17:18","date_gmt":"2012-04-03T18:17:18","guid":{"rendered":"https:\/\/www.freiburg-schwarzwald.de\/blog\/?page_id=263"},"modified":"2025-03-28T11:36:52","modified_gmt":"2025-03-28T10:36:52","slug":"storchenschule","status":"publish","type":"page","link":"https:\/\/www.freiburg-schwarzwald.de\/blog\/natur\/tiere\/storch\/storchenschule\/","title":{"rendered":"Storchenschule-Ebnet"},"content":{"rendered":"<p>Home &gt;<a title=\"Natur\" href=\"https:\/\/www.freiburg-schwarzwald.de\/blog\/natur\/\">Natur<\/a> &gt;<a title=\"Tiere\" href=\"https:\/\/www.freiburg-schwarzwald.de\/blog\/natur\/tiere\/\">Tiere<\/a> &gt;<a title=\"Vogel\" href=\"https:\/\/www.freiburg-schwarzwald.de\/blog\/natur\/tiere\/vogel\/\">Vogel<\/a> &gt;<a title=\"Storch\" href=\"https:\/\/www.freiburg-schwarzwald.de\/blog\/natur\/tiere\/storch\/\">Storch<\/a> &gt;Storchenschule-Ebnet<\/p>\n<div id=\"attachment_13563\" style=\"width: 648px\" class=\"wp-caption alignnone\"><a href=\"https:\/\/www.freiburg-schwarzwald.de\/blog\/regio\/freiburg\/ebnet\/ebnet-dreisam-pan121022\/\" rel=\"attachment wp-att-13563\"><img loading=\"lazy\" decoding=\"async\" aria-describedby=\"caption-attachment-13563\" class=\"size-full wp-image-13563\" title=\"ebnet-dreisam-pan121022\" src=\"https:\/\/www.freiburg-schwarzwald.de\/blog\/wp-content\/uploads\/2012\/05\/ebnet-dreisam-pan121022.jpg\" alt=\"\" width=\"638\" height=\"357\" srcset=\"https:\/\/www.freiburg-schwarzwald.de\/blog\/wp-content\/uploads\/2012\/05\/ebnet-dreisam-pan121022.jpg 638w, https:\/\/www.freiburg-schwarzwald.de\/blog\/wp-content\/uploads\/2012\/05\/ebnet-dreisam-pan121022-180x100.jpg 180w\" sizes=\"auto, (max-width: 638px) 100vw, 638px\" \/><\/a><p id=\"caption-attachment-13563\" class=\"wp-caption-text\">Blick nach Norden \u00fcber die Dreisam nach Ebnet am 22.10.2012<\/p><\/div>\n<ul>\n<li><em>Listenauswahl eines Beitrags: Bitte\u00a0<span style=\"text-decoration: underline;\">anklicken<\/span>\u00a0oder runterscrollen<\/em><\/li>\n<li><a href=\"https:\/\/www.freiburg-schwarzwald.de\/blog\/acht-storchennester-im-park\/\">Acht Storchennester im Park am Ebneter Schloss<\/a>\u00a0(28.3.2025)<\/li>\n<li><a title=\"Storchenjahr 2020 beginnt gut\" href=\"https:\/\/www.freiburg-schwarzwald.de\/blog\/storchenjahr-2020-beginnt-gut\/\">Storchenjahr 2020 im Raum Freiburg beginnt gut<\/a>\u00a0(17.4.2020)<\/li>\n<li><a href=\"https:\/\/www.freiburg-schwarzwald.de\/blog\/ebnet-jungstoerche-und-wahl\/\">https:\/\/www.freiburg-schwarzwald.de\/blog\/ebnet-jungstoerche-und-wahl\/<\/a>\u00a0(16.5.2019)<\/li>\n<li><a href=\"https:\/\/www.freiburg-schwarzwald.de\/blog\/storchenvater-hagen-spaeth\/\">https:\/\/www.freiburg-schwarzwald.de\/blog\/storchenvater-hagen-spaeth\/<\/a>\u00a0(27.5.2013)<\/li>\n<li><a href=\"https:\/\/www.freiburg-schwarzwald.de\/blog\/storchenschule-freiburg-ebnet-geoffnet-schon-zwei-eier-im-nest\/\">https:\/\/www.freiburg-schwarzwald.de\/blog\/storchenschule-freiburg-ebnet-geoffnet-schon-zwei-eier-im-nest\/<\/a>\u00a0(3.4.2012)<\/li>\n<li><\/li>\n<li>Storchennest mit Storchenschule im Schlosspark Freiburg-Ebnet<\/li>\n<li><a title=\"Ebneter-Kultursommer\" href=\"https:\/\/www.freiburg-schwarzwald.de\/blog\/kultur\/ebneter-kultursommer\/\">Ebneter-Kultursommer <\/a><\/li>\n<li><a title=\"Ebnet\" href=\"https:\/\/www.freiburg-schwarzwald.de\/blog\/regio\/freiburg\/ebnet\/\">Ebnet<\/a><\/li>\n<\/ul>\n<p>&nbsp;<\/p>\n<p><strong>Storchennest mit Storchenschule im Schlosspark Freiburg-Ebnet<\/strong><\/p>\n<p>Die Holzingstube, in der sich die &#8222;Storchenschule Ebnet&#8220; befindet, ist nach Max Freiherr von Holzing-Berstett (1867 bis 1936) benannt, der Dressurreiter war und ma\u00dfgeblich an den heute geltenden internationalen Dressurregeln mitgewirkt hat. Die Holzingstube befindet sich in der Reithalle auf dem Ebneter Schlossgel\u00e4nde, in der es auch eine Familien-Fotodokumentation zum Thema &#8222;Reiten und Fahren&#8220; zu sehen gibt. Im Jahr nach dem Auftauchen der ersten <a title=\"Storch\" href=\"https:\/\/www.freiburg-schwarzwald.de\/blog\/natur\/tiere\/storch\/\">St\u00f6rche<\/a> in Ebnet entstand in der Holzingstube im Fr\u00fchjahr 2006 eine &#8222;Storchenschule&#8220;, die t\u00e4glich von\u00a09 bis 19 Uhr f\u00fcr Kinder und Erwachsene ge\u00f6ffnet ist, die sich \u00fcber St\u00f6rche informieren m\u00f6chten (Anmeldung bitte unter 0761 \/ 67005). Zudem werden in die Holzingstube Livebilder von der Kamera aus dem Ebneter Storchennest \u00fcbertragen.<\/p>\n<p>Storchenschule Freiburg-Ebnet<br \/>\nSchlosspark, Tel 0761\/67005, <a href=\"mailto:gayling-verwaltung@gmx.de\">gayling-verwaltung@gmx.de<\/a><\/p>\n<p>Hagen Sp\u00e4th<br \/>\n<a href=\"mailto:hsp@papa-cigognia.de\">hsp@papa-cigognia.de<\/a><\/p>\n<p>&nbsp;<\/p>\n<h5><a href=\"https:\/\/www.freiburg-schwarzwald.de\/blog\/natur\/tiere\/storch\/storchenschule\/ebnet16storchs130525\/\" rel=\"attachment wp-att-31290\"><img loading=\"lazy\" decoding=\"async\" class=\"alignnone size-thumbnail wp-image-31290\" title=\"ebnet16storchs130525\" src=\"https:\/\/www.freiburg-schwarzwald.de\/blog\/wp-content\/uploads\/2012\/04\/ebnet16storchs130525-180x137.jpg\" alt=\"\" width=\"180\" height=\"137\" srcset=\"https:\/\/www.freiburg-schwarzwald.de\/blog\/wp-content\/uploads\/2012\/04\/ebnet16storchs130525-180x137.jpg 180w, https:\/\/www.freiburg-schwarzwald.de\/blog\/wp-content\/uploads\/2012\/04\/ebnet16storchs130525.jpg 638w\" sizes=\"auto, (max-width: 180px) 100vw, 180px\" \/><\/a><br \/>\n(1) Ebneter Storch am 25.5.2013<\/h5>\n<p>&nbsp;<\/p>\n","protected":false},"excerpt":{"rendered":"<p>Home &gt;Natur &gt;Tiere &gt;Vogel &gt;Storch &gt;Storchenschule-Ebnet Listenauswahl eines Beitrags: Bitte\u00a0anklicken\u00a0oder runterscrollen Acht Storchennester im Park am Ebneter Schloss\u00a0(28.3.2025) Storchenjahr 2020 im Raum Freiburg beginnt gut\u00a0(17.4.2020) https:\/\/www.freiburg-schwarzwald.de\/blog\/ebnet-jungstoerche-und-wahl\/\u00a0(16.5.2019) https:\/\/www.freiburg-schwarzwald.de\/blog\/storchenvater-hagen-spaeth\/\u00a0(27.5.2013) https:\/\/www.freiburg-schwarzwald.de\/blog\/storchenschule-freiburg-ebnet-geoffnet-schon-zwei-eier-im-nest\/\u00a0(3.4.2012) Storchennest mit Storchenschule im Schlosspark Freiburg-Ebnet Ebneter-Kultursommer Ebnet &nbsp; Storchennest mit Storchenschule &hellip; <a href=\"https:\/\/www.freiburg-schwarzwald.de\/blog\/natur\/tiere\/storch\/storchenschule\/\">Weiterlesen <span class=\"meta-nav\">&rarr;<\/span><\/a><\/p>\n","protected":false},"author":2,"featured_media":0,"parent":260,"menu_order":0,"comment_status":"open","ping_status":"closed","template":"","meta":{"footnotes":""},"class_list":["post-263","page","type-page","status-publish","hentry"],"_links":{"self":[{"href":"https:\/\/www.freiburg-schwarzwald.de\/blog\/wp-json\/wp\/v2\/pages\/263","targetHints":{"allow":["GET"]}}],"collection":[{"href":"https:\/\/www.freiburg-schwarzwald.de\/blog\/wp-json\/wp\/v2\/pages"}],"about":[{"href":"https:\/\/www.freiburg-schwarzwald.de\/blog\/wp-json\/wp\/v2\/types\/page"}],"author":[{"embeddable":true,"href":"https:\/\/www.freiburg-schwarzwald.de\/blog\/wp-json\/wp\/v2\/users\/2"}],"replies":[{"embeddable":true,"href":"https:\/\/www.freiburg-schwarzwald.de\/blog\/wp-json\/wp\/v2\/comments?post=263"}],"version-history":[{"count":1,"href":"https:\/\/www.freiburg-schwarzwald.de\/blog\/wp-json\/wp\/v2\/pages\/263\/revisions"}],"predecessor-version":[{"id":132316,"href":"https:\/\/www.freiburg-schwarzwald.de\/blog\/wp-json\/wp\/v2\/pages\/263\/revisions\/132316"}],"up":[{"embeddable":true,"href":"https:\/\/www.freiburg-schwarzwald.de\/blog\/wp-json\/wp\/v2\/pages\/260"}],"wp:attachment":[{"href":"https:\/\/www.freiburg-schwarzwald.de\/blog\/wp-json\/wp\/v2\/media?parent=263"}],"curies":[{"name":"wp","href":"https:\/\/api.w.org\/{rel}","templated":true}]}}

<p>Home &gt;<a title="Natur" href="https://www.freiburg-schwarzwald.de/blog/natur/">Natur</a> &gt;<a title="Tiere" href="https://www.freiburg-schwarzwald.de/blog/natur/tiere/">Tiere</a> &gt;<a title="Vogel" href="https://www.freiburg-schwarzwald.de/blog/natur/tiere/vogel/">Vogel</a> &gt;<a title="Storch" href="https://www.freiburg-schwarzwald.de/blog/natur/tiere/storch/">Storch</a> &gt;Storchenschule-Ebnet</p>
<div id="attachment_13563" style="width: 648px" class="wp-caption alignnone"><a href="https://www.freiburg-schwarzwald.de/blog/regio/freiburg/ebnet/ebnet-dreisam-pan121022/" rel="attachment wp-att-13563"><img loading="lazy" decoding="async" aria-describedby="caption-attachment-13563" class="size-full wp-image-13563" title="ebnet-dreisam-pan121022" src="https://www.freiburg-schwarzwald.de/blog/wp-content/uploads/2012/05/ebnet-dreisam-pan121022.jpg" alt="" width="638" height="357" srcset="https://www.freiburg-schwarzwald.de/blog/wp-content/uploads/2012/05/ebnet-dreisam-pan121022.jpg 638w, https://www.freiburg-schwarzwald.de/blog/wp-content/uploads/2012/05/ebnet-dreisam-pan121022-180x100.jpg 180w" sizes="auto, (max-width: 638px) 100vw, 638px" /></a><p id="caption-attachment-13563" class="wp-caption-text">Blick nach Norden über die Dreisam nach Ebnet am 22.10.2012</p></div>
<ul>
<li><em>Listenauswahl eines Beitrags: Bitte <span style="text-decoration: underline;">anklicken</span> oder runterscrollen</em></li>
<li><a href="https://www.freiburg-schwarzwald.de/blog/acht-storchennester-im-park/">Acht Storchennester im Park am Ebneter Schloss</a> (28.3.2025)</li>
<li><a title="Storchenjahr 2020 beginnt gut" href="https://www.freiburg-schwarzwald.de/blog/storchenjahr-2020-beginnt-gut/">Storchenjahr 2020 im Raum Freiburg beginnt gut</a> (17.4.2020)</li>
<li><a href="https://www.freiburg-schwarzwald.de/blog/ebnet-jungstoerche-und-wahl/">https://www.freiburg-schwarzwald.de/blog/ebnet-jungstoerche-und-wahl/</a> (16.5.2019)</li>
<li><a href="https://www.freiburg-schwarzwald.de/blog/storchenvater-hagen-spaeth/">https://www.freiburg-schwarzwald.de/blog/storchenvater-hagen-spaeth/</a> (27.5.2013)</li>
<li><a href="https://www.freiburg-schwarzwald.de/blog/storchenschule-freiburg-ebnet-geoffnet-schon-zwei-eier-im-nest/">https://www.freiburg-schwarzwald.de/blog/storchenschule-freiburg-ebnet-geoffnet-schon-zwei-eier-im-nest/</a> (3.4.2012)</li>
<li></li>
<li>Storchennest mit Storchenschule im Schlosspark Freiburg-Ebnet</li>
<li><a title="Ebneter-Kultursommer" href="https://www.freiburg-schwarzwald.de/blog/kultur/ebneter-kultursommer/">Ebneter-Kultursommer </a></li>
<li><a title="Ebnet" href="https://www.freiburg-schwarzwald.de/blog/regio/freiburg/ebnet/">Ebnet</a></li>
</ul>
<p>&nbsp;</p>
<p><strong>Storchennest mit Storchenschule im Schlosspark Freiburg-Ebnet</strong></p>
<p>Die Holzingstube, in der sich die &#8222;Storchenschule Ebnet&#8220; befindet, ist nach Max Freiherr von Holzing-Berstett (1867 bis 1936) benannt, der Dressurreiter war und maßgeblich an den heute geltenden internationalen Dressurregeln mitgewirkt hat. Die Holzingstube befindet sich in der Reithalle auf dem Ebneter Schlossgelände, in der es auch eine Familien-Fotodokumentation zum Thema &#8222;Reiten und Fahren&#8220; zu sehen gibt. Im Jahr nach dem Auftauchen der ersten <a title="Storch" href="https://www.freiburg-schwarzwald.de/blog/natur/tiere/storch/">Störche</a> in Ebnet entstand in der Holzingstube im Frühjahr 2006 eine &#8222;Storchenschule&#8220;, die täglich von 9 bis 19 Uhr für Kinder und Erwachsene geöffnet ist, die sich über Störche informieren möchten (Anmeldung bitte unter 0761 / 67005). Zudem werden in die Holzingstube Livebilder von der Kamera aus dem Ebneter Storchennest übertragen.</p>
<p>Storchenschule Freiburg-Ebnet<br />
Schlosspark, Tel 0761/67005, <a href="mailto:gayling-verwaltung@gmx.de">gayling-verwaltung@gmx.de</a></p>
<p>Hagen Späth<br />
<a href="mailto:hsp@papa-cigognia.de">hsp@papa-cigognia.de</a></p>
<p>&nbsp;</p>
<h5><a href="https://www.freiburg-schwarzwald.de/blog/natur/tiere/storch/storchenschule/ebnet16storchs130525/" rel="attachment wp-att-31290"><img loading="lazy" decoding="async" class="alignnone size-thumbnail wp-image-31290" title="ebnet16storchs130525" src="https://www.freiburg-schwarzwald.de/blog/wp-content/uploads/2012/04/ebnet16storchs130525-180x137.jpg" alt="" width="180" height="137" srcset="https://www.freiburg-schwarzwald.de/blog/wp-content/uploads/2012/04/ebnet16storchs130525-180x137.jpg 180w, https://www.freiburg-schwarzwald.de/blog/wp-content/uploads/2012/04/ebnet16storchs130525.jpg 638w" sizes="auto, (max-width: 180px) 100vw, 180px" /></a><br />
(1) Ebneter Storch am 25.5.2013</h5>
<p>&nbsp;</p>
