{"id":2552,"date":"2012-05-02T07:28:10","date_gmt":"2012-05-02T07:28:10","guid":{"rendered":"https:\/\/www.freiburg-schwarzwald.de\/blog\/?page_id=2552"},"modified":"2026-03-14T18:46:59","modified_gmt":"2026-03-14T17:46:59","slug":"berge","status":"publish","type":"page","link":"https:\/\/www.freiburg-schwarzwald.de\/blog\/regio\/berge\/","title":{"rendered":"Berge"},"content":{"rendered":"<p>Home &gt;<a title=\"Regio\" href=\"https:\/\/www.freiburg-schwarzwald.de\/blog\/regio\/\">Regio<\/a> &gt;Berge<\/p>\n<div id=\"attachment_2558\" style=\"width: 607px\" class=\"wp-caption alignnone\"><a href=\"https:\/\/www.freiburg-schwarzwald.de\/blog\/regio\/berge\/totemann3maergen-pan110205\/\" rel=\"attachment wp-att-2558\"><img loading=\"lazy\" decoding=\"async\" aria-describedby=\"caption-attachment-2558\" class=\"size-full wp-image-2558\" title=\"totemann3maergen-pan110205\" src=\"https:\/\/www.freiburg-schwarzwald.de\/blog\/wp-content\/uploads\/2012\/05\/totemann3maergen-pan110205.jpg\" alt=\"\" width=\"597\" height=\"191\" srcset=\"https:\/\/www.freiburg-schwarzwald.de\/blog\/wp-content\/uploads\/2012\/05\/totemann3maergen-pan110205.jpg 597w, https:\/\/www.freiburg-schwarzwald.de\/blog\/wp-content\/uploads\/2012\/05\/totemann3maergen-pan110205-180x57.jpg 180w\" sizes=\"auto, (max-width: 597px) 100vw, 597px\" \/><\/a><p id=\"caption-attachment-2558\" class=\"wp-caption-text\">Tele-Blick von Tote Mann nach Norden zu den Windr\u00e4dern von St.Peter-Platte und St.M\u00e4rgen (rechts) am 6.2.2011<\/p><\/div>\n<p><strong>Berge im Hochschwarzwald<\/strong><\/p>\n<ul>\n<li><a href=\"https:\/\/www.freiburg-schwarzwald.de\/blog\/energie\/wind\/windkraft-schwarzwald\/\">\u00d6kostrom-Vertreter Lukas Schuwald r\u00e4umt ein: Windkraft im S\u00fcdwesten oft wirtschaftlich nicht darstellbar<\/a>\u00a0(14.3.2026)<\/li>\n<li><a href=\"https:\/\/www.freiburg-schwarzwald.de\/blog\/gutes-waldjahr-2025-mit-regen\/\">Gutes Waldjahr 2025 mit Regen<\/a>\u00a0(29.1.2026)<\/li>\n<li><a href=\"https:\/\/www.freiburg-schwarzwald.de\/blog\/les-atteintes-au-paysage-wind\/\">Les atteintes au paysage \u2013 Windkraft<\/a>\u00a0(23.2.2022)<\/li>\n<li><a href=\"https:\/\/www.freiburg-schwarzwald.de\/blog\/wandern-landkarte-statt-handy\/\">Wandern. Landkarte statt Handy<\/a>\u00a0(11.10.2021)<\/li>\n<li><a href=\"https:\/\/www.freiburg-schwarzwald.de\/blog\/kultur\/friedhoefe\/ruheberg\/\">Ruheberg bei Oberried \u2013 gepflegt von Carlos Cuellar Solis<\/a>\u00a0(26.6.2021)<\/li>\n<li><a href=\"https:\/\/www.freiburg-schwarzwald.de\/blog\/regio\/berge\/kandel\/\">Bergwelt Kandel \u2013 Gastronomie und Hotel \u00f6ffnen am 1.7.2021<\/a>\u00a0(23.6.2021)<\/li>\n<li><a href=\"https:\/\/www.freiburg-schwarzwald.de\/blog\/regio\/orte\/hinterzarten\/\">Wanderung: Hinterzarten \u2013 Alpersbach \u2013 Hinterwaldkopf \u2013 Kirchzarten<\/a>\u00a0(5.5.2021)<\/li>\n<li><a title=\"Windr\u00e4der Schauinsland \u2013 nein\" href=\"https:\/\/www.freiburg-schwarzwald.de\/blog\/windraeder-schauinsland-nein\/\">Windr\u00e4der Schauinsland: Nein<\/a>\u00a0(22.12.2019)<\/li>\n<li><a title=\"Alte-Hochschwarzwaelder\" href=\"https:\/\/www.freiburg-schwarzwald.de\/blog\/regio\/hochschwarzwald\/alte-hochschwarzwaelder\/\">Fotoausstellung: Alte Menschen im Hochschwarzwald<\/a>\u00a0 (12.5.2019)<\/li>\n<li><a href=\"https:\/\/www.freiburg-schwarzwald.de\/berge1.htm\">Aktuelles zur Berge-Seite<\/a>&gt;Berge1<\/li>\n<li><\/li>\n<li><strong><a href=\"https:\/\/www.freiburg-schwarzwald.de\/berge.htm\">www.freiburg-schwarzwald.de\/berge.htm<\/a> &gt;Archivseite Berge<\/strong><\/li>\n<li><a title=\"Batzenberg\" href=\"https:\/\/www.freiburg-schwarzwald.de\/blog\/regio\/berge\/batzenberg\/\">Batzenberg<\/a><\/li>\n<li><a title=\"Belchen\" href=\"https:\/\/www.freiburg-schwarzwald.de\/blog\/regio\/berge\/belchen\/\">Belchen<\/a><\/li>\n<li><a href=\"https:\/\/www.freiburg-schwarzwald.de\/betberg.htm\">Betberg im Markgr\u00e4flerland<\/a> &gt;Betberg<\/li>\n<li><a href=\"https:\/\/www.freiburg-schwarzwald.de\/blauen.htm\">Blauen oberhalb Badenweiler<\/a>&gt;Blauen<\/li>\n<li><a href=\"https:\/\/www.freiburg-schwarzwald.de\/bloessling.htm\">Bl\u00f6\u00dfling &#8211; Berg zwischen Herzogenhorn und Hochkopf<\/a>&gt;Bloessling<\/li>\n<li><a href=\"https:\/\/www.freiburg-schwarzwald.de\/furtwangen.htm#Brend 1149 m hoch im Nordwesten von Furtwangen\">Brend &#8211; Furtwanger Hausberg<\/a> &gt;Furtwangen<\/li>\n<li><a href=\"https:\/\/www.freiburg-schwarzwald.de\/castellberg.htm\">Castellberg zwischen Staufen und Badenweiler<\/a> &gt;Castellberg<\/li>\n<li><a href=\"https:\/\/www.freiburg-schwarzwald.de\/littenweiler\/galgenberg.htm\">Ebneter Scheibenberg (Galgenberg) im Dreisamtal<\/a> &gt;Galgenberg<\/li>\n<li><a title=\"Feldberg-Gipfel\" href=\"https:\/\/www.freiburg-schwarzwald.de\/blog\/regio\/berge\/feldberg-gipfel\/\">Feldberg Gipfel &#8211; der h\u00f6chste Berg im Schwarzwald<\/a><\/li>\n<li><a title=\"Feldberg-Seebuck\" href=\"https:\/\/www.freiburg-schwarzwald.de\/blog\/regio\/berge\/feldberg-seebuck\/\">Feldberg Seebuck<\/a><\/li>\n<li><a href=\"https:\/\/www.freiburg-schwarzwald.de\/rosskopf.htm#Freiburger Hausberge\">Freiburger Hausberge<\/a> &gt;Rosskopf<\/li>\n<li><a title=\"Galgenberg\" href=\"https:\/\/www.freiburg-schwarzwald.de\/blog\/regio\/berge\/galgenberg\/\">Galgenberg oberhalb FR-Ebnet<\/a> &gt;Galgenberg<\/li>\n<li><a href=\"https:\/\/www.freiburg-schwarzwald.de\/haeusleberg.htm\">H\u00e4usleberg &#8211; Blick zu Feldberg UND Freiburger M\u00fcnsterturm<\/a> &gt;Haeusleberg<\/li>\n<li><a title=\"Hartmannsweilerkopf\" href=\"https:\/\/www.freiburg-schwarzwald.de\/blog\/regio\/berge\/hartmannsweilerkopf\/\">Hartmannsweilerkopf im Elsass &#8211; Vieil Armand en Alsace<\/a><\/li>\n<li><a href=\"https:\/\/www.freiburg-schwarzwald.de\/hasenhorn.htm\">Hasenhorn<\/a><\/li>\n<li><a href=\"https:\/\/www.freiburg-schwarzwald.de\/herzogenhorn.htm\">Herzogenhorn<\/a> &gt;Herzogenhorn<\/li>\n<li><a href=\"https:\/\/www.freiburg-schwarzwald.de\/hinterwaldkopf.htm\">Hinterwaldkopf<\/a> &gt;Hinterwaldkopf<\/li>\n<li><a title=\"Hirzberg\" href=\"https:\/\/www.freiburg-schwarzwald.de\/blog\/regio\/freiburg\/hirzberg\/\">Hirzberg zwischen Dreisamtal und Rosskopf<\/a><\/li>\n<li><a href=\"https:\/\/www.freiburg-schwarzwald.de\/gasthaus.htm#Hochfirst (1200 m.\u00fc.M.)\">Hochfirst (1200 m) ob Titisee<\/a> &gt;Gasthaus<\/li>\n<li><a href=\"https:\/\/www.freiburg-schwarzwald.de\/stpeter-hochgericht.htm#Hochgericht - Anh\u00f6he zwischen St.Peter und Lindenberg\">Hochgericht &#8211; Anh\u00f6he zwischen St.Peter und Lindenberg<\/a> &gt;StPeter-Hochgericht<\/li>\n<li><a href=\"https:\/\/www.freiburg-schwarzwald.de\/hochkopf.htm\">Hochkopf zwischen Pr\u00e4g und Todtmoos<\/a> &gt;Hochkopf<\/li>\n<li><a href=\"https:\/\/www.freiburg-schwarzwald.de\/zell.htm#Hohe M\u00f6hr\">Hohe M\u00f6hr<\/a> &gt;Zell<\/li>\n<li><a href=\"https:\/\/www.freiburg-schwarzwald.de\/elztal.htm#H\u00f6rnleberg - der heilige Berg des Elztals\">H\u00f6rnleberg &#8211; der heilige Berg vom Elztal<\/a> &gt;Elztal<\/li>\n<li><a href=\"https:\/\/www.freiburg-schwarzwald.de\/huenersedel.htm\">H\u00fcnersedel zwischen Elztal und Rheintal<\/a> &gt;Huenersedel<\/li>\n<li><a href=\"https:\/\/www.freiburg-schwarzwald.de\/kaiserstuhl.htm\">Kaiserstuhl<\/a>&gt;Kaiserstuhl<\/li>\n<li><a href=\"https:\/\/www.freiburg-schwarzwald.de\/kamelberg.htm\">Kamelberg zwischen Kappel und Kirchzarten<\/a> &gt;Kamelberg<\/li>\n<li><a title=\"Kandel\" href=\"https:\/\/www.freiburg-schwarzwald.de\/blog\/regio\/berge\/kandel\/\">Kandel zwischen St. Peter\/Glottertal und\u00a0Waldkirch\/Elztal<\/a><\/li>\n<li><a href=\"https:\/\/www.freiburg-schwarzwald.de\/kapfenberg.htm\">Kapfenberg zwischen St.Peter und St.M\u00e4rgen<\/a> &gt;Kapfenberg<\/li>\n<li><a href=\"https:\/\/www.freiburg-schwarzwald.de\/knoepflesbrunnen.htm\">Kn\u00f6pflesbrunnen &#8211; Almgasthaus und Aussichtsberg<\/a> &gt;Knoepflesbrunnen<\/li>\n<li><a href=\"https:\/\/www.freiburg-schwarzwald.de\/kybfelsen.htm\">Kybfelsen zwischen Freiburg-Littenweiler und Schauinsland<\/a> &gt;Kybfelsen<\/li>\n<li><a title=\"Laurentiusfest\" href=\"https:\/\/www.freiburg-schwarzwald.de\/blog\/regio\/berge\/feldberg-gipfel\/laurentiusfest\/\">Laurentiusfest am Feldberg<\/a><\/li>\n<li><a href=\"https:\/\/www.freiburg-schwarzwald.de\/limberg.htm#Limberg mit Ruine Lumburg\">Limberg bei Sasbach am Rhein mit Ruine Limburg<\/a> &gt;Limberg<\/li>\n<li><a title=\"Lindenberg\" href=\"https:\/\/www.freiburg-schwarzwald.de\/blog\/regio\/berge\/lindenberg\/\">Lindenberg bei St. Peter<\/a><\/li>\n<li><a href=\"https:\/\/www.freiburg-schwarzwald.de\/littenweiler\/lorettoberg.htm\">Lorettoberg<\/a> &gt;Lorettoberg<\/li>\n<li><a href=\"https:\/\/www.freiburg-schwarzwald.de\/gasthaus.htm#Nessellachen\">Nessellachen (950 m) bei Breitnau<\/a> &gt;Gasthaus<\/li>\n<li><a href=\"https:\/\/www.freiburg-schwarzwald.de\/nimburg.htm#Nimberg und Nimburg - zwischen Kaiserstuhl und Schwarzwald\">Nimberg zwischen Kaiserstuhl und Emmendingen<\/a> &gt;Nimburg<\/li>\n<li><a href=\"https:\/\/www.freiburg-schwarzwald.de\/littenweiler\/pfeiferberg.htm\">Pfeiferberg zwischen Freiburg-Kappel und Kirchzarten-Neuh\u00e4user<\/a> &gt;Pfeiferberg<\/li>\n<li><a title=\"Rappeneck\" href=\"https:\/\/www.freiburg-schwarzwald.de\/blog\/regio\/berge\/rappeneck\/\">Rappeneck zwischen Oberried und Schauinsland<\/a><\/li>\n<li><a href=\"https:\/\/www.freiburg-schwarzwald.de\/rinken.htm\">Rinken (1200 m) zwischen Hinterzarten und Feldberg<\/a> &gt;Rinken<\/li>\n<li><a href=\"https:\/\/www.freiburg-schwarzwald.de\/rohrhardsberg.htm\">Rohrhardsberg und Brend<\/a> &gt;Rohrhardsberg<\/li>\n<li><a href=\"https:\/\/www.freiburg-schwarzwald.de\/gasthaus.htm#Ro\u00dfberg (1125 m)\">Ro\u00dfberg (1125 m) oberhalb von Breitnau<\/a><\/li>\n<li><a href=\"https:\/\/www.freiburg-schwarzwald.de\/rosskopf.htm\">Ro\u00dfkopf zwischen Freiburg und St. Peter<\/a> &gt;Rosskopf<\/li>\n<li><a href=\"https:\/\/www.freiburg-schwarzwald.de\/blog\/kultur\/friedhoefe\/ruheberg\/\">Ruheberg &#8211; Friedwald am Stollenbach<\/a><\/li>\n<li><a title=\"Schauinsland\" href=\"https:\/\/www.freiburg-schwarzwald.de\/blog\/regio\/berge\/schauinsland\/\">Schauinsland &#8211; der Hausberg von Freiburg <\/a><\/li>\n<li><a title=\"Schlossberg\" href=\"https:\/\/www.freiburg-schwarzwald.de\/blog\/regio\/freiburg\/schlossberg\/\">Schlossberg in Freiburg<\/a><\/li>\n<li><a href=\"https:\/\/www.freiburg-schwarzwald.de\/schnepfhalde.htm\">Schnepfhalde zwischen \u00c4ulemer Kreuz und Schluchsee<\/a> &gt;Schnepfhalde<\/li>\n<li><a title=\"Schoenberg\" href=\"https:\/\/www.freiburg-schwarzwald.de\/blog\/regio\/berge\/schoenberg\/\">Sch\u00f6nberg bei Freiburg<\/a> &gt;Schoenberg<\/li>\n<li><a href=\"https:\/\/www.freiburg-schwarzwald.de\/berge.htm#Schwarzwald-Luftbilder vom DLR\">Schwarzwald-Luftbilder vom DLR<\/a><\/li>\n<li><a title=\"Streckereck\" href=\"https:\/\/www.freiburg-schwarzwald.de\/blog\/regio\/berge\/streckereck\/\">Streckereck zwischen Glottertal-F\u00f6hrental und Dreisamtal<\/a><\/li>\n<li><a href=\"https:\/\/www.freiburg-schwarzwald.de\/einsiedel.htm\">Thurner zwischen Breitnau und St. M\u00e4rgen<\/a><\/li>\n<li><a href=\"https:\/\/www.freiburg-schwarzwald.de\/totemann.htm\">Tote Mann zwischen St.Wilhelmer Tal und Zastlertal<\/a> &gt;ToteMann<\/li>\n<li><a href=\"https:\/\/www.freiburg-schwarzwald.de\/ihringen.htm#Neunlindenturm (557 m) zwischen Ihringen und Vogelsangpass\">Totenkopf &#8211; Neunlindenturm (557 m) zwischen Ihringen und Vogelsangpass<\/a> &gt;Ihringen<\/li>\n<li><a title=\"Tuniberg\" href=\"https:\/\/www.freiburg-schwarzwald.de\/blog\/regio\/tuniberg\/\">Tuniberg zwischen Kaiserstuhl und Freiburger Bucht<\/a><\/li>\n<li><a title=\"Vogesen\" href=\"https:\/\/www.freiburg-schwarzwald.de\/blog\/regio\/elsass\/vogesen\/\">Vogesen &#8211; Vosges<\/a><\/li>\n<li><a href=\"https:\/\/www.freiburg-schwarzwald.de\/gasthaus.htm#Wei\u00dftannenh\u00f6he\">Wei\u00dftannenh\u00f6he (1190 m)<\/a><\/li>\n<li><a title=\"Wildtalereck\" href=\"https:\/\/www.freiburg-schwarzwald.de\/blog\/regio\/berge\/wildtalereck\/\">Wildtalereck zwischen Glottertal und Rosskopf<\/a><\/li>\n<li><a title=\"Wolfsbuck\" href=\"https:\/\/www.freiburg-schwarzwald.de\/blog\/regio\/berge\/wolfsbuck\/\">Wolfsbuck im Mooswald beim Flugplatz\u00a0Freiburg<br \/>\n<\/a><\/li>\n<li><a href=\"https:\/\/www.freiburg-schwarzwald.de\/berge.htm#Berge - \u00dcbersicht nach der H\u00f6he\">Berge &#8211; \u00dcbersicht nach der H\u00f6he<\/a> <a href=\"https:\/\/www.freiburg-schwarzwald.de\/berge1.htm\">Aktuelles zur Berge-Seite<\/a> &gt;Berge1<\/li>\n<li><a href=\"https:\/\/www.freiburg-schwarzwald.de\/luftbreisgau.htm\">Berge im Hochschwarzwald von oben<\/a> &gt;LuftBreisgau<\/li>\n<li><a title=\"Bergwacht\" href=\"https:\/\/www.freiburg-schwarzwald.de\/blog\/vereine\/hilfe\/bergwacht\/\">Bergwacht<\/a><\/li>\n<li><a href=\"https:\/\/www.freiburg-schwarzwald.de\/schoenenberg-grenzsteine.htm\">Gemarkungsgrenzen, Grenzsteine, Flur<\/a> &gt;Schoenenberg-Grenzsteine<\/li>\n<li><a href=\"https:\/\/www.freiburg-schwarzwald.de\/wandern\/index.htm\">Wandern im Schwarzwald<\/a> &gt;Wandern<\/li>\n<li><a href=\"https:\/\/www.freiburg-schwarzwald.de\/berge.htm#Links\">Links<\/a><\/li>\n<\/ul>\n<p>&nbsp;<\/p>\n<p><a name=\"Berge - Oebersicht nach der Hoehe\"><\/a><br \/>\n<strong>1493 m, Feldberg, Zwischen Titisee und Todtnau<\/strong><\/p>\n<p>1448 m, Seebuck, \u00f6stlich vom Feldberg<br \/>\n1415 m, Herzogenhorn, \u00f6stlich von Todtnau<br \/>\n1414 m, Belchen, westlich von Todtnau<\/p>\n<p>1386 m, St\u00fcbenwasen, Zwischen Notschrei und Todtnauberg<br \/>\n1377 m, Grafenmatte, Zwischen Feldberg und Herzogenhorn<br \/>\n1373 m, Immisberg, zwischen Feldberg und Tote Mann<\/p>\n<p>1349 m, Spie\u00dfhorn, zwischen Herzogenhorn und Menzenschwand<\/p>\n<p>1317 m, K\u00f6pfle, beim Feldbergerhof<br \/>\n1317 m, B\u00e4rhalde, bei Feldberg-Neuglash\u00fctten<\/p>\n<p>1308 m, Hochkopf, zwischen Feldberg und B\u00e4rental<br \/>\n1299 m, Schnepfhalde zwischen Menzenschwand und Schluchsee<br \/>\n1298 m, <a href=\"https:\/\/www.freiburg-schwarzwald.de\/totemann.htm\">Tote Mann<\/a>, Zwischen Feldberg und Oberried<br \/>\n1295 m, Schnepfhalde, Bei Kirchzarten<\/p>\n<p>1284 m, Schauinsland (Erzkasten), zwischen Freiburg und Todtnau<\/p>\n<p>1281 m, Trubelsmattkopf, zwischen Schauinsland und Muggenbrunn<\/p>\n<p>1274 m, Habsberg, Bei Schluchsee<br \/>\n1264 m, Hohfahrn, zwischen Zastler und St.Wilhelm<br \/>\n1265 m, Haldenk\u00f6pfle,\u00a0 zwischen Schauinsland und Notschrei<\/p>\n<p>1253 m , Schmaleck, zwischen Feldberg und St.Wilhelm<br \/>\n1241 m, \u00a0Kandel, zwischen Waldkirch und St. Peter<\/p>\n<p>1222 m , Horneck, zwischen Hinterwaldkopf und Rinken<\/p>\n<p>1210 m, Bankgallih\u00f6he, zwischen Rinken und Hinterzarten<br \/>\n1198 m, Hinterwaldkopf, zwischen Kirchzarten und Hinterzarten<\/p>\n<p>1187 m, H\u00f6rnle, n\u00f6rdlich vom Wiedener Eck<br \/>\n1165 m, Blauen, Bei M\u00fcllheim<br \/>\n1171 m, Dachsb\u00fchl, zwischen Zastler und St.Wilhelm<br \/>\n1170 m, Rohrenkopf, Bei Zell i. Wiesental<\/p>\n<p>1158 m, Hasenhorn, bei Todtnau<br \/>\n1156 m, Rotheck, westlich vom Hinterwaldkopf<br \/>\n1125 m, Ro\u00dfberg, n\u00f6rdlich von Breitnau<\/p>\n<p>1120 m, Hohwart, westlich von Breitnau<br \/>\n1119 m, Notschrei, zwischen Oberried und Todtnau<br \/>\n1112 m, Ramseleh\u00f6he, zwischen Hinterzarten und Feldberg<br \/>\n1041 m, Otten, westlich von Breitnau<\/p>\n<p>1034 m, Thurner, Zwischen Titisee und St.M\u00e4rgen<\/p>\n<p>1038 m, H\u00f6chenschwand, Bei St. Blasien<br \/>\n1010 m , Rappeneck, zwischen Schauinsland und Oberried<\/p>\n","protected":false},"excerpt":{"rendered":"<p>Home &gt;Regio &gt;Berge Berge im Hochschwarzwald \u00d6kostrom-Vertreter Lukas Schuwald r\u00e4umt ein: Windkraft im S\u00fcdwesten oft wirtschaftlich nicht darstellbar\u00a0(14.3.2026) Gutes Waldjahr 2025 mit Regen\u00a0(29.1.2026) Les atteintes au paysage \u2013 Windkraft\u00a0(23.2.2022) Wandern. Landkarte statt Handy\u00a0(11.10.2021) Ruheberg bei Oberried \u2013 gepflegt von Carlos &hellip; <a href=\"https:\/\/www.freiburg-schwarzwald.de\/blog\/regio\/berge\/\">Weiterlesen <span class=\"meta-nav\">&rarr;<\/span><\/a><\/p>\n","protected":false},"author":2,"featured_media":0,"parent":39,"menu_order":0,"comment_status":"open","ping_status":"closed","template":"","meta":{"footnotes":""},"class_list":["post-2552","page","type-page","status-publish","hentry"],"_links":{"self":[{"href":"https:\/\/www.freiburg-schwarzwald.de\/blog\/wp-json\/wp\/v2\/pages\/2552","targetHints":{"allow":["GET"]}}],"collection":[{"href":"https:\/\/www.freiburg-schwarzwald.de\/blog\/wp-json\/wp\/v2\/pages"}],"about":[{"href":"https:\/\/www.freiburg-schwarzwald.de\/blog\/wp-json\/wp\/v2\/types\/page"}],"author":[{"embeddable":true,"href":"https:\/\/www.freiburg-schwarzwald.de\/blog\/wp-json\/wp\/v2\/users\/2"}],"replies":[{"embeddable":true,"href":"https:\/\/www.freiburg-schwarzwald.de\/blog\/wp-json\/wp\/v2\/comments?post=2552"}],"version-history":[{"count":6,"href":"https:\/\/www.freiburg-schwarzwald.de\/blog\/wp-json\/wp\/v2\/pages\/2552\/revisions"}],"predecessor-version":[{"id":146738,"href":"https:\/\/www.freiburg-schwarzwald.de\/blog\/wp-json\/wp\/v2\/pages\/2552\/revisions\/146738"}],"up":[{"embeddable":true,"href":"https:\/\/www.freiburg-schwarzwald.de\/blog\/wp-json\/wp\/v2\/pages\/39"}],"wp:attachment":[{"href":"https:\/\/www.freiburg-schwarzwald.de\/blog\/wp-json\/wp\/v2\/media?parent=2552"}],"curies":[{"name":"wp","href":"https:\/\/api.w.org\/{rel}","templated":true}]}}