{"id":2527,"date":"2012-04-30T18:26:03","date_gmt":"2012-04-30T18:26:03","guid":{"rendered":"https:\/\/www.freiburg-schwarzwald.de\/blog\/?page_id=2527"},"modified":"2013-05-16T14:22:31","modified_gmt":"2013-05-16T12:22:31","slug":"hebsack","status":"publish","type":"page","link":"https:\/\/www.freiburg-schwarzwald.de\/blog\/regio\/freiburg\/hebsack\/","title":{"rendered":"Hebsack"},"content":{"rendered":"<p>Home &gt;<a title=\"Freiburg\" href=\"https:\/\/www.freiburg-schwarzwald.de\/blog\/regio\/freiburg\/\">Freiburg<\/a> &gt;<a title=\"Herdern\" href=\"https:\/\/www.freiburg-schwarzwald.de\/blog\/regio\/freiburg\/herdern\/\">Herdern<\/a> &gt;Hebsack<\/p>\n<div id=\"attachment_2531\" style=\"width: 607px\" class=\"wp-caption alignnone\"><a href=\"https:\/\/www.freiburg-schwarzwald.de\/blog\/regio\/freiburg\/hebsack\/herdern34pan-101105\/\" rel=\"attachment wp-att-2531\"><img loading=\"lazy\" decoding=\"async\" aria-describedby=\"caption-attachment-2531\" class=\"size-full wp-image-2531\" title=\"herdern34pan-101105\" src=\"https:\/\/www.freiburg-schwarzwald.de\/blog\/wp-content\/uploads\/2012\/04\/herdern34pan-101105.jpg\" alt=\"\" width=\"597\" height=\"205\" srcset=\"https:\/\/www.freiburg-schwarzwald.de\/blog\/wp-content\/uploads\/2012\/04\/herdern34pan-101105.jpg 597w, https:\/\/www.freiburg-schwarzwald.de\/blog\/wp-content\/uploads\/2012\/04\/herdern34pan-101105-180x61.jpg 180w\" sizes=\"auto, (max-width: 597px) 100vw, 597px\" \/><\/a><p id=\"caption-attachment-2531\" class=\"wp-caption-text\">Blick nach Osten auf Herdern am 5.11.2010 - Hebsackwiesen in der Mitte<\/p><\/div>\n<p>&nbsp;<\/p>\n<ul>\n<li>Klage gegen Bebauung der Pferdewiese abgelehnt (15.5.2013)<\/li>\n<li><a href=\"https:\/\/www.freiburg-schwarzwald.de\/blog\/pferdewiese-an-der-sonnhalde-wie-eine-stiftung-zu-gelande-kam\/\">https:\/\/www.freiburg-schwarzwald.de\/blog\/pferdewiese-an-der-sonnhalde-wie-eine-stiftung-zu-gelande-kam\/<\/a>\u00a0(20.6.2011)<\/li>\n<li><a href=\"https:\/\/www.freiburg-schwarzwald.de\/littenweiler\/herdern.htm#Hebsack an der Eichhalde - Hebsackwiesen\">Hebsack an der Eichhalde &#8211; Hebsackwiesen<\/a><\/li>\n<\/ul>\n<p>&nbsp;<\/p>\n<p><strong>Hebsack-Hofgut an der Eichhalde seit mehr als 300 Jahren<\/strong><br \/>\n\u00a0<br \/>\n\u00a0Neben Loretto- und Schlossberg pr\u00e4gen auch die im Landschaftschutzgebiet liegenden Wiesenh\u00e4nge \u00fcber Herdern am Fu\u00dfe des Rosskopfes das Stadtbild der Breisgaumetropole. Hier, zwischen Sonn- und Eichhalde, liegt seit mehr als 300 Jahren das \u201cHebsack-Gut\u201d. Viele bekannte Freiburger B\u00fcrger haben dort schon gewohnt und das Hofgut bewirtschaftet. Heute geh\u00f6rt es der Stiftungsverwaltung. Wahrscheinlich befand sich schon zu Zeiten des Drei\u00dfigj\u00e4hrigen Krieges im 17. Jahrhundert \u00fcber Herdern ein landwirtschaftlich genutztes Anwesen. Erstmalig wird in den Freiburger Stadtarchiv-Akten im Jahre 1689 ein \u201cGut, der Hebsack genannt\u201d erw\u00e4hnt, das damals der Zunftmeister und Tuchh\u00e4ndler Wilhelm K\u00f6nig zu eigen hatte. &#8230;&#8230;<br \/>\nNach dem Kriege wohnte bis zu seinem Tod der Freiburger Oberbaudirektor Joseph Schlippe (gestorben am 28. Dezember 1970) im Obergeschoss des Herrenhauses.\u00a0Die Landwirtschaft wurde verpachtet und von dem aus Horben stammenden Bauern Wilhelm Lebtig mit seiner neunk\u00f6pfigen Familie 20 Jahre lang betrieben. Als dieser 1971 den Meierhof in der Karthaus \u00fcbernahm, wurde er als \u201cletzter Landwirt Herderns\u201d verabschiedet. Die Scheune wurde im Innern vollkommen umgebaut und in zwei Wohneinheiten, die in Erbpacht \u00fcberlassen sind, aufgeteilt. Waschhaus und Herrenhaus werden weiterhin direkt durch die Stiftungsverwaltung vermietet und betreut.<br \/>\nAlles von Hans Sigmund vom 19.12.2006 auf <a href=\"https:\/\/www.bzol.de\/\">www.bzol.de<\/a> lesen<\/p>\n<p><a href=\"https:\/\/www.freiburg-schwarzwald.de\/blog\/regio\/freiburg\/hebsack\/herdern1eichhalde120430\/\" rel=\"attachment wp-att-2536\"><img loading=\"lazy\" decoding=\"async\" class=\"alignnone size-thumbnail wp-image-2536\" title=\"herdern1eichhalde120430\" src=\"https:\/\/www.freiburg-schwarzwald.de\/blog\/wp-content\/uploads\/2012\/04\/herdern1eichhalde120430-180x135.jpg\" alt=\"\" width=\"180\" height=\"135\" srcset=\"https:\/\/www.freiburg-schwarzwald.de\/blog\/wp-content\/uploads\/2012\/04\/herdern1eichhalde120430-180x135.jpg 180w, https:\/\/www.freiburg-schwarzwald.de\/blog\/wp-content\/uploads\/2012\/04\/herdern1eichhalde120430.jpg 640w\" sizes=\"auto, (max-width: 180px) 100vw, 180px\" \/><\/a>\u00a0\u00a0\u00a0\u00a0\u00a0\u00a0\u00a0\u00a0\u00a0 <a href=\"https:\/\/www.freiburg-schwarzwald.de\/blog\/regio\/freiburg\/hebsack\/herdern2eichhalde120430\/\" rel=\"attachment wp-att-2537\"><img loading=\"lazy\" decoding=\"async\" class=\"alignnone size-thumbnail wp-image-2537\" title=\"herdern2eichhalde120430\" src=\"https:\/\/www.freiburg-schwarzwald.de\/blog\/wp-content\/uploads\/2012\/04\/herdern2eichhalde120430-180x135.jpg\" alt=\"\" width=\"180\" height=\"135\" srcset=\"https:\/\/www.freiburg-schwarzwald.de\/blog\/wp-content\/uploads\/2012\/04\/herdern2eichhalde120430-180x135.jpg 180w, https:\/\/www.freiburg-schwarzwald.de\/blog\/wp-content\/uploads\/2012\/04\/herdern2eichhalde120430.jpg 640w\" sizes=\"auto, (max-width: 180px) 100vw, 180px\" \/><\/a>\u00a0\u00a0\u00a0\u00a0\u00a0\u00a0\u00a0\u00a0\u00a0\u00a0\u00a0 <a href=\"https:\/\/www.freiburg-schwarzwald.de\/blog\/regio\/freiburg\/hebsack\/herdern3eichhalde120430\/\" rel=\"attachment wp-att-2538\"><img loading=\"lazy\" decoding=\"async\" class=\"alignnone size-thumbnail wp-image-2538\" title=\"herdern3eichhalde120430\" src=\"https:\/\/www.freiburg-schwarzwald.de\/blog\/wp-content\/uploads\/2012\/04\/herdern3eichhalde120430-180x135.jpg\" alt=\"\" width=\"180\" height=\"135\" srcset=\"https:\/\/www.freiburg-schwarzwald.de\/blog\/wp-content\/uploads\/2012\/04\/herdern3eichhalde120430-180x135.jpg 180w, https:\/\/www.freiburg-schwarzwald.de\/blog\/wp-content\/uploads\/2012\/04\/herdern3eichhalde120430.jpg 640w\" sizes=\"auto, (max-width: 180px) 100vw, 180px\" \/><\/a><br \/>\n(1) Eichhalde-Weinberg\u00a030.4.2012<\/p>\n<p><a href=\"https:\/\/www.freiburg-schwarzwald.de\/blog\/regio\/freiburg\/hebsack\/herdern4pferdewiese120430\/\" rel=\"attachment wp-att-2539\"><img loading=\"lazy\" decoding=\"async\" class=\"alignnone size-thumbnail wp-image-2539\" title=\"herdern4pferdewiese120430\" src=\"https:\/\/www.freiburg-schwarzwald.de\/blog\/wp-content\/uploads\/2012\/04\/herdern4pferdewiese120430-180x135.jpg\" alt=\"\" width=\"180\" height=\"135\" srcset=\"https:\/\/www.freiburg-schwarzwald.de\/blog\/wp-content\/uploads\/2012\/04\/herdern4pferdewiese120430-180x135.jpg 180w, https:\/\/www.freiburg-schwarzwald.de\/blog\/wp-content\/uploads\/2012\/04\/herdern4pferdewiese120430.jpg 640w\" sizes=\"auto, (max-width: 180px) 100vw, 180px\" \/><\/a>\u00a0\u00a0\u00a0\u00a0\u00a0\u00a0\u00a0\u00a0\u00a0 <a href=\"https:\/\/www.freiburg-schwarzwald.de\/blog\/regio\/freiburg\/hebsack\/herdern5pferdewiese120430\/\" rel=\"attachment wp-att-2540\"><img loading=\"lazy\" decoding=\"async\" class=\"alignnone size-thumbnail wp-image-2540\" title=\"herdern5pferdewiese120430\" src=\"https:\/\/www.freiburg-schwarzwald.de\/blog\/wp-content\/uploads\/2012\/04\/herdern5pferdewiese120430-180x135.jpg\" alt=\"\" width=\"180\" height=\"135\" srcset=\"https:\/\/www.freiburg-schwarzwald.de\/blog\/wp-content\/uploads\/2012\/04\/herdern5pferdewiese120430-180x135.jpg 180w, https:\/\/www.freiburg-schwarzwald.de\/blog\/wp-content\/uploads\/2012\/04\/herdern5pferdewiese120430.jpg 640w\" sizes=\"auto, (max-width: 180px) 100vw, 180px\" \/><\/a>\u00a0\u00a0\u00a0\u00a0\u00a0\u00a0\u00a0\u00a0\u00a0 <a href=\"https:\/\/www.freiburg-schwarzwald.de\/blog\/regio\/freiburg\/hebsack\/herdern6pferdewiese120430\/\" rel=\"attachment wp-att-2541\"><img loading=\"lazy\" decoding=\"async\" class=\"alignnone size-thumbnail wp-image-2541\" title=\"herdern6pferdewiese120430\" src=\"https:\/\/www.freiburg-schwarzwald.de\/blog\/wp-content\/uploads\/2012\/04\/herdern6pferdewiese120430-180x135.jpg\" alt=\"\" width=\"180\" height=\"135\" srcset=\"https:\/\/www.freiburg-schwarzwald.de\/blog\/wp-content\/uploads\/2012\/04\/herdern6pferdewiese120430-180x135.jpg 180w, https:\/\/www.freiburg-schwarzwald.de\/blog\/wp-content\/uploads\/2012\/04\/herdern6pferdewiese120430.jpg 640w\" sizes=\"auto, (max-width: 180px) 100vw, 180px\" \/><\/a><br \/>\n(4) Pferdewiese 30.4.2012<\/p>\n<p><a href=\"https:\/\/www.freiburg-schwarzwald.de\/blog\/regio\/freiburg\/hebsack\/herdern7pferdewiese120430\/\" rel=\"attachment wp-att-2542\"><img loading=\"lazy\" decoding=\"async\" class=\"alignnone size-thumbnail wp-image-2542\" title=\"herdern7pferdewiese120430\" src=\"https:\/\/www.freiburg-schwarzwald.de\/blog\/wp-content\/uploads\/2012\/04\/herdern7pferdewiese120430-180x135.jpg\" alt=\"\" width=\"180\" height=\"135\" srcset=\"https:\/\/www.freiburg-schwarzwald.de\/blog\/wp-content\/uploads\/2012\/04\/herdern7pferdewiese120430-180x135.jpg 180w, https:\/\/www.freiburg-schwarzwald.de\/blog\/wp-content\/uploads\/2012\/04\/herdern7pferdewiese120430.jpg 640w\" sizes=\"auto, (max-width: 180px) 100vw, 180px\" \/><\/a>\u00a0\u00a0\u00a0\u00a0\u00a0\u00a0\u00a0\u00a0\u00a0\u00a0\u00a0<a href=\"https:\/\/www.freiburg-schwarzwald.de\/blog\/regio\/freiburg\/hebsack\/herdern8hebsack120430\/\" rel=\"attachment wp-att-2543\"><img loading=\"lazy\" decoding=\"async\" class=\"alignnone size-thumbnail wp-image-2543\" title=\"herdern8hebsack120430\" src=\"https:\/\/www.freiburg-schwarzwald.de\/blog\/wp-content\/uploads\/2012\/04\/herdern8hebsack120430-180x135.jpg\" alt=\"\" width=\"180\" height=\"135\" srcset=\"https:\/\/www.freiburg-schwarzwald.de\/blog\/wp-content\/uploads\/2012\/04\/herdern8hebsack120430-180x135.jpg 180w, https:\/\/www.freiburg-schwarzwald.de\/blog\/wp-content\/uploads\/2012\/04\/herdern8hebsack120430.jpg 640w\" sizes=\"auto, (max-width: 180px) 100vw, 180px\" \/><\/a>\u00a0\u00a0\u00a0\u00a0\u00a0\u00a0\u00a0\u00a0 <a href=\"https:\/\/www.freiburg-schwarzwald.de\/blog\/regio\/freiburg\/hebsack\/herdern9hebsack120430\/\" rel=\"attachment wp-att-2544\"><img loading=\"lazy\" decoding=\"async\" class=\"alignnone size-thumbnail wp-image-2544\" title=\"herdern9hebsack120430\" src=\"https:\/\/www.freiburg-schwarzwald.de\/blog\/wp-content\/uploads\/2012\/04\/herdern9hebsack120430-180x135.jpg\" alt=\"\" width=\"180\" height=\"135\" srcset=\"https:\/\/www.freiburg-schwarzwald.de\/blog\/wp-content\/uploads\/2012\/04\/herdern9hebsack120430-180x135.jpg 180w, https:\/\/www.freiburg-schwarzwald.de\/blog\/wp-content\/uploads\/2012\/04\/herdern9hebsack120430.jpg 638w\" sizes=\"auto, (max-width: 180px) 100vw, 180px\" \/><\/a><br \/>\n(7) 30.4.2013\u00a0\u00a0\u00a0\u00a0\u00a0\u00a0\u00a0\u00a0\u00a0\u00a0\u00a0\u00a0\u00a0\u00a0\u00a0\u00a0\u00a0\u00a0\u00a0\u00a0\u00a0\u00a0\u00a0\u00a0\u00a0\u00a0\u00a0\u00a0\u00a0\u00a0\u00a0\u00a0\u00a0\u00a0\u00a0\u00a0\u00a0\u00a0\u00a0\u00a0\u00a0\u00a0\u00a0\u00a0\u00a0\u00a0\u00a0(8) Hebsackgut links\u00a0\u00a0\u00a0\u00a0\u00a0\u00a0\u00a0\u00a0\u00a0\u00a0\u00a0\u00a0\u00a0\u00a0\u00a0\u00a0\u00a0\u00a0\u00a0\u00a0\u00a0\u00a0\u00a0\u00a0\u00a0\u00a0\u00a0\u00a0\u00a0\u00a0 (9) Hebsackgut 30.4.2012<\/p>\n<p><a href=\"https:\/\/www.freiburg-schwarzwald.de\/blog\/regio\/freiburg\/hebsack\/herdern1stuehlinger130507\/\" rel=\"attachment wp-att-29685\"><img loading=\"lazy\" decoding=\"async\" class=\"alignnone size-thumbnail wp-image-29685\" title=\"herdern1stuehlinger130507\" src=\"https:\/\/www.freiburg-schwarzwald.de\/blog\/wp-content\/uploads\/2012\/04\/herdern1stuehlinger130507-180x135.jpg\" alt=\"\" width=\"180\" height=\"135\" srcset=\"https:\/\/www.freiburg-schwarzwald.de\/blog\/wp-content\/uploads\/2012\/04\/herdern1stuehlinger130507-180x135.jpg 180w, https:\/\/www.freiburg-schwarzwald.de\/blog\/wp-content\/uploads\/2012\/04\/herdern1stuehlinger130507.jpg 640w\" sizes=\"auto, (max-width: 180px) 100vw, 180px\" \/><\/a>\u00a0\u00a0\u00a0\u00a0\u00a0\u00a0\u00a0\u00a0\u00a0\u00a0 <a href=\"https:\/\/www.freiburg-schwarzwald.de\/blog\/regio\/freiburg\/hebsack\/herdern2pferdewiese130507\/\" rel=\"attachment wp-att-29686\"><img loading=\"lazy\" decoding=\"async\" class=\"alignnone size-thumbnail wp-image-29686\" title=\"herdern2pferdewiese130507\" src=\"https:\/\/www.freiburg-schwarzwald.de\/blog\/wp-content\/uploads\/2012\/04\/herdern2pferdewiese130507-135x180.jpg\" alt=\"\" width=\"135\" height=\"180\" srcset=\"https:\/\/www.freiburg-schwarzwald.de\/blog\/wp-content\/uploads\/2012\/04\/herdern2pferdewiese130507-135x180.jpg 135w, https:\/\/www.freiburg-schwarzwald.de\/blog\/wp-content\/uploads\/2012\/04\/herdern2pferdewiese130507.jpg 480w\" sizes=\"auto, (max-width: 135px) 100vw, 135px\" \/><\/a>\u00a0\u00a0\u00a0\u00a0\u00a0\u00a0\u00a0\u00a0\u00a0\u00a0\u00a0\u00a0\u00a0\u00a0\u00a0\u00a0\u00a0\u00a0\u00a0\u00a0\u00a0\u00a0\u00a0 <a href=\"https:\/\/www.freiburg-schwarzwald.de\/blog\/regio\/freiburg\/hebsack\/herdern3pferdewiese130507\/\" rel=\"attachment wp-att-29687\"><img loading=\"lazy\" decoding=\"async\" class=\"alignnone size-thumbnail wp-image-29687\" title=\"herdern3pferdewiese130507\" src=\"https:\/\/www.freiburg-schwarzwald.de\/blog\/wp-content\/uploads\/2012\/04\/herdern3pferdewiese130507-180x138.jpg\" alt=\"\" width=\"180\" height=\"138\" srcset=\"https:\/\/www.freiburg-schwarzwald.de\/blog\/wp-content\/uploads\/2012\/04\/herdern3pferdewiese130507-180x138.jpg 180w, https:\/\/www.freiburg-schwarzwald.de\/blog\/wp-content\/uploads\/2012\/04\/herdern3pferdewiese130507.jpg 639w\" sizes=\"auto, (max-width: 180px) 100vw, 180px\" \/><\/a><br \/>\n(10) St\u00fchlinger und Hbf am 7.5.2013\u00a0\u00a0\u00a0\u00a0 (11) Pferdewiese 7.5.2013\u00a0\u00a0\u00a0\u00a0\u00a0\u00a0\u00a0\u00a0\u00a0\u00a0\u00a0\u00a0\u00a0\u00a0\u00a0\u00a0\u00a0\u00a0\u00a0\u00a0\u00a0(12) Blick von der Eichhalde<\/p>\n<p><a href=\"https:\/\/www.freiburg-schwarzwald.de\/blog\/regio\/freiburg\/hebsack\/herdern4pferdewiese130507\/\" rel=\"attachment wp-att-29688\"><img loading=\"lazy\" decoding=\"async\" class=\"alignnone size-thumbnail wp-image-29688\" title=\"herdern4pferdewiese130507\" src=\"https:\/\/www.freiburg-schwarzwald.de\/blog\/wp-content\/uploads\/2012\/04\/herdern4pferdewiese130507-180x135.jpg\" alt=\"\" width=\"180\" height=\"135\" srcset=\"https:\/\/www.freiburg-schwarzwald.de\/blog\/wp-content\/uploads\/2012\/04\/herdern4pferdewiese130507-180x135.jpg 180w, https:\/\/www.freiburg-schwarzwald.de\/blog\/wp-content\/uploads\/2012\/04\/herdern4pferdewiese130507-640x480.jpg 640w, https:\/\/www.freiburg-schwarzwald.de\/blog\/wp-content\/uploads\/2012\/04\/herdern4pferdewiese130507.jpg 1000w\" sizes=\"auto, (max-width: 180px) 100vw, 180px\" \/><\/a>\u00a0\u00a0\u00a0\u00a0\u00a0\u00a0\u00a0\u00a0\u00a0 <a href=\"https:\/\/www.freiburg-schwarzwald.de\/blog\/regio\/freiburg\/hebsack\/herdern5pferdewiese130507\/\" rel=\"attachment wp-att-29689\"><img loading=\"lazy\" decoding=\"async\" class=\"alignnone size-thumbnail wp-image-29689\" title=\"herdern5pferdewiese130507\" src=\"https:\/\/www.freiburg-schwarzwald.de\/blog\/wp-content\/uploads\/2012\/04\/herdern5pferdewiese130507-180x135.jpg\" alt=\"\" width=\"180\" height=\"135\" srcset=\"https:\/\/www.freiburg-schwarzwald.de\/blog\/wp-content\/uploads\/2012\/04\/herdern5pferdewiese130507-180x135.jpg 180w, https:\/\/www.freiburg-schwarzwald.de\/blog\/wp-content\/uploads\/2012\/04\/herdern5pferdewiese130507.jpg 640w\" sizes=\"auto, (max-width: 180px) 100vw, 180px\" \/><\/a>\u00a0\u00a0\u00a0\u00a0\u00a0\u00a0\u00a0\u00a0\u00a0 <a href=\"https:\/\/www.freiburg-schwarzwald.de\/blog\/regio\/freiburg\/hebsack\/herdern6pferdewiese130507\/\" rel=\"attachment wp-att-29690\"><img loading=\"lazy\" decoding=\"async\" class=\"alignnone size-thumbnail wp-image-29690\" title=\"herdern6pferdewiese130507\" src=\"https:\/\/www.freiburg-schwarzwald.de\/blog\/wp-content\/uploads\/2012\/04\/herdern6pferdewiese130507-180x135.jpg\" alt=\"\" width=\"180\" height=\"135\" srcset=\"https:\/\/www.freiburg-schwarzwald.de\/blog\/wp-content\/uploads\/2012\/04\/herdern6pferdewiese130507-180x135.jpg 180w, https:\/\/www.freiburg-schwarzwald.de\/blog\/wp-content\/uploads\/2012\/04\/herdern6pferdewiese130507.jpg 640w\" sizes=\"auto, (max-width: 180px) 100vw, 180px\" \/><\/a><br \/>\n(13) Freiburg am 7.5.2013<\/p>\n<p><a href=\"https:\/\/www.freiburg-schwarzwald.de\/blog\/regio\/freiburg\/hebsack\/herdern7pferdewiese130507\/\" rel=\"attachment wp-att-29691\"><img loading=\"lazy\" decoding=\"async\" class=\"alignnone size-thumbnail wp-image-29691\" title=\"herdern7pferdewiese130507\" src=\"https:\/\/www.freiburg-schwarzwald.de\/blog\/wp-content\/uploads\/2012\/04\/herdern7pferdewiese130507-180x135.jpg\" alt=\"\" width=\"180\" height=\"135\" srcset=\"https:\/\/www.freiburg-schwarzwald.de\/blog\/wp-content\/uploads\/2012\/04\/herdern7pferdewiese130507-180x135.jpg 180w, https:\/\/www.freiburg-schwarzwald.de\/blog\/wp-content\/uploads\/2012\/04\/herdern7pferdewiese130507.jpg 640w\" sizes=\"auto, (max-width: 180px) 100vw, 180px\" \/><\/a>\u00a0\u00a0\u00a0\u00a0\u00a0\u00a0\u00a0\u00a0\u00a0 <a href=\"https:\/\/www.freiburg-schwarzwald.de\/blog\/regio\/freiburg\/hebsack\/herdern8pferdewiese130507\/\" rel=\"attachment wp-att-29692\"><img loading=\"lazy\" decoding=\"async\" class=\"alignnone size-thumbnail wp-image-29692\" title=\"herdern8pferdewiese130507\" src=\"https:\/\/www.freiburg-schwarzwald.de\/blog\/wp-content\/uploads\/2012\/04\/herdern8pferdewiese130507-180x135.jpg\" alt=\"\" width=\"180\" height=\"135\" srcset=\"https:\/\/www.freiburg-schwarzwald.de\/blog\/wp-content\/uploads\/2012\/04\/herdern8pferdewiese130507-180x135.jpg 180w, https:\/\/www.freiburg-schwarzwald.de\/blog\/wp-content\/uploads\/2012\/04\/herdern8pferdewiese130507.jpg 640w\" sizes=\"auto, (max-width: 180px) 100vw, 180px\" \/><\/a>\u00a0\u00a0\u00a0\u00a0\u00a0\u00a0\u00a0\u00a0\u00a0 <a href=\"https:\/\/www.freiburg-schwarzwald.de\/blog\/regio\/freiburg\/hebsack\/herdern9pferdewiese130507\/\" rel=\"attachment wp-att-29693\"><img loading=\"lazy\" decoding=\"async\" class=\"alignnone size-thumbnail wp-image-29693\" title=\"herdern9pferdewiese130507\" src=\"https:\/\/www.freiburg-schwarzwald.de\/blog\/wp-content\/uploads\/2012\/04\/herdern9pferdewiese130507-180x135.jpg\" alt=\"\" width=\"180\" height=\"135\" srcset=\"https:\/\/www.freiburg-schwarzwald.de\/blog\/wp-content\/uploads\/2012\/04\/herdern9pferdewiese130507-180x135.jpg 180w, https:\/\/www.freiburg-schwarzwald.de\/blog\/wp-content\/uploads\/2012\/04\/herdern9pferdewiese130507.jpg 640w\" sizes=\"auto, (max-width: 180px) 100vw, 180px\" \/><\/a><br \/>\n(16) Pferdewiese nach Westen\u00a0\u00a0\u00a0\u00a0\u00a0\u00a0\u00a0\u00a0\u00a0\u00a0\u00a0\u00a0\u00a0 (17) Pferdewiese\u00a0\u00a0\u00a0\u00a0\u00a0\u00a0\u00a0\u00a0\u00a0\u00a0\u00a0\u00a0\u00a0\u00a0\u00a0\u00a0\u00a0\u00a0\u00a0\u00a0\u00a0\u00a0\u00a0\u00a0\u00a0\u00a0\u00a0\u00a0\u00a0\u00a0\u00a0\u00a0\u00a0\u00a0\u00a0\u00a0\u00a0\u00a0 (18) Sonnhalde 7.5.2013<\/p>\n<p class=\"wp-caption-dt\">(1) Blick vom Jaegerhaeusle nach Nordwesten zum Eichhalde-Weinberg am 30.4.2012<br \/>\n(2) Blick vom Jaegerhaeusle nach S\u00fcden bis zum Sch\u00f6nberg am 30.4.2012<br \/>\n(3) Blick vom Eichhalde-Weinberg nach S\u00fcden \u00fcber Freiburg am 30.4.2012<br \/>\n(4) Blick von der Eichhalde nach S\u00fcden \u00fcber die Pferdewiese am 30.4.2012<br \/>\n(5) Blick von der Eichhalde nach Westen \u00fcber die Pferdewiese und das Hebsackgut (rechts) am 30.4.2012<br \/>\n(6) Blick von der Eichhalde nach S\u00fcdwesten \u00fcber die Pferdewiese auf Herdern am 30.4.2012<br \/>\n(7) Tele-Blick von der Eichhalde nach S\u00fcden auf Freiburg am 30.4.2012<br \/>\n(8) Blick von der Eichhalde nach S\u00fcden zu Hebsackgut (links) und Pferdewiese am 30.4.2012<br \/>\n(9) Blick von der Eichhalde nach S\u00fcden zu Hebsackgut (links) und Pferdewiese am 30.4.2012<br \/>\n(10) &#8211; (18) Eichhalde und Pferdewiese am 7.5.2013 &#8211; Blicke auf Freiburg<\/p>\n<p class=\"wp-caption-dt\">\u00a0<\/p>\n<p class=\"wp-caption-dt\"><strong>Klage gegen Bebauung der Pferdewiese abgelehnt<br \/>\n<\/strong><br \/>\n1980 wurde es zum Bauland erkl\u00e4rt, 1986 zum Landschaftsschutzgebiet, 2006 wieder zu Bauland. Den ersten Bauantrag der &#8222;Staufener Bau &amp; Boden GmbH&#8220;, die seit gut 20 Jahren eine Option auf das Grundst\u00fcck hat, lehnte die Stadtverwaltung im April 2010 als \u00fcberdimensioniert ab. Nach dem erfolgreichen Widerspruch des Unternehmens beim Regierungspr\u00e4sidium einigte es sich mit der Stadtverwaltung auf neun Wohneinheiten in vier H\u00e4usern. Gegen das Projekt formierte sich eine B\u00fcrgerinitiative. Zwei der Nachbarn reichten schlie\u00dflich die Klage ein. Jetzt m\u00fcssen sie auch noch die au\u00dfergerichtlichen Kosten des Investors \u00fcbernehmen. &#8230;..<br \/>\nAlles vom 15.5.2013 bitte lesen auf<br \/>\n<a href=\"https:\/\/www.badische-zeitung.de\/freiburg\/verwaltungsgericht-lehnt-die-klagen-gegen-die-bebauung-der-pferdewiese-ab\">https:\/\/www.badische-zeitung.de\/freiburg\/verwaltungsgericht-lehnt-die-klagen-gegen-die-bebauung-der-pferdewiese-ab<\/a>\u00a0<\/p>\n<p>&nbsp;<\/p>\n","protected":false},"excerpt":{"rendered":"<p>Home &gt;Freiburg &gt;Herdern &gt;Hebsack &nbsp; Klage gegen Bebauung der Pferdewiese abgelehnt (15.5.2013) https:\/\/www.freiburg-schwarzwald.de\/blog\/pferdewiese-an-der-sonnhalde-wie-eine-stiftung-zu-gelande-kam\/\u00a0(20.6.2011) Hebsack an der Eichhalde &#8211; Hebsackwiesen &nbsp; Hebsack-Hofgut an der Eichhalde seit mehr als 300 Jahren \u00a0 \u00a0Neben Loretto- und Schlossberg pr\u00e4gen auch die im Landschaftschutzgebiet liegenden &hellip; <a href=\"https:\/\/www.freiburg-schwarzwald.de\/blog\/regio\/freiburg\/hebsack\/\">Weiterlesen <span class=\"meta-nav\">&rarr;<\/span><\/a><\/p>\n","protected":false},"author":2,"featured_media":0,"parent":389,"menu_order":0,"comment_status":"open","ping_status":"closed","template":"","meta":{"footnotes":""},"class_list":["post-2527","page","type-page","status-publish","hentry"],"_links":{"self":[{"href":"https:\/\/www.freiburg-schwarzwald.de\/blog\/wp-json\/wp\/v2\/pages\/2527","targetHints":{"allow":["GET"]}}],"collection":[{"href":"https:\/\/www.freiburg-schwarzwald.de\/blog\/wp-json\/wp\/v2\/pages"}],"about":[{"href":"https:\/\/www.freiburg-schwarzwald.de\/blog\/wp-json\/wp\/v2\/types\/page"}],"author":[{"embeddable":true,"href":"https:\/\/www.freiburg-schwarzwald.de\/blog\/wp-json\/wp\/v2\/users\/2"}],"replies":[{"embeddable":true,"href":"https:\/\/www.freiburg-schwarzwald.de\/blog\/wp-json\/wp\/v2\/comments?post=2527"}],"version-history":[{"count":0,"href":"https:\/\/www.freiburg-schwarzwald.de\/blog\/wp-json\/wp\/v2\/pages\/2527\/revisions"}],"up":[{"embeddable":true,"href":"https:\/\/www.freiburg-schwarzwald.de\/blog\/wp-json\/wp\/v2\/pages\/389"}],"wp:attachment":[{"href":"https:\/\/www.freiburg-schwarzwald.de\/blog\/wp-json\/wp\/v2\/media?parent=2527"}],"curies":[{"name":"wp","href":"https:\/\/api.w.org\/{rel}","templated":true}]}}