{"id":25163,"date":"2013-03-19T19:18:09","date_gmt":"2013-03-19T18:18:09","guid":{"rendered":"https:\/\/www.freiburg-schwarzwald.de\/blog\/?page_id=25163"},"modified":"2021-09-20T09:18:48","modified_gmt":"2021-09-20T07:18:48","slug":"altkleider","status":"publish","type":"page","link":"https:\/\/www.freiburg-schwarzwald.de\/blog\/business\/handel\/altkleider\/","title":{"rendered":"Altkleider"},"content":{"rendered":"<p>Home &gt;<a title=\"Business\" href=\"https:\/\/www.freiburg-schwarzwald.de\/blog\/business\/\">Business<\/a> &gt;<a title=\"Handel\" href=\"https:\/\/www.freiburg-schwarzwald.de\/blog\/business\/handel\/\">Handel<\/a> &gt;<a title=\"SecondHand\" href=\"https:\/\/www.freiburg-schwarzwald.de\/blog\/business\/handel\/secondhand\/\">SecondHand<\/a> &gt;Altkleider<\/p>\n<div id=\"attachment_25106\" style=\"width: 648px\" class=\"wp-caption alignnone\"><a href=\"https:\/\/www.freiburg-schwarzwald.de\/blog\/regio\/orte\/stohren\/schauinsland1belchen-pan130316\/\" rel=\"attachment wp-att-25106\"><img loading=\"lazy\" decoding=\"async\" aria-describedby=\"caption-attachment-25106\" class=\"size-full wp-image-25106\" title=\"schauinsland1belchen-pan130316\" src=\"https:\/\/www.freiburg-schwarzwald.de\/blog\/wp-content\/uploads\/2012\/11\/schauinsland1belchen-pan130316.jpg\" alt=\"\" width=\"638\" height=\"209\" srcset=\"https:\/\/www.freiburg-schwarzwald.de\/blog\/wp-content\/uploads\/2012\/11\/schauinsland1belchen-pan130316.jpg 638w, https:\/\/www.freiburg-schwarzwald.de\/blog\/wp-content\/uploads\/2012\/11\/schauinsland1belchen-pan130316-180x58.jpg 180w\" sizes=\"auto, (max-width: 638px) 100vw, 638px\" \/><\/a><p id=\"caption-attachment-25106\" class=\"wp-caption-text\">Blick nach S\u00fcden \u00fcber den Stohren ins M\u00fcnstertal und zum Belchen am 16.3.2013<\/p><\/div>\n<ul>\n<li><a href=\"https:\/\/www.freiburg-schwarzwald.de\/blog\/global\/fairerhandel\/\">Der Weg zu fairen \u00d6ko-Jeans \u2013 Textilproduktion- und handel<\/a>\u00a0(11.9.2021)<\/li>\n<li><a href=\"https:\/\/www.freiburg-schwarzwald.de\/blog\/illegale-kleidercontainer\/\">https:\/\/www.freiburg-schwarzwald.de\/blog\/illegale-kleidercontainer\/<\/a>\u00a0(8.8.2013)<\/li>\n<li>Die Masche mit den alten Kleidern (19.3.2013)<\/li>\n<li>Textilkonsum in unserer Wegwerfgesellschaft &#8211; einige Zahlen<\/li>\n<li>FairWertung &#8211; Verwerten von gebrauchter Kleidung, Dachverband in Essen<\/li>\n<li>Redesign Hamburg &#8211; Recyclingmode<\/li>\n<li>Textrade &#8211; Textilverwertung in Bremerhaven<\/li>\n<li><a title=\"Textil\" href=\"https:\/\/www.freiburg-schwarzwald.de\/blog\/business\/industrie\/textil\/\">Textil<\/a><\/li>\n<li><a title=\"Wegwerfkultur\" href=\"https:\/\/www.freiburg-schwarzwald.de\/blog\/kultur\/wegwerfkultur\/\">Wegwerfkultur<\/a><\/li>\n<\/ul>\n<p>&nbsp;<\/p>\n<p><a href=\"https:\/\/www.freiburg-schwarzwald.de\/blog\/business\/handel\/altkleider\/kleiderspende140107\/\" rel=\"attachment wp-att-43620\"><img loading=\"lazy\" decoding=\"async\" class=\"alignnone size-thumbnail wp-image-43620\" src=\"https:\/\/www.freiburg-schwarzwald.de\/blog\/wp-content\/uploads\/2013\/03\/kleiderspende140107-180x145.jpg\" alt=\"kleiderspende140107\" width=\"180\" height=\"145\" srcset=\"https:\/\/www.freiburg-schwarzwald.de\/blog\/wp-content\/uploads\/2013\/03\/kleiderspende140107-180x145.jpg 180w, https:\/\/www.freiburg-schwarzwald.de\/blog\/wp-content\/uploads\/2013\/03\/kleiderspende140107.jpg 640w\" sizes=\"auto, (max-width: 180px) 100vw, 180px\" \/><br \/>\n<\/a>(1) Kirchzarten 7.1.2014 &#8211; Kleiderspende<\/p>\n<p>&nbsp;<\/p>\n<p><strong>Die Masche mit den alten Kleidern<\/strong><br \/>\n\u00dcber eine Million Tonnen Textilien schmei\u00dfen die Deutschen jedes Jahr weg. Das meiste landet allerdings nicht im M\u00fcll, sondern in der Altkleidersammlung. Immerhin 750 000 Tonnen j\u00e4hrlich. Kaum jemand wei\u00df, was mit den Sachen wirklich passiert. Das Gesch\u00e4ft mit den entsorgten Kleidungsst\u00fccken ist undurchsichtig.<br \/>\nDie Masche mit den alten Kleidern, 19.3.2013, 18.30 Uhr, <a href=\"https:\/\/www.phoenix.de\">www.phoenix.de<\/a> , <a href=\"https:\/\/www.planet-e.zdf.de\">www.planet-e.zdf.de<\/a><\/p>\n<p class=\"mceTemp\"><strong><a title=\"Konsum\" href=\"https:\/\/www.freiburg-schwarzwald.de\/blog\/engagement\/verbraucher\/konsum\/\">Textilkonsum<\/a> in unserer Wegwerfgesellschaft &#8211; einige Zahlen<\/strong><\/p>\n<p class=\"mceTemp\">Neutextilien: Insgesamt wird in Deutschland j\u00e4hrlich Kleidung im Wert von \u00fcber\u00a050 Mrd Euro gekauft.<br \/>\n25 kg Neutextilien kauft jeder Deutsche pro Jahr.<br \/>\n7 kg Neutextilien werden weltweit pro Jahr und Kopf gekauft.<\/p>\n<p>Altkleider-Markt: 70 % der Weltbev\u00f6lkerung kaufen Secondhandkleidung.<\/p>\n<p class=\"mceTemp\">\u00dcber 1.6 Milliarden Kleidungsst\u00fccke werden in Deutschland j\u00e4hrlich ausrangiert, nur 2% davon gelangen direkt in Secondhand-Shops, Kleiderkammern\u00a0bzw. auf Flohm\u00e4rkten.<\/p>\n<p class=\"mceTemp\">\u00dcber 1 Mio t Textilien werden weggeworfen. 250 t landen direkt im M\u00fcll bzw. Abfalleimer. 750 t Altkleider werden allj\u00e4hrlich der Altkleidersammlung zugef\u00fchrt, das entspricht einer Lkw-Karawane von M\u00fcnchen bis Kiel.<\/p>\n<p class=\"mceTemp\">43 % der in Deutschland sortierten Kleider sind noch als solche brauchbar, 37% lassen sich nur noch an spezialisierte Unternehmen verkaufen. Zwei Drittel der in Deutschland gesammelten Textilien werden im Ausland sortiert.<\/p>\n<p class=\"mceTemp\">Die veralteten Textitien werden so verwendet: 10% M\u00fcll, 40$ Recycling und 50% als &#8222;noch tragbar&#8220; verwertet, also\u00a0 weiterverkauft.<\/p>\n<p class=\"mceTemp\">Textilverwertung: Weiterverkauf gro\u00dfenteils in osteurop\u00e4ische L\u00e4nder. Preis ca 50 Euro\/Tonne. Einer der gro\u00dfen Textilverwerter ist Roland Lindner in Bremen, Firma Textrade.<\/p>\n<p class=\"mceTemp\">Textilrecycling: Allmonatlich gelangen ca 1000 t Altkleider zum Textilrecycler Thomas Lechtermann. Sortierung gem\u00e4\u00df Baumwolleanteil. Der hohe Anteil an Kunstfasern ist wertmindernd. Firma Gifa-Automotive.<\/p>\n<p class=\"mceTemp\">Den Wahnsinn von &#8222;Kaufen, wegwerfen und recyclen&#8220; m\u00f6chte Christina Schelhorn von Redesign Hamburg aufbrechen, indem sie Secondhand-Kleidung aus alten, weggeworfenen\u00a0Textilien neu herstellt. Aus gebrauchten Textilien fertigt sie langlebige Produkte, die als Unikate ihren Preis haben. &#8222;T\u00fcllgardine zum extravaganten Top&#8220;.<\/p>\n<p class=\"mceTemp\">Fairwertung.de koordiniert kirchlich gesammelt Kleider. zwei Forderungen von Andreas Voget:<br \/>\n1. Caritative Verb\u00e4nde m\u00fcssen endlich offenkommunizieren, dass ein Gro\u00dfteil der gespendeten Kleider und Textilien\u00a0nicht bei armen Leuten irgendwo auf der Welt landen, sondern dass die Spende zur neuen Ware wird.<br \/>\n2. Gegen M\u00fcll, Kurzlebigkeit und Werwerfkultur. F\u00fcr Redesign und Langlebigkeit.<\/p>\n<p><strong>FairWertung &#8211; Verwerten von gebrauchter Kleidung, Dachverband in Essen<\/strong><\/p>\n<p>Viele gemeinn\u00fctzige und kirchliche Organisationen f\u00fchren seit langem Kleidersammlungen durch. Sie nutzen einen Teil der Kleidung f\u00fcr ihre eigene Sozialarbeit. Die \u00dcbersch\u00fcsse verkaufen sie an gewerbliche Textilverwerter, um so ihre Arbeit zu finanzieren. Lange Zeit wusste aber kaum ein Sammler, was mit der Kleidung nach dem Verkauf geschah. Anfang der 1990er Jahre erschien erstmals eine Studie \u00fcber den Altkleidermarkt. Sie analysierte den Weg der Gebrauchtkleidung und warf viele Fragen zu den weltweiten Auswirkungen von Kleiderexporten auf. Genau diesen Fragen stellt sich der Dachverband FairWertung. Seit 1994 engagiert sich das bundesweite Netzwerk aus gemeinn\u00fctzigen und kirchennahen Organisationen f\u00fcr mehr Transparenz und Verantwortlichkeit beim Sammeln und Verwerten von gebrauchter Kleidung<\/p>\n<p>Dachverband FairWertung e. V.<br \/>\nHoffnungstra\u00dfe 22, 45127 Essen, Tel 0201\/621067<br \/>\n<a href=\"https:\/\/www.fairwertung.de\">www.fairwertung.de<\/a><\/p>\n<p>&nbsp;<\/p>\n<p>&nbsp;<\/p>\n<p><strong>Redesign Hamburg &#8211; Recyclingmode<\/strong><\/p>\n<p class=\"mceTemp\">Ein T-Shirt verbraucht 2000 Liter S\u00fcsswasser und das in L\u00e4ndern, in denen Menschen an Wassermangel leiden. T\u00e4glich werden in den Industriel\u00e4ndern 70 Tonnen Textilien weggeworfen. Die Arbeitsbedingungen in der Textilbranche sind menschenunw\u00fcrdig und das auf Ausbeutung basierende Produktionsprinzip sorgt f\u00fcr niedrige Preise und zieht unendliche Umweltprobleme mit sich.Wir produzieren ausschlie\u00dflich in Deutschland. Wir verwenden Altkleider, Stoffrestposten, Tischdecken und andere gebrauchte oder \u00fcberscrsch\u00fcssige Materialien.<br \/>\n&#8230;..<br \/>\nAus Textilm\u00fcll und Reststoffen Neues zu schaffen ist keine kreative Herausforderung, sondern ein Luxus, den man sich nur in Industriel\u00e4ndern erlauben kann. Wir sind nicht &#8222;Weltverbesserer&#8220;, sondern wir nutzen eine Ressource, die mit Hilfe der wachsenden Community von LOHAS eine Wandlung vom &#8222;Trash to Want&#8220; durchl\u00e4uft. Und somit ist redesign eine Philosophie: Um Neues zu schaffen kann ich auch auf Altes zur\u00fcckgreifen.<\/p>\n<p class=\"mceTemp\">redesign Ateliergemeinschaft S21<br \/>\nChristina Schelhorn , Billwerder Deich 94\/96 , 20539 Hamburg , Tel 01573 8720469<br \/>\n<a href=\"mailto:info@redesign-hamburg.de\" target=\"_blank\" rel=\"noopener\">info@redesign-hamburg.de<\/a> , <a href=\"https:\/\/www.redesign-hamburg.de\">www.redesign-hamburg.de<\/a><\/p>\n<p><strong>Textrade &#8211; Textilverwertung in Bremerhaven<\/strong>Roland Lindner, TEXTRADE Textilverwertung- und Handels-Beteiligungs-GmbH<br \/>\nColoradostra\u00dfe 30 &#8211; 27580 Bremerhaven, Tel 0471\/8939048<br \/>\n<a href=\"https:\/\/textrade.biz\/new\/\">https:\/\/textrade.biz\/new\/<\/a><\/p>\n","protected":false},"excerpt":{"rendered":"<p>Home &gt;Business &gt;Handel &gt;SecondHand &gt;Altkleider Der Weg zu fairen \u00d6ko-Jeans \u2013 Textilproduktion- und handel\u00a0(11.9.2021) https:\/\/www.freiburg-schwarzwald.de\/blog\/illegale-kleidercontainer\/\u00a0(8.8.2013) Die Masche mit den alten Kleidern (19.3.2013) Textilkonsum in unserer Wegwerfgesellschaft &#8211; einige Zahlen FairWertung &#8211; Verwerten von gebrauchter Kleidung, Dachverband in Essen Redesign Hamburg &hellip; <a href=\"https:\/\/www.freiburg-schwarzwald.de\/blog\/business\/handel\/altkleider\/\">Weiterlesen <span class=\"meta-nav\">&rarr;<\/span><\/a><\/p>\n","protected":false},"author":4,"featured_media":0,"parent":814,"menu_order":0,"comment_status":"open","ping_status":"closed","template":"","meta":{"footnotes":""},"class_list":["post-25163","page","type-page","status-publish","hentry"],"_links":{"self":[{"href":"https:\/\/www.freiburg-schwarzwald.de\/blog\/wp-json\/wp\/v2\/pages\/25163","targetHints":{"allow":["GET"]}}],"collection":[{"href":"https:\/\/www.freiburg-schwarzwald.de\/blog\/wp-json\/wp\/v2\/pages"}],"about":[{"href":"https:\/\/www.freiburg-schwarzwald.de\/blog\/wp-json\/wp\/v2\/types\/page"}],"author":[{"embeddable":true,"href":"https:\/\/www.freiburg-schwarzwald.de\/blog\/wp-json\/wp\/v2\/users\/4"}],"replies":[{"embeddable":true,"href":"https:\/\/www.freiburg-schwarzwald.de\/blog\/wp-json\/wp\/v2\/comments?post=25163"}],"version-history":[{"count":1,"href":"https:\/\/www.freiburg-schwarzwald.de\/blog\/wp-json\/wp\/v2\/pages\/25163\/revisions"}],"predecessor-version":[{"id":94984,"href":"https:\/\/www.freiburg-schwarzwald.de\/blog\/wp-json\/wp\/v2\/pages\/25163\/revisions\/94984"}],"up":[{"embeddable":true,"href":"https:\/\/www.freiburg-schwarzwald.de\/blog\/wp-json\/wp\/v2\/pages\/814"}],"wp:attachment":[{"href":"https:\/\/www.freiburg-schwarzwald.de\/blog\/wp-json\/wp\/v2\/media?parent=25163"}],"curies":[{"name":"wp","href":"https:\/\/api.w.org\/{rel}","templated":true}]}}