{"id":25116,"date":"2013-03-19T11:55:58","date_gmt":"2013-03-19T10:55:58","guid":{"rendered":"https:\/\/www.freiburg-schwarzwald.de\/blog\/?page_id=25116"},"modified":"2024-04-23T15:08:46","modified_gmt":"2024-04-23T13:08:46","slug":"vogel-buchhandlung","status":"publish","type":"page","link":"https:\/\/www.freiburg-schwarzwald.de\/blog\/business\/handel\/buchhandel\/vogel-buchhandlung\/","title":{"rendered":"Vogel-Buchhandlung"},"content":{"rendered":"<p>Home &gt;<a title=\"Business\" href=\"https:\/\/www.freiburg-schwarzwald.de\/blog\/business\/\">Business<\/a> &gt;<a title=\"Handel\" href=\"https:\/\/www.freiburg-schwarzwald.de\/blog\/business\/handel\/\">Handel<\/a> &gt;<a title=\"Buch\" href=\"https:\/\/www.freiburg-schwarzwald.de\/blog\/kultur\/dichter\/literatur\/buch\/\">Buch<\/a> &gt;<a title=\"Buchhandel\" href=\"https:\/\/www.freiburg-schwarzwald.de\/blog\/business\/handel\/buchhandel\/\">Buchhandel<\/a> &gt;Vogel-Buchhandlung<\/p>\n<div id=\"attachment_12213\" style=\"width: 647px\" class=\"wp-caption alignnone\"><a href=\"https:\/\/www.freiburg-schwarzwald.de\/blog\/selbsthilfe\/soziales\/justiz\/polizei\/schlossberg13littenweiler-pan21002-2\/\" rel=\"attachment wp-att-12213\"><img loading=\"lazy\" decoding=\"async\" aria-describedby=\"caption-attachment-12213\" class=\"size-full wp-image-12213\" title=\"schlossberg13littenweiler-pan21002\" src=\"https:\/\/www.freiburg-schwarzwald.de\/blog\/wp-content\/uploads\/2012\/10\/schlossberg13littenweiler-pan21002.jpg\" alt=\"\" width=\"637\" height=\"195\" srcset=\"https:\/\/www.freiburg-schwarzwald.de\/blog\/wp-content\/uploads\/2012\/10\/schlossberg13littenweiler-pan21002.jpg 637w, https:\/\/www.freiburg-schwarzwald.de\/blog\/wp-content\/uploads\/2012\/10\/schlossberg13littenweiler-pan21002-180x55.jpg 180w\" sizes=\"auto, (max-width: 637px) 100vw, 637px\" \/><\/a><p id=\"caption-attachment-12213\" class=\"wp-caption-text\">Blick vom Freiburger Schlossberg nach Osten zu Dreisamtal und Littenweiler am 2.10.2012<\/p><\/div>\n<ul>\n<li>Buchhandlung Vogel seit \u00fcber 30 Jahren (1.12.2013)<\/li>\n<li><a href=\"https:\/\/www.freiburg-schwarzwald.de\/blog\/buch-lesen-nach-ladenschluss\/\">https:\/\/www.freiburg-schwarzwald.de\/blog\/buch-lesen-nach-ladenschluss\/<\/a>\u00a0(19.3.2013)<\/li>\n<li>Osterbasteln f\u00fcr Kinder (18.3.2013)<\/li>\n<li>Buchhandlung Vogel an der PH<\/li>\n<li>Einschliessen und Geniessen<\/li>\n<li><a title=\"Littenweiler-Studenten\" href=\"https:\/\/www.freiburg-schwarzwald.de\/blog\/regio\/freiburg\/littenweiler\/littenweiler-studenten\/\">Littenweiler Studenten<\/a><\/li>\n<li><a title=\"PH\" href=\"https:\/\/www.freiburg-schwarzwald.de\/blog\/bildung\/hochschulen\/ph\/\">PH<\/a><\/li>\n<li><a title=\"Littenweiler\" href=\"https:\/\/www.freiburg-schwarzwald.de\/blog\/regio\/freiburg\/littenweiler\/\">Littenweiler <\/a><\/li>\n<\/ul>\n<p>&nbsp;<\/p>\n<p><strong>Buchhandlung Vogel an der PH<\/strong><\/p>\n<p>Generationen von Studentinnen und Studenten der P\u00e4dagogischen Hochschule finden seit \u00fcber 30 Jahren bei uns ihr Lesefutter. Auch die Einwohner im kurz vor Freiburg gelegenen Stadtteil Littenweiler schm\u00f6kern gerne in unserer Buchhandlung.<br \/>\n<em>Buchhandlung Vogel,<br \/>\nKunzenweg 26,\u00a079117 Freiburg &#8211;\u00a0Littenweiler<br \/>\nLeiterin: Judith Starke<strong><br \/>\n<\/strong>Tel 0761 &#8211; 67244, Fax: 0761 &#8211; 60270<\/em><br \/>\n<em>Montag &#8211; Freitag von 09.00 &#8211; 18.00 Uhr,\u00a0Samstag von 09.00 &#8211; 13.00 Uhr<br \/>\n<\/em><a href=\"https:\/\/www.buchhandlung-vogel.de\">www.buchhandlung-vogel.de<\/a> \u00a0, E-Mail: <a href=\"mailto:info@morys-hofbuchhandlung.de\" target=\"_blank\" rel=\"noopener\">info@buchhandlung-vogel.de<\/a><\/p>\n<h6><a href=\"https:\/\/www.freiburg-schwarzwald.de\/blog\/business\/handel\/buchhandel\/vogel-buchhandlung\/buchhandlung-vogel30319\/\" rel=\"attachment wp-att-25160\"><img loading=\"lazy\" decoding=\"async\" title=\"buchhandlung-vogel30319\" src=\"https:\/\/www.freiburg-schwarzwald.de\/blog\/wp-content\/uploads\/2013\/03\/buchhandlung-vogel30319-180x135.jpg\" alt=\"\" width=\"180\" height=\"135\" \/><\/a>\u00a0\u00a0\u00a0\u00a0\u00a0\u00a0\u00a0\u00a0\u00a0\u00a0\u00a0\u00a0\u00a0\u00a0 <a href=\"https:\/\/www.freiburg-schwarzwald.de\/blog\/business\/handel\/buchhandel\/vogel-buchhandlung\/vogel-buchhandlung130319\/\" rel=\"attachment wp-att-25188\"><img loading=\"lazy\" decoding=\"async\" class=\"alignnone wp-image-25188\" title=\"vogel-buchhandlung130319\" src=\"https:\/\/www.freiburg-schwarzwald.de\/blog\/wp-content\/uploads\/2013\/03\/vogel-buchhandlung130319.jpg\" alt=\"\" width=\"300\" height=\"148\" srcset=\"https:\/\/www.freiburg-schwarzwald.de\/blog\/wp-content\/uploads\/2013\/03\/vogel-buchhandlung130319.jpg 300w, https:\/\/www.freiburg-schwarzwald.de\/blog\/wp-content\/uploads\/2013\/03\/vogel-buchhandlung130319-180x88.jpg 180w\" sizes=\"auto, (max-width: 300px) 100vw, 300px\" \/><\/a><br \/>\nJudith Starke (rechts) und Maria Kratschmer<\/h6>\n<h6>Bestellen Sie bis 17.30 Uhr und Ihr Auftrag liegt schon am n\u00e4chsten Tag ab 09.30 Uhr zur Abholung bereit.<br \/>\nVersandkostenfreie Lieferung innerhalb Deutschlands.<\/h6>\n<p>&nbsp;<\/p>\n<dl id=\"attachment_21949\">\n<dt><a href=\"https:\/\/www.freiburg-schwarzwald.de\/blog\/bildung\/hochschulen\/ph\/storch-littenweiler-kappel-pan12nov\/\" rel=\"attachment wp-att-21949\"><img loading=\"lazy\" decoding=\"async\" title=\"storch-littenweiler-kappel-pan12nov\" src=\"https:\/\/www.freiburg-schwarzwald.de\/blog\/wp-content\/uploads\/2012\/07\/storch-littenweiler-kappel-pan12nov.jpg\" alt=\"\" width=\"639\" height=\"207\" \/><\/a><\/dt>\n<dd>Blick nach S\u00fcden im Dreisamtal \u00fcber Kappel und Littenweiler (rechts) hoch zum Kybfelsen im November 2012<\/dd>\n<\/dl>\n<p>&nbsp;<\/p>\n<p><strong>Buchhandlung Vogel seit \u00fcber 30 Jahren<\/strong><\/p>\n<p>gel\u00f6scht 19.4.2024<br \/>\n&#8230; Alles vom 1.12.2013 bitte lesen im Littenweiler Dorfblatt Dezember 2013, S. 8<\/p>\n<p>&nbsp;<\/p>\n<p><strong>Einschliessen und Geniessen<\/strong><\/p>\n<p>Haben Sie sich schon einmal gew\u00fcnscht. in einer Buchhandlung eingeschlossen zu sein, um ganz in Ruhe zu st\u00f6bern? Bei uns wir Ihren dieser Wunsch erf\u00fcllt.<br \/>\nKommen Sie nach Landenschluss in unsere Buchhandlung. Dort werden Sie eingeschlossen, sind ganz f\u00fcr sich und k\u00f6nnen sich bei Kaffee und Kuchen viel Zeit zum St\u00f6bern und Einkaufen nehmen.<\/p>\n<p>Samstag 23.3.2013<br \/>\nSamstag 06.4.2013<br \/>\nSamstag 20.4.2013<br \/>\nJeweils von 14 bis 16 Uhr<\/p>\n<p>Anmeldung erforderlich, da Teilnehmerzahl begrenzt. Unkostenbeitrag 4 Euro\/Person.<br \/>\nAb 6 Personen k\u00f6nnen Sie gerne einen individuellen Termin vereinbaren.<br \/>\nTel 0761\/67244, <a href=\"mailto:info@buchhandlung-vogel.de\">info@buchhandlung-vogel.de<\/a><br \/>\n19.3.2013<\/p>\n<p>&nbsp;<\/p>\n<p><strong>Osterbasteln f\u00fcr Kinder<\/strong><\/p>\n<p>Dastelst du gerne?<br \/>\nDann komm am 27. M\u00e4rz ab 14.30 Uhr in die Buchhandlung Vogel in Freibirg-Littenweilker und bastle mit uns.<\/p>\n<p>18.3.2013<\/p>\n","protected":false},"excerpt":{"rendered":"<p>Home &gt;Business &gt;Handel &gt;Buch &gt;Buchhandel &gt;Vogel-Buchhandlung Buchhandlung Vogel seit \u00fcber 30 Jahren (1.12.2013) https:\/\/www.freiburg-schwarzwald.de\/blog\/buch-lesen-nach-ladenschluss\/\u00a0(19.3.2013) Osterbasteln f\u00fcr Kinder (18.3.2013) Buchhandlung Vogel an der PH Einschliessen und Geniessen Littenweiler Studenten PH Littenweiler &nbsp; Buchhandlung Vogel an der PH Generationen von Studentinnen und &hellip; <a href=\"https:\/\/www.freiburg-schwarzwald.de\/blog\/business\/handel\/buchhandel\/vogel-buchhandlung\/\">Weiterlesen <span class=\"meta-nav\">&rarr;<\/span><\/a><\/p>\n","protected":false},"author":4,"featured_media":0,"parent":1067,"menu_order":0,"comment_status":"open","ping_status":"closed","template":"","meta":{"footnotes":""},"class_list":["post-25116","page","type-page","status-publish","hentry"],"_links":{"self":[{"href":"https:\/\/www.freiburg-schwarzwald.de\/blog\/wp-json\/wp\/v2\/pages\/25116","targetHints":{"allow":["GET"]}}],"collection":[{"href":"https:\/\/www.freiburg-schwarzwald.de\/blog\/wp-json\/wp\/v2\/pages"}],"about":[{"href":"https:\/\/www.freiburg-schwarzwald.de\/blog\/wp-json\/wp\/v2\/types\/page"}],"author":[{"embeddable":true,"href":"https:\/\/www.freiburg-schwarzwald.de\/blog\/wp-json\/wp\/v2\/users\/4"}],"replies":[{"embeddable":true,"href":"https:\/\/www.freiburg-schwarzwald.de\/blog\/wp-json\/wp\/v2\/comments?post=25116"}],"version-history":[{"count":2,"href":"https:\/\/www.freiburg-schwarzwald.de\/blog\/wp-json\/wp\/v2\/pages\/25116\/revisions"}],"predecessor-version":[{"id":122951,"href":"https:\/\/www.freiburg-schwarzwald.de\/blog\/wp-json\/wp\/v2\/pages\/25116\/revisions\/122951"}],"up":[{"embeddable":true,"href":"https:\/\/www.freiburg-schwarzwald.de\/blog\/wp-json\/wp\/v2\/pages\/1067"}],"wp:attachment":[{"href":"https:\/\/www.freiburg-schwarzwald.de\/blog\/wp-json\/wp\/v2\/media?parent=25116"}],"curies":[{"name":"wp","href":"https:\/\/api.w.org\/{rel}","templated":true}]}}

<p>Home &gt;<a title="Business" href="https://www.freiburg-schwarzwald.de/blog/business/">Business</a> &gt;<a title="Handel" href="https://www.freiburg-schwarzwald.de/blog/business/handel/">Handel</a> &gt;<a title="Buch" href="https://www.freiburg-schwarzwald.de/blog/kultur/dichter/literatur/buch/">Buch</a> &gt;<a title="Buchhandel" href="https://www.freiburg-schwarzwald.de/blog/business/handel/buchhandel/">Buchhandel</a> &gt;Vogel-Buchhandlung</p>
<div id="attachment_12213" style="width: 647px" class="wp-caption alignnone"><a href="https://www.freiburg-schwarzwald.de/blog/selbsthilfe/soziales/justiz/polizei/schlossberg13littenweiler-pan21002-2/" rel="attachment wp-att-12213"><img loading="lazy" decoding="async" aria-describedby="caption-attachment-12213" class="size-full wp-image-12213" title="schlossberg13littenweiler-pan21002" src="https://www.freiburg-schwarzwald.de/blog/wp-content/uploads/2012/10/schlossberg13littenweiler-pan21002.jpg" alt="" width="637" height="195" srcset="https://www.freiburg-schwarzwald.de/blog/wp-content/uploads/2012/10/schlossberg13littenweiler-pan21002.jpg 637w, https://www.freiburg-schwarzwald.de/blog/wp-content/uploads/2012/10/schlossberg13littenweiler-pan21002-180x55.jpg 180w" sizes="auto, (max-width: 637px) 100vw, 637px" /></a><p id="caption-attachment-12213" class="wp-caption-text">Blick vom Freiburger Schlossberg nach Osten zu Dreisamtal und Littenweiler am 2.10.2012</p></div>
<ul>
<li>Buchhandlung Vogel seit über 30 Jahren (1.12.2013)</li>
<li><a href="https://www.freiburg-schwarzwald.de/blog/buch-lesen-nach-ladenschluss/">https://www.freiburg-schwarzwald.de/blog/buch-lesen-nach-ladenschluss/</a> (19.3.2013)</li>
<li>Osterbasteln für Kinder (18.3.2013)</li>
<li>Buchhandlung Vogel an der PH</li>
<li>Einschliessen und Geniessen</li>
<li><a title="Littenweiler-Studenten" href="https://www.freiburg-schwarzwald.de/blog/regio/freiburg/littenweiler/littenweiler-studenten/">Littenweiler Studenten</a></li>
<li><a title="PH" href="https://www.freiburg-schwarzwald.de/blog/bildung/hochschulen/ph/">PH</a></li>
<li><a title="Littenweiler" href="https://www.freiburg-schwarzwald.de/blog/regio/freiburg/littenweiler/">Littenweiler </a></li>
</ul>
<p>&nbsp;</p>
<p><strong>Buchhandlung Vogel an der PH</strong></p>
<p>Generationen von Studentinnen und Studenten der Pädagogischen Hochschule finden seit über 30 Jahren bei uns ihr Lesefutter. Auch die Einwohner im kurz vor Freiburg gelegenen Stadtteil Littenweiler schmökern gerne in unserer Buchhandlung.<br />
<em>Buchhandlung Vogel,<br />
Kunzenweg 26, 79117 Freiburg &#8211; Littenweiler<br />
Leiterin: Judith Starke<strong><br />
</strong>Tel 0761 &#8211; 67244, Fax: 0761 &#8211; 60270</em><br />
<em>Montag &#8211; Freitag von 09.00 &#8211; 18.00 Uhr, Samstag von 09.00 &#8211; 13.00 Uhr<br />
</em><a href="https://www.buchhandlung-vogel.de">www.buchhandlung-vogel.de</a>  , E-Mail: <a href="mailto:info@morys-hofbuchhandlung.de" target="_blank" rel="noopener">info@buchhandlung-vogel.de</a></p>
<h6><a href="https://www.freiburg-schwarzwald.de/blog/business/handel/buchhandel/vogel-buchhandlung/buchhandlung-vogel30319/" rel="attachment wp-att-25160"><img loading="lazy" decoding="async" title="buchhandlung-vogel30319" src="https://www.freiburg-schwarzwald.de/blog/wp-content/uploads/2013/03/buchhandlung-vogel30319-180x135.jpg" alt="" width="180" height="135" /></a>               <a href="https://www.freiburg-schwarzwald.de/blog/business/handel/buchhandel/vogel-buchhandlung/vogel-buchhandlung130319/" rel="attachment wp-att-25188"><img loading="lazy" decoding="async" class="alignnone wp-image-25188" title="vogel-buchhandlung130319" src="https://www.freiburg-schwarzwald.de/blog/wp-content/uploads/2013/03/vogel-buchhandlung130319.jpg" alt="" width="300" height="148" srcset="https://www.freiburg-schwarzwald.de/blog/wp-content/uploads/2013/03/vogel-buchhandlung130319.jpg 300w, https://www.freiburg-schwarzwald.de/blog/wp-content/uploads/2013/03/vogel-buchhandlung130319-180x88.jpg 180w" sizes="auto, (max-width: 300px) 100vw, 300px" /></a><br />
Judith Starke (rechts) und Maria Kratschmer</h6>
<h6>Bestellen Sie bis 17.30 Uhr und Ihr Auftrag liegt schon am nächsten Tag ab 09.30 Uhr zur Abholung bereit.<br />
Versandkostenfreie Lieferung innerhalb Deutschlands.</h6>
<p>&nbsp;</p>
<dl id="attachment_21949">
<dt><a href="https://www.freiburg-schwarzwald.de/blog/bildung/hochschulen/ph/storch-littenweiler-kappel-pan12nov/" rel="attachment wp-att-21949"><img loading="lazy" decoding="async" title="storch-littenweiler-kappel-pan12nov" src="https://www.freiburg-schwarzwald.de/blog/wp-content/uploads/2012/07/storch-littenweiler-kappel-pan12nov.jpg" alt="" width="639" height="207" /></a></dt>
<dd>Blick nach Süden im Dreisamtal über Kappel und Littenweiler (rechts) hoch zum Kybfelsen im November 2012</dd>
</dl>
<p>&nbsp;</p>
<p><strong>Buchhandlung Vogel seit über 30 Jahren</strong></p>
<p>gelöscht 19.4.2024<br />
&#8230; Alles vom 1.12.2013 bitte lesen im Littenweiler Dorfblatt Dezember 2013, S. 8</p>
<p>&nbsp;</p>
<p><strong>Einschliessen und Geniessen</strong></p>
<p>Haben Sie sich schon einmal gewünscht. in einer Buchhandlung eingeschlossen zu sein, um ganz in Ruhe zu stöbern? Bei uns wir Ihren dieser Wunsch erfüllt.<br />
Kommen Sie nach Landenschluss in unsere Buchhandlung. Dort werden Sie eingeschlossen, sind ganz für sich und können sich bei Kaffee und Kuchen viel Zeit zum Stöbern und Einkaufen nehmen.</p>
<p>Samstag 23.3.2013<br />
Samstag 06.4.2013<br />
Samstag 20.4.2013<br />
Jeweils von 14 bis 16 Uhr</p>
<p>Anmeldung erforderlich, da Teilnehmerzahl begrenzt. Unkostenbeitrag 4 Euro/Person.<br />
Ab 6 Personen können Sie gerne einen individuellen Termin vereinbaren.<br />
Tel 0761/67244, <a href="mailto:info@buchhandlung-vogel.de">info@buchhandlung-vogel.de</a><br />
19.3.2013</p>
<p>&nbsp;</p>
<p><strong>Osterbasteln für Kinder</strong></p>
<p>Dastelst du gerne?<br />
Dann komm am 27. März ab 14.30 Uhr in die Buchhandlung Vogel in Freibirg-Littenweilker und bastle mit uns.</p>
<p>18.3.2013</p>

<p>Home &gt;Business &gt;Handel &gt;Buch &gt;Buchhandel &gt;Vogel-Buchhandlung Buchhandlung Vogel seit über 30 Jahren (1.12.2013) https://www.freiburg-schwarzwald.de/blog/buch-lesen-nach-ladenschluss/ (19.3.2013) Osterbasteln für Kinder (18.3.2013) Buchhandlung Vogel an der PH Einschliessen und Geniessen Littenweiler Studenten PH Littenweiler &nbsp; Buchhandlung Vogel an der PH Generationen von Studentinnen und &hellip; <a href="https://www.freiburg-schwarzwald.de/blog/business/handel/buchhandel/vogel-buchhandlung/">Weiterlesen <span class="meta-nav">&rarr;</span></a></p>
