{"id":20730,"date":"2013-01-25T15:54:53","date_gmt":"2013-01-25T14:54:53","guid":{"rendered":"https:\/\/www.freiburg-schwarzwald.de\/blog\/?page_id=20730"},"modified":"2013-01-26T19:02:00","modified_gmt":"2013-01-26T18:02:00","slug":"linach","status":"publish","type":"page","link":"https:\/\/www.freiburg-schwarzwald.de\/blog\/regio\/orte\/linach\/","title":{"rendered":"Linach"},"content":{"rendered":"<p>Home &gt;<a title=\"Regio\" href=\"https:\/\/www.freiburg-schwarzwald.de\/blog\/regio\/\">Regio<\/a> &gt;<a title=\"Orte\" href=\"https:\/\/www.freiburg-schwarzwald.de\/blog\/regio\/orte\/\">Orte<\/a> &gt;Linach<\/p>\n<div id=\"attachment_20733\" style=\"width: 610px\" class=\"wp-caption alignnone\"><a href=\"https:\/\/www.freiburg-schwarzwald.de\/blog\/regio\/orte\/linach\/linach1pan080513\/\" rel=\"attachment wp-att-20733\"><img loading=\"lazy\" decoding=\"async\" aria-describedby=\"caption-attachment-20733\" class=\"size-full wp-image-20733\" title=\"linach1pan080513\" src=\"https:\/\/www.freiburg-schwarzwald.de\/blog\/wp-content\/uploads\/2013\/01\/linach1pan080513.jpg\" alt=\"\" width=\"600\" height=\"171\" srcset=\"https:\/\/www.freiburg-schwarzwald.de\/blog\/wp-content\/uploads\/2013\/01\/linach1pan080513.jpg 600w, https:\/\/www.freiburg-schwarzwald.de\/blog\/wp-content\/uploads\/2013\/01\/linach1pan080513-180x51.jpg 180w\" sizes=\"auto, (max-width: 600px) 100vw, 600px\" \/><\/a><p id=\"caption-attachment-20733\" class=\"wp-caption-text\">Blick beim Wangerh\u00e4usle nach Westen ins Linachtal am 13.5.2008 - gelb bl\u00fchender L\u00f6wenzahn an der Sommerseite des Tals<\/p><\/div>\n<div class=\"mceTemp\">\u00a0<\/div>\n<div class=\"mceTemp\">\n<ul>\n<li><a href=\"https:\/\/www.frsw.de\/linach1.htm\">Aktuelle Infos zur Linach-Seite<\/a> &gt;Linach1<\/li>\n<li><a href=\"https:\/\/www.frsw.de\/linach5.htm\">Bauernh\u00f6fe (Ferienwohnung, Hofladen, Brauchtum) in Linacher Tal<\/a> &gt;Linach5<\/li>\n<li><a href=\"https:\/\/www.frsw.de\/linach.htm#Furtwangen-Linach und V\u00f6hrenbach-Linach\">Furtwangen-Linach und V\u00f6hrenbach-Linach<\/a><\/li>\n<li><a href=\"https:\/\/www.frsw.de\/linach.htm#Durch Linachtal von Westen nach Osten\">Durch das Linachtal von Westen nach Osten<\/a><\/li>\n<li><a href=\"https:\/\/www.frsw.de\/linach.htm#Linacher Kirche\">Linacher Kirche<\/a><\/li>\n<li><a href=\"https:\/\/www.frsw.de\/linachtalsperre.htm\">Linachtalsperre<\/a> &gt;Linachtalsperre<\/li>\n<li><a href=\"https:\/\/www.frsw.de\/schwanenbach.htm\">Schwanenbach<\/a>&gt;Schwanenbach<\/li>\n<li><span><a href=\"https:\/\/www.frsw.de\/linach.htm#Wandern auf den H\u00f6hen des Linachtals - Sommerseite und WInterseite\">Wandern auf den H\u00f6hen des Linachtals &#8211; Sommerseite und WiInterseite<\/a><br \/>\n\u00a0 <\/span><\/li>\n<li><a href=\"https:\/\/www.frsw.de\/voehrenbach5.htm\">Ferien auf dem Bauernhof in V\u00f6hrenbach mit Linach-Ost<\/a> &gt;Voehrenbach5<\/li>\n<li><a href=\"https:\/\/www.frsw.de\/furtwangen5.htm\">Ferien auf dem Bauernhof in Furtwangen mit Linach-West<\/a> &gt;Furtwangen5<\/li>\n<li><a href=\"https:\/\/www.frsw.de\/schonach5.htm\">Ferien auf dem Bauernhof in Schonach<\/a> &gt;Schonach5<\/li>\n<li><a href=\"https:\/\/www.frsw.de\/schoenwald5.htm\">Ferien auf dem Bauernhof in Sch\u00f6nwald<\/a> &gt;Schoenwald5<\/li>\n<li><span><a href=\"https:\/\/www.frsw.de\/guetenbach5.htm\">Ferien auf dem Bauernhof in G\u00fctenbach<\/a> &gt;Guetenbach5 <\/span><\/li>\n<li><a href=\"https:\/\/www.frsw.de\/schollach.htm\">Schollachtal &#8211; parallel verlaufend ganz im S\u00fcden<\/a> &gt;Schollach<\/li>\n<li><a href=\"https:\/\/www.frsw.de\/urach.htm\">Urachtal &#8211; parallel verlaufend im S\u00fcden<\/a> &gt;Urach<\/li>\n<li><a href=\"https:\/\/www.frsw.de\/linach.htm#Links\">Links<\/a><\/li>\n<\/ul>\n<\/div>\n<div><strong>Bauernhlfe im Linachtal<\/strong>\u00a0<\/div>\n<div class=\"mceTemp\">\u00a0<\/div>\n<ul>\n<li><a href=\"https:\/\/www.frsw.de\/schwanenbach.htm#Bartlesbauernhof\">Bartlesbauer<\/a> &gt;Schwanenbach<\/li>\n<li><a href=\"https:\/\/www.frsw.de\/linach5.htm#Altenvogtshof in Linach\">Altenvogtshof in Linach<\/a><\/li>\n<li><a href=\"https:\/\/www.frsw.de\/linach5.htm#Bergst\u00fcble im M\u00e4derstal\">Bergst\u00fcble im M\u00e4derstal<\/a><\/li>\n<li><a href=\"https:\/\/www.frsw.de\/linach5.htm#Bernhardenhof in Furtwangen-Linach\">Bernhardenhof in Furtwangen-Linach<\/a><\/li>\n<li><a title=\"Buehlhof\" href=\"https:\/\/www.freiburg-schwarzwald.de\/blog\/bauernhof\/buehlhof\/\">B\u00fchlhof in Furtwangen-Linach<\/a><\/li>\n<li><a href=\"https:\/\/www.frsw.de\/schwanenbach.htm#Fohrenb\u00fchl in Linach-Schwanenbach\">Fohrenb\u00fchl in Linach-Schwanenbach<\/a> &gt;Schwanenbach<\/li>\n<li><a href=\"https:\/\/www.frsw.de\/linach5.htm#Fuchslochhof in V\u00f6hrenbach\">Fuchslochhof in Linach<\/a><\/li>\n<li><a href=\"https:\/\/www.frsw.de\/linach5.htm#Hansenhof in Furtwangen-Linach\">Hansenhof in Furtwangen-Linach<\/a><\/li>\n<li><a href=\"https:\/\/www.frsw.de\/schwanenbach.htm#Hansj\u00f6rgenhof in Linach-Schwanenbach\">Hansj\u00f6rgenhof<\/a> &gt;Schwanenbach<\/li>\n<li><a href=\"https:\/\/www.frsw.de\/schwanenbach.htm#Hermeshof in Linach-Schwanenbach\">Hermeshof<\/a> &gt;Schwanenbach<\/li>\n<li><a href=\"https:\/\/www.frsw.de\/linach5.htm#Hinterbauernhof in Linach\">Hinterbauernhof in Linach<\/a>, Hofladen und M\u00fchle<\/li>\n<li><a title=\"Buehlhof\" href=\"https:\/\/www.freiburg-schwarzwald.de\/blog\/bauernhof\/buehlhof\/\">Kanstingerh\u00e4usle<\/a><\/li>\n<li><a href=\"https:\/\/www.frsw.de\/linach5.htm#Kohlerh\u00e4usle in Linach\">Kohlerh\u00e4usle in Linach<\/a><\/li>\n<li><a href=\"https:\/\/www.frsw.de\/linach5.htm#Leimmoos\">Leimmoos<\/a><\/li>\n<li><a href=\"https:\/\/www.frsw.de\/linach5.htm#Lettwies\">Lettwies<\/a><\/li>\n<li><a href=\"https:\/\/www.frsw.de\/linach5.htm#Michelhof in Furtwangen-Linach\">Michelhof (Michelshof) in Furtwangen-Linach &#8211; Campingplatz<\/a><\/li>\n<li><a href=\"https:\/\/www.frsw.de\/linach5.htm#Muckle-Haus\">Muckle-Haus beim Fuchsloch<\/a><\/li>\n<li><a href=\"https:\/\/www.frsw.de\/linach5.htm#Rohrerh\u00e4usle\">Rohrerh\u00e4usle in Linach<\/a><\/li>\n<li><a href=\"https:\/\/www.frsw.de\/linach5.htm#Rothansenhof in Furtwangen-Linach\">Rothansenhof in Furtwangen-Linach<\/a><\/li>\n<li><a href=\"https:\/\/www.frsw.de\/linach5.htm#S\u00e4gem\u00fchle im Hexenloch\">S\u00e4gem\u00fchle im Hexenloch<\/a><\/li>\n<li><a href=\"https:\/\/www.frsw.de\/linach5.htm#Sargenh\u00e4usle - \u00e4ltestes Haus von Linach\">Sargenh\u00e4usle &#8211; \u00e4ltestes Haus von Linach<\/a><\/li>\n<li><a href=\"https:\/\/www.frsw.de\/linach5.htm#Schmiedshof in Linach\">Schmiedshof in Linach<\/a><\/li>\n<li><a href=\"https:\/\/www.frsw.de\/schwanenbach.htm\">Schwanenbach<\/a> &gt;Schwanenbach<\/li>\n<li><a href=\"https:\/\/www.frsw.de\/linach5.htm#Schwarzhansenhof in Linach\">Schwarzhansenhof in Linach<\/a><\/li>\n<li><a href=\"https:\/\/www.frsw.de\/linach5.htm#Wehrleshof\">Wehrleshof<\/a><\/li>\n<li><a href=\"https:\/\/www.frsw.de\/linach5.htm#Weissershof in Furtwangen-Linach\">Weissershof in Furtwangen-Linach<\/a><\/li>\n<li><a href=\"https:\/\/www.frsw.de\/linach5.htm#Wirtshof in Linach\">Wirtshof<\/a> in Linach<\/li>\n<li>\u00a0<\/li>\n<li><a href=\"https:\/\/www.frsw.de\/linach.htm\">Zum Linacher Tal<\/a> &gt;Linach<\/li>\n<li><a href=\"https:\/\/www.frsw.de\/furtwangen5.htm\">Ferien auf dem Bauernhof in Furtwangen<\/a> &gt;Furtwangen5<\/li>\n<li><a href=\"https:\/\/www.frsw.de\/neukirch5.htm\">Bauernhof (Ferienwohnung, Hofladen, Brauchtum) in Neukirch<\/a> &gt;Neukirch5<\/li>\n<li><a href=\"https:\/\/www.frsw.de\/voehrenbach5.htm\">Ferien auf dem Bauernhof in V\u00f6hrenbach<\/a> &gt;Voehrenbach5<\/li>\n<li><a href=\"https:\/\/www.frsw.de\/schonach5.htm\">Ferien auf dem Bauernhof in Schonach<\/a> &gt;Schonach5<\/li>\n<li><a href=\"https:\/\/www.frsw.de\/schoenwald5.htm\">Ferien auf dem Bauernhof in Sch\u00f6nwald<\/a> &gt;Schoenwald5<\/li>\n<li><a href=\"https:\/\/www.frsw.de\/schwanenbach.htm\">Bauernh\u00f6fe (Fewo, Brauchtum, Hofladen) im Schwanenbachtal<\/a> &gt;Schwanenbach<\/li>\n<li><a href=\"https:\/\/www.frsw.de\/guetenbach5.htm\">Ferien auf dem Bauernhof in G\u00fctenbach<\/a> &gt;Guetenbach5<\/li>\n<li><a href=\"https:\/\/www.frsw.de\/urach5.htm\">Ferien auf dem Bauernhof in Urach<\/a> &gt;Urach5<\/li>\n<\/ul>\n<p>&nbsp;<\/p>\n<div id=\"attachment_20743\" style=\"width: 608px\" class=\"wp-caption alignnone\"><a href=\"https:\/\/www.freiburg-schwarzwald.de\/blog\/regio\/orte\/linach\/linach1pan-080108\/\" rel=\"attachment wp-att-20743\"><img loading=\"lazy\" decoding=\"async\" aria-describedby=\"caption-attachment-20743\" class=\"size-full wp-image-20743\" title=\"linach1pan-080108\" src=\"https:\/\/www.freiburg-schwarzwald.de\/blog\/wp-content\/uploads\/2013\/01\/linach1pan-080108.jpg\" alt=\"\" width=\"598\" height=\"161\" srcset=\"https:\/\/www.freiburg-schwarzwald.de\/blog\/wp-content\/uploads\/2013\/01\/linach1pan-080108.jpg 598w, https:\/\/www.freiburg-schwarzwald.de\/blog\/wp-content\/uploads\/2013\/01\/linach1pan-080108-180x48.jpg 180w\" sizes=\"auto, (max-width: 598px) 100vw, 598px\" \/><\/a><p id=\"caption-attachment-20743\" class=\"wp-caption-text\">Blick nach Westen ins Linachtal \u00fcber Kirche (rechts) und Schwarzhansenhof am 8.1.2008<\/p><\/div>\n<p>&nbsp;<\/p>\n<p><strong>Furtwangen-Linach und V\u00f6hrenbach-Linach<\/strong><\/p>\n<p>Das Linacher Tal verl\u00e4uft von Westen nach Osten. Der westliche Teil geh\u00f6rt zu Furtwangen, der \u00f6stliche Teil ab dem Wangerh\u00e4usle\/Fuchsloch geh\u00f6rt zu <a href=\"https:\/\/www.frsw.de\/voehrenbach.htm\">V\u00f6hrenbach<\/a>.<br \/>\nZu Furtwangen-Linach geh\u00f6rt der Weiler Schulhaus (Altes und Neues) sowie die Wohnpl\u00e4tze Bregerhaus, Hinteres Bergh\u00e4usle, Kanstingerh\u00e4usle, Kesselbach (Unter), Kohlerh\u00e4usle, Langgrund, Leimoos, Lettwies, Linacher M\u00fchle, Rainh\u00e4usle, Rohrerh\u00e4usle, Sprenglerh\u00e4usle (Wintereck), Vorderes Bergh\u00e4usle und Waldh\u00e4usle<\/p>\n<p>Das Linacher Tal verl\u00e4uft von Westen nach Osten zwischen dem <a href=\"https:\/\/www.frsw.de\/urach.htm\">Uracher Tal<\/a> im S\u00fcden und dem Bregtal zwischen Furtwangen und V\u00f6hrenbach im Norden. Der tiefste Punkt von Linach liegt bei 870 m &#8211; und der h\u00f6chste nahe des Kohlwasens betr\u00e4gt 1111,5 m. Heute ist Linach zum gro\u00dfen Teil zu Furtwangen eingemeindet: Von Furtwangen-Ort das Hintere Bregtal bzw. M\u00e4derstal hoch \u00fcber den Bernhardenhof (1) zum Rothansenhof und weiter zur H\u00f6he 1027 (Wasserscheide Hintere Breg &#8211; Linach). Hier auf den H\u00f6hen des Leimoos (2) entspringt die Linach. Weiter \u00fcber den Altenvogtshof dem Linachbach folgend runter bis zum Hinterbauernhof.<br \/>\nAb dem Wangerh\u00e4usle endet die Gemarkung Furtwangen, es beginnt V\u00f6hrenbach-Linach mit dem Fuchsloch und der Linachtalsperre (15).\u00a0Etwas \u00f6stlich der Talsperre gehts links nach Norden hoch in den Schwanenbach &#8211; ein abgeschiedenes und sonniges Hochtal mit vier sch\u00f6nen Bauernh\u00f6fen, wie z.B. dem <a href=\"https:\/\/www.frsw.de\/voehrenbach5.htm#Fohrenb\u00fchl in Linach-Schwanenbach\">Fohrenb\u00fchl<\/a>. 1 km weiter unten m\u00fcndet die Linach in die Breg. Leimoos liegt auf rund 1040 m.<\/p>\n<p><em>Biolandwirtschaft in Linach:<\/em> Alle landwirtschaftlichen Betriebe in Linach sind um 1990 auf Bio umgestiegen, sie sind dem Biolandesverband angeschlossen, produzieren nach dessen Richtlinien, werden aber von verschiedenen neutralen Kontrollstellen kontolliert<\/p>\n<p>&nbsp;<\/p>\n<div>\u00a0<\/div>\n<p>&nbsp;<\/p>\n","protected":false},"excerpt":{"rendered":"<p>Home &gt;Regio &gt;Orte &gt;Linach \u00a0 Aktuelle Infos zur Linach-Seite &gt;Linach1 Bauernh\u00f6fe (Ferienwohnung, Hofladen, Brauchtum) in Linacher Tal &gt;Linach5 Furtwangen-Linach und V\u00f6hrenbach-Linach Durch das Linachtal von Westen nach Osten Linacher Kirche Linachtalsperre &gt;Linachtalsperre Schwanenbach&gt;Schwanenbach Wandern auf den H\u00f6hen des Linachtals &#8211; &hellip; <a href=\"https:\/\/www.freiburg-schwarzwald.de\/blog\/regio\/orte\/linach\/\">Weiterlesen <span class=\"meta-nav\">&rarr;<\/span><\/a><\/p>\n","protected":false},"author":4,"featured_media":0,"parent":363,"menu_order":0,"comment_status":"open","ping_status":"closed","template":"","meta":{"footnotes":""},"class_list":["post-20730","page","type-page","status-publish","hentry"],"_links":{"self":[{"href":"https:\/\/www.freiburg-schwarzwald.de\/blog\/wp-json\/wp\/v2\/pages\/20730","targetHints":{"allow":["GET"]}}],"collection":[{"href":"https:\/\/www.freiburg-schwarzwald.de\/blog\/wp-json\/wp\/v2\/pages"}],"about":[{"href":"https:\/\/www.freiburg-schwarzwald.de\/blog\/wp-json\/wp\/v2\/types\/page"}],"author":[{"embeddable":true,"href":"https:\/\/www.freiburg-schwarzwald.de\/blog\/wp-json\/wp\/v2\/users\/4"}],"replies":[{"embeddable":true,"href":"https:\/\/www.freiburg-schwarzwald.de\/blog\/wp-json\/wp\/v2\/comments?post=20730"}],"version-history":[{"count":0,"href":"https:\/\/www.freiburg-schwarzwald.de\/blog\/wp-json\/wp\/v2\/pages\/20730\/revisions"}],"up":[{"embeddable":true,"href":"https:\/\/www.freiburg-schwarzwald.de\/blog\/wp-json\/wp\/v2\/pages\/363"}],"wp:attachment":[{"href":"https:\/\/www.freiburg-schwarzwald.de\/blog\/wp-json\/wp\/v2\/media?parent=20730"}],"curies":[{"name":"wp","href":"https:\/\/api.w.org\/{rel}","templated":true}]}}