{"id":2024,"date":"2012-04-22T15:56:15","date_gmt":"2012-04-22T15:56:15","guid":{"rendered":"https:\/\/www.freiburg-schwarzwald.de\/blog\/?page_id=2024"},"modified":"2022-12-21T20:27:42","modified_gmt":"2022-12-21T19:27:42","slug":"thaddaeushof","status":"publish","type":"page","link":"https:\/\/www.freiburg-schwarzwald.de\/blog\/bauernhof\/thaddaeushof\/","title":{"rendered":"Thaddaeushof"},"content":{"rendered":"<p>Home &gt;<a title=\"Bauernhof\" href=\"https:\/\/www.freiburg-schwarzwald.de\/blog\/bauernhof\/\">Bauernhof<\/a> &gt;Thaddaeushof<\/p>\n<div id=\"attachment_2031\" style=\"width: 610px\" class=\"wp-caption alignnone\"><a href=\"https:\/\/www.freiburg-schwarzwald.de\/blog\/bauernhof\/thaddaeushof\/thaddaeushof-pan100423\/\" rel=\"attachment wp-att-2031\"><img loading=\"lazy\" decoding=\"async\" aria-describedby=\"caption-attachment-2031\" class=\"size-full wp-image-2031\" title=\"thaddaeushof-pan100423\" src=\"https:\/\/www.freiburg-schwarzwald.de\/blog\/wp-content\/uploads\/2012\/04\/thaddaeushof-pan100423.jpg\" alt=\"\" width=\"600\" height=\"184\" srcset=\"https:\/\/www.freiburg-schwarzwald.de\/blog\/wp-content\/uploads\/2012\/04\/thaddaeushof-pan100423.jpg 600w, https:\/\/www.freiburg-schwarzwald.de\/blog\/wp-content\/uploads\/2012\/04\/thaddaeushof-pan100423-180x55.jpg 180w\" sizes=\"auto, (max-width: 600px) 100vw, 600px\" \/><\/a><p id=\"caption-attachment-2031\" class=\"wp-caption-text\">Blick nach Westen im Dreisamtal zum Thadd\u00e4ushof am 24.4.2010 &#8211; L\u00f6wenzahn gelb<\/p><\/div>\n<ul>\n<li><a href=\"https:\/\/www.freiburg-schwarzwald.de\/blog\/landwirte-zu-weihnachten\/\">Landwirte zu Weihnachten<\/a>\u00a0(21.12.2022)<\/li>\n<li><a href=\"https:\/\/www.freiburg-schwarzwald.de\/blog\/natur\/tiere\/rinder\/\">Abschied von Anbindehaltung bringt kleine Bauern im Schwarzwald in Not<\/a> (5.8.2021)<\/li>\n<li><a title=\"Attental\" href=\"https:\/\/www.freiburg-schwarzwald.de\/blog\/regio\/orte\/stegen\/attental\/\">Rauferhof: Vollerwerbslandwirtschaft mit Ferienwohnung<\/a>\u00a0(20.11.2019)<\/li>\n<li><a title=\"Bienen\" href=\"https:\/\/www.freiburg-schwarzwald.de\/blog\/natur\/tiere\/bienen\/\">Dreisamt\u00e4ler Landwirte zum Volksbegehren \u201ePro Biene\u201c<\/a>\u00a0 (8.10.2019)<\/li>\n<li><a href=\"https:\/\/www.freiburg-schwarzwald.de\/blog\/blhv-dankt-den-dreisamtaelern\/\">https:\/\/www.freiburg-schwarzwald.de\/blog\/blhv-dankt-den-dreisamtaelern\/<\/a> (21.12.2016)<\/li>\n<li><a href=\"https:\/\/www.freiburg-schwarzwald.de\/blog\/thaddaeushof-feiert-50-jaehriges-und-seit-20-jahren-bioland-betrieb\/\">https:\/\/www.freiburg-schwarzwald.de\/blog\/thaddaeushof-feiert-50-jaehriges-und-seit-20-jahren-bioland-betrieb\/<\/a><\/li>\n<li><a href=\"https:\/\/www.freiburg-schwarzwald.de\/littenweiler\/oberried6.htm#B\u00fcrger trifft Bauern: Milchbauerntag am 30.8.2009\">B\u00fcrger trifft Bauern: Milchbauerntag am 30.8.200<\/a>9 &gt;Oberried6 (27.8.2009)<\/li>\n<li><\/li>\n<li><a title=\"Attental\" href=\"https:\/\/www.freiburg-schwarzwald.de\/blog\/regio\/orte\/stegen\/attental\/\">Attental<\/a><\/li>\n<li><a href=\"https:\/\/www.freiburg-schwarzwald.de\/dreisamtaelerbauernmarkt.htm#Bauernmarkt in Kirchzarten\">Dreisamt\u00e4ler Bauernmarkt<\/a><\/li>\n<li>Thadd\u00e4ushof in Kirchzarten<\/li>\n<\/ul>\n<p>&nbsp;<\/p>\n<p><strong>Thadd\u00e4ushof in Kirchzarten<\/strong><\/p>\n<p>Bioland-Hof mit <a href=\"https:\/\/www.freiburg-schwarzwald.de\/hofladen.htm\">Hofladen<\/a>:<br \/>\n\u00d6ffnungszeiten: Di und Sa 10\u201313 Uhr, Fr 10\u201313 Uhr und 15\u201317 Uhr<br \/>\nReichhaltiges Angebot: Fleisch und Wurst, Milch, Getreideprodukte, Frisches Feldgem\u00fcse<\/p>\n<p>Organisch-Biologischer Landbau, Familie Bank, Freiburger Strasse 32, 79199 Kirchzarten, Tel 07661\/1310, <a href=\"mailto:rainer.bank@gmx.de\">rainer.bank@gmx.de<\/a> , <a href=\"https:\/\/www.hofladen-bank.de\/\">www.hofladen-bank.de<\/a><\/p>\n<p>Der Thadd\u00e4ushof kooperiert mit dem<a title=\"Kunzenhof\" href=\"https:\/\/www.freiburg-schwarzwald.de\/blog\/bildung\/kunzenhof\/\"> Lernort Kunzenhof <\/a>in Freiburg-Littenweiler.<\/p>\n<p><a href=\"https:\/\/www.freiburg-schwarzwald.de\/blog\/bauernhof\/thaddaeushof\/thaddaeushof071031\/\" rel=\"attachment wp-att-2027\"><img loading=\"lazy\" decoding=\"async\" class=\"alignnone size-thumbnail wp-image-2027\" title=\"thaddaeushof071031\" src=\"https:\/\/www.freiburg-schwarzwald.de\/blog\/wp-content\/uploads\/2012\/04\/thaddaeushof071031-180x135.jpg\" alt=\"\" width=\"180\" height=\"135\" srcset=\"https:\/\/www.freiburg-schwarzwald.de\/blog\/wp-content\/uploads\/2012\/04\/thaddaeushof071031-180x135.jpg 180w, https:\/\/www.freiburg-schwarzwald.de\/blog\/wp-content\/uploads\/2012\/04\/thaddaeushof071031-640x480.jpg 640w, https:\/\/www.freiburg-schwarzwald.de\/blog\/wp-content\/uploads\/2012\/04\/thaddaeushof071031.jpg 641w\" sizes=\"auto, (max-width: 180px) 100vw, 180px\" \/><\/a>\u00a0\u00a0\u00a0\u00a0\u00a0\u00a0\u00a0\u00a0\u00a0 <a href=\"https:\/\/www.freiburg-schwarzwald.de\/blog\/bauernhof\/thaddaeushof\/thaddaeus060729\/\" rel=\"attachment wp-att-2028\"><img loading=\"lazy\" decoding=\"async\" title=\"thaddaeus060729\" src=\"https:\/\/www.freiburg-schwarzwald.de\/blog\/wp-content\/uploads\/2012\/04\/thaddaeus060729-180x132.jpg\" alt=\"\" width=\"180\" height=\"132\" \/><\/a>\u00a0\u00a0\u00a0\u00a0\u00a0\u00a0\u00a0\u00a0\u00a0 <a href=\"https:\/\/www.freiburg-schwarzwald.de\/blog\/bauernhof\/thaddaeushof\/thaddaeushof1003\/\" rel=\"attachment wp-att-2029\"><img loading=\"lazy\" decoding=\"async\" class=\"alignnone size-thumbnail wp-image-2029\" title=\"thaddaeushof1003\" src=\"https:\/\/www.freiburg-schwarzwald.de\/blog\/wp-content\/uploads\/2012\/04\/thaddaeushof1003-180x135.jpg\" alt=\"\" width=\"180\" height=\"135\" srcset=\"https:\/\/www.freiburg-schwarzwald.de\/blog\/wp-content\/uploads\/2012\/04\/thaddaeushof1003-180x135.jpg 180w, https:\/\/www.freiburg-schwarzwald.de\/blog\/wp-content\/uploads\/2012\/04\/thaddaeushof1003.jpg 640w\" sizes=\"auto, (max-width: 180px) 100vw, 180px\" \/><\/a><br \/>\n(1) Thadd\u00e4ushof 31.10.2007\u00a0\u00a0\u00a0\u00a0\u00a0\u00a0\u00a0\u00a0\u00a0\u00a0\u00a0\u00a0\u00a0\u00a0\u00a0\u00a0\u00a0 (2) Familie Bank\u00a0\u00a0\u00a0\u00a0\u00a0\u00a0\u00a0\u00a0\u00a0\u00a0\u00a0\u00a0\u00a0\u00a0\u00a0\u00a0\u00a0\u00a0\u00a0\u00a0\u00a0\u00a0\u00a0\u00a0\u00a0\u00a0\u00a0\u00a0\u00a0\u00a0\u00a0\u00a0\u00a0\u00a0\u00a0\u00a0\u00a0\u00a0\u00a0 (3) Hofladen<\/p>\n<p><a href=\"https:\/\/www.freiburg-schwarzwald.de\/blog\/bauernhof\/thaddaeushof\/thaddaeushof130502\/\" rel=\"attachment wp-att-30026\"><img loading=\"lazy\" decoding=\"async\" class=\"alignnone size-thumbnail wp-image-30026\" title=\"thaddaeushof130502\" src=\"https:\/\/www.freiburg-schwarzwald.de\/blog\/wp-content\/uploads\/2012\/04\/thaddaeushof130502-180x135.jpg\" alt=\"\" width=\"180\" height=\"135\" srcset=\"https:\/\/www.freiburg-schwarzwald.de\/blog\/wp-content\/uploads\/2012\/04\/thaddaeushof130502-180x135.jpg 180w, https:\/\/www.freiburg-schwarzwald.de\/blog\/wp-content\/uploads\/2012\/04\/thaddaeushof130502.jpg 640w\" sizes=\"auto, (max-width: 180px) 100vw, 180px\" \/><\/a><br \/>\n(4)<\/p>\n<p>(1) Tele-Blick nach S\u00fcdwesten \u00fcber den Thadd\u00e4ushof zum Kamelberg und Pfeiferberg (links) am 31.10.2007<br \/>\n(2) Familie Bank vom Thadd\u00e4ushof auf dem Bauernmarkt in Kirchzarten am 29.7.2006<br \/>\n(3) Hofladen Thadd\u00e4ushof am 3.3.2010<br \/>\n(4) Blick nach Westen ins Dreisamtal am 1. Mai 2013 &#8211; Thaddaeushof oben links<\/p>\n","protected":false},"excerpt":{"rendered":"<p>Home &gt;Bauernhof &gt;Thaddaeushof Landwirte zu Weihnachten\u00a0(21.12.2022) Abschied von Anbindehaltung bringt kleine Bauern im Schwarzwald in Not (5.8.2021) Rauferhof: Vollerwerbslandwirtschaft mit Ferienwohnung\u00a0(20.11.2019) Dreisamt\u00e4ler Landwirte zum Volksbegehren \u201ePro Biene\u201c\u00a0 (8.10.2019) https:\/\/www.freiburg-schwarzwald.de\/blog\/blhv-dankt-den-dreisamtaelern\/ (21.12.2016) https:\/\/www.freiburg-schwarzwald.de\/blog\/thaddaeushof-feiert-50-jaehriges-und-seit-20-jahren-bioland-betrieb\/ B\u00fcrger trifft Bauern: Milchbauerntag am 30.8.2009 &gt;Oberried6 (27.8.2009) Attental &hellip; <a href=\"https:\/\/www.freiburg-schwarzwald.de\/blog\/bauernhof\/thaddaeushof\/\">Weiterlesen <span class=\"meta-nav\">&rarr;<\/span><\/a><\/p>\n","protected":false},"author":2,"featured_media":0,"parent":373,"menu_order":0,"comment_status":"open","ping_status":"closed","template":"","meta":{"footnotes":""},"class_list":["post-2024","page","type-page","status-publish","hentry"],"_links":{"self":[{"href":"https:\/\/www.freiburg-schwarzwald.de\/blog\/wp-json\/wp\/v2\/pages\/2024","targetHints":{"allow":["GET"]}}],"collection":[{"href":"https:\/\/www.freiburg-schwarzwald.de\/blog\/wp-json\/wp\/v2\/pages"}],"about":[{"href":"https:\/\/www.freiburg-schwarzwald.de\/blog\/wp-json\/wp\/v2\/types\/page"}],"author":[{"embeddable":true,"href":"https:\/\/www.freiburg-schwarzwald.de\/blog\/wp-json\/wp\/v2\/users\/2"}],"replies":[{"embeddable":true,"href":"https:\/\/www.freiburg-schwarzwald.de\/blog\/wp-json\/wp\/v2\/comments?post=2024"}],"version-history":[{"count":2,"href":"https:\/\/www.freiburg-schwarzwald.de\/blog\/wp-json\/wp\/v2\/pages\/2024\/revisions"}],"predecessor-version":[{"id":107631,"href":"https:\/\/www.freiburg-schwarzwald.de\/blog\/wp-json\/wp\/v2\/pages\/2024\/revisions\/107631"}],"up":[{"embeddable":true,"href":"https:\/\/www.freiburg-schwarzwald.de\/blog\/wp-json\/wp\/v2\/pages\/373"}],"wp:attachment":[{"href":"https:\/\/www.freiburg-schwarzwald.de\/blog\/wp-json\/wp\/v2\/media?parent=2024"}],"curies":[{"name":"wp","href":"https:\/\/api.w.org\/{rel}","templated":true}]}}