{"id":20138,"date":"2013-01-15T14:49:53","date_gmt":"2013-01-15T13:49:53","guid":{"rendered":"https:\/\/www.freiburg-schwarzwald.de\/blog\/?page_id=20138"},"modified":"2013-01-15T14:55:26","modified_gmt":"2013-01-15T13:55:26","slug":"nierenkranke-kinder","status":"publish","type":"page","link":"https:\/\/www.freiburg-schwarzwald.de\/blog\/selbsthilfe\/kinder\/nierenkranke-kinder\/","title":{"rendered":"Nierenkranke-Kinder"},"content":{"rendered":"<p>Home &gt;<a title=\"Selbsthilfe\" href=\"https:\/\/www.freiburg-schwarzwald.de\/blog\/selbsthilfe\/\">Selbsthilfe<\/a> &gt;<a title=\"Chronisch\" href=\"https:\/\/www.freiburg-schwarzwald.de\/blog\/selbsthilfe\/chronisch\/\">Chronisch<\/a>\u00a0&gt;<a title=\"Kinder\" href=\"https:\/\/www.freiburg-schwarzwald.de\/blog\/selbsthilfe\/kinder\/\">Kinder<\/a> &gt;Nierenkranke-Kinder<\/p>\n<div id=\"attachment_19202\" style=\"width: 649px\" class=\"wp-caption alignnone\"><a href=\"https:\/\/www.freiburg-schwarzwald.de\/blog\/regio\/kaiserstuhl\/altvogtsburg\/kaiserstuhl8badloch-pan121029\/\" rel=\"attachment wp-att-19202\"><img loading=\"lazy\" decoding=\"async\" aria-describedby=\"caption-attachment-19202\" class=\"size-full wp-image-19202\" title=\"kaiserstuhl8badloch-pan121029\" src=\"https:\/\/www.freiburg-schwarzwald.de\/blog\/wp-content\/uploads\/2012\/12\/kaiserstuhl8badloch-pan121029.jpg\" alt=\"\" width=\"639\" height=\"224\" srcset=\"https:\/\/www.freiburg-schwarzwald.de\/blog\/wp-content\/uploads\/2012\/12\/kaiserstuhl8badloch-pan121029.jpg 639w, https:\/\/www.freiburg-schwarzwald.de\/blog\/wp-content\/uploads\/2012\/12\/kaiserstuhl8badloch-pan121029-180x63.jpg 180w\" sizes=\"auto, (max-width: 639px) 100vw, 639px\" \/><\/a><p id=\"caption-attachment-19202\" class=\"wp-caption-text\">Blick vom Badloch am Badberg bei Altvogtsburg nach Osten zum Totenkopf am 29.10.2012<\/p><\/div>\n<ul>\n<li><a href=\"https:\/\/www.freiburg-schwarzwald.de\/eltern-helfen-eltern.htm\">Eltern helfen Eltern &#8211; Selbsthilfegruppen an der Uniklinik Freiburg<\/a> &gt;Eltern-helfen-Eltern<\/li>\n<li>Hilfe f\u00fcr nierenkranke Kinder e.V.<\/li>\n<li>Tour der Hoffnung<\/li>\n<li>Hilfe des F\u00f6rdervereins in Zahlen<\/li>\n<\/ul>\n<p>&nbsp;<\/p>\n<p><strong>Hilfe f\u00fcr nierenkranke Kinder e.V.<\/strong><\/p>\n<p>Die Diagnose einer chronischen Nierenerkrankung im Kindes und Jugendalter stellt die gesamte Familie vor v\u00f6llig neue Aufgaben. K\u00f6rperliche Einschr\u00e4nkungen und\u00a0notwendige\u00a0medizinische Therapien f\u00fchren h\u00e4ufig zu belastenden Situationen, in denen Betroffene umfassende Unterst\u00fctzung und Hilfestellungen ben\u00f6tigen. Wir, vom Elternverein &#8222;Hilfe f\u00fcr\u00a0nierenkranke Kinder und Jugendliche e.V.&#8220; versuchen, die gesamte Familie von betroffenen Kindern und Jugendlichen\u00a0individuell zu unterst\u00fctzen. Und tragen so einen kleinen Teil zur Verbesserung der Gesamtsituation bei.<\/p>\n<p>Gemeinn\u00fctziger Verein,\u00a0besonders\u00a0f\u00f6rderungsw\u00fcrdig am Zentrum f\u00fcr Kinderheilkunde und Jugendmedizin Universit\u00e4tsklinikum Freiburg<br \/>\nGegr\u00fcndet 1981, 250 Mitglieder, Mitgliedsbeitrag mindestens 10 Euro\/Jahr<br \/>\nc\/o kristina Feil (Sozialp\u00e4dagogin) , Arnfried Kapp-Schwoerer (Vater, Tochter erhielt Transplantation) , Gabi Frenz (Kinderkrankenschwester) und Monika G\u00f6tz (Dialysefachschwester)<br \/>\nSelbstilfe von Eltern von chronisch nierenkranken Kindern<br \/>\nZentrum f\u00fcr Kinderheilkunde der Uniklinkk FR<br \/>\nMathildenstrasse 1, 79106 Freiburg, Tel 0761\/2704534<br \/>\n<a href=\"https:\/\/www.nierenkranke-kinder.de\/\">www.nierenkranke-kinder.de<\/a> , eMail <a href=\"mailto:info@nierenkranke-kinder.de\">info@nierenkranke-kinder.de<\/a><\/p>\n<p><span style=\"color: #008000;\"><strong>Konto: 2042004, Sparkasse FR, BLZ 68050101<\/strong><\/span><\/p>\n<p><span>\u00a0\u00a0<br \/>\n<\/span><strong>Tour der Hoffnung<br \/>\n<\/strong><br \/>\nPromis radeln f\u00fcr krebskranke Kinder. 2003 in Freiburg und im Kreis Breisgau-Hochschwarzwald<br \/>\n<span><a href=\"https:\/\/www.tour-der-hoffnung.de\/\">www.tour-der-hoffnung.de<\/a><\/span><\/p>\n<p>&nbsp;<\/p>\n<p><strong>Hilfe des F\u00f6rdervereins in Zahlen<\/strong><br \/>\n7000 Kinder zwischen drei Monaten und 18 Jahren werden pro Jahr in der Uni-Kinderklinik behandelt. 60 bis 70 kommen mit der Diagnose Krebs. Im vergangenen Jahr 2002 erhielten etwa 30 davon eine Knochenmark- oder Stammzellentransplantation. Die Kinder m\u00fcssen daf\u00fcr zwischen einem Monat und zwei Jahren auf Station bleiben. Im Elternhaus des F\u00f6rdervereins f\u00fcr krebskranke Kinder z\u00e4hlt man heute rund 1280 \u00dcbernachtungen im Monat, fast 14 000 im Jahr. Pro Nacht und \u00dcbernachtung verlangt der Verein 15,50 Euro, die in der Regel von den Krankenkassen bezahlt werden. Der Unterhalt des Elternhauses kostet rund 20 000 Euro pro Monat. F\u00fcr drei Vollzeit- und sieben Teilzeitkr\u00e4fte wendet der F\u00f6rderverein 250 000 Euro pro Jahr auf. Das Geld stammt aus Spendenmitteln. Im Jahr 2002 nahmen Eltern und Alleinerziehende insgesamt 465-Mal den Sozialdienst im Elternhaus in Anspruch. Ausgebildete Sozialarbeiter helfen bei der Organisation des Alltags. 126 Betroffene stellten 2002 einen Antrag auf Unterst\u00fctzung aus dem Sozialfonds des F\u00f6rdervereins f\u00fcr krebskranke Kinder. Dieser zahlte infolgedessen 65 126 Euro an Familien in finanziellen Notlagen aus. Daneben wurden 184 Beratungen f\u00fcr verwaiste Eltern angeboten. Die Erzieherin im Kindergarten des Elternhauses z\u00e4hlte 1450 Betreuungen. Dabei steht das Elternhaus keineswegs nur den Eltern krebskranker Kinder offen. 12 weitere Elterngruppen halten dort inzwischen ihre Treffen ab und nutzen das \u00dcbernachtungsangebot des Hauses.<br \/>\nMaikka Kost, <a href=\"https:\/\/www.bzol.de\/\">www.bzol.de<\/a> vom 18.8.2003<\/p>\n<p>&nbsp;<\/p>\n","protected":false},"excerpt":{"rendered":"<p>Home &gt;Selbsthilfe &gt;Chronisch\u00a0&gt;Kinder &gt;Nierenkranke-Kinder Eltern helfen Eltern &#8211; Selbsthilfegruppen an der Uniklinik Freiburg &gt;Eltern-helfen-Eltern Hilfe f\u00fcr nierenkranke Kinder e.V. Tour der Hoffnung Hilfe des F\u00f6rdervereins in Zahlen &nbsp; Hilfe f\u00fcr nierenkranke Kinder e.V. Die Diagnose einer chronischen Nierenerkrankung im Kindes &hellip; <a href=\"https:\/\/www.freiburg-schwarzwald.de\/blog\/selbsthilfe\/kinder\/nierenkranke-kinder\/\">Weiterlesen <span class=\"meta-nav\">&rarr;<\/span><\/a><\/p>\n","protected":false},"author":4,"featured_media":0,"parent":274,"menu_order":0,"comment_status":"open","ping_status":"closed","template":"","meta":{"footnotes":""},"class_list":["post-20138","page","type-page","status-publish","hentry"],"_links":{"self":[{"href":"https:\/\/www.freiburg-schwarzwald.de\/blog\/wp-json\/wp\/v2\/pages\/20138","targetHints":{"allow":["GET"]}}],"collection":[{"href":"https:\/\/www.freiburg-schwarzwald.de\/blog\/wp-json\/wp\/v2\/pages"}],"about":[{"href":"https:\/\/www.freiburg-schwarzwald.de\/blog\/wp-json\/wp\/v2\/types\/page"}],"author":[{"embeddable":true,"href":"https:\/\/www.freiburg-schwarzwald.de\/blog\/wp-json\/wp\/v2\/users\/4"}],"replies":[{"embeddable":true,"href":"https:\/\/www.freiburg-schwarzwald.de\/blog\/wp-json\/wp\/v2\/comments?post=20138"}],"version-history":[{"count":0,"href":"https:\/\/www.freiburg-schwarzwald.de\/blog\/wp-json\/wp\/v2\/pages\/20138\/revisions"}],"up":[{"embeddable":true,"href":"https:\/\/www.freiburg-schwarzwald.de\/blog\/wp-json\/wp\/v2\/pages\/274"}],"wp:attachment":[{"href":"https:\/\/www.freiburg-schwarzwald.de\/blog\/wp-json\/wp\/v2\/media?parent=20138"}],"curies":[{"name":"wp","href":"https:\/\/api.w.org\/{rel}","templated":true}]}}