{"id":19367,"date":"2013-01-02T19:18:03","date_gmt":"2013-01-02T18:18:03","guid":{"rendered":"https:\/\/www.freiburg-schwarzwald.de\/blog\/?page_id=19367"},"modified":"2021-11-03T12:52:05","modified_gmt":"2021-11-03T11:52:05","slug":"tmo","status":"publish","type":"page","link":"https:\/\/www.freiburg-schwarzwald.de\/blog\/regio\/trirhena\/tmo\/","title":{"rendered":"TMO"},"content":{"rendered":"<p>Home &gt;<a title=\"Regio\" href=\"https:\/\/www.freiburg-schwarzwald.de\/blog\/regio\/\">Regio<\/a> &gt;<a title=\"Trirhena\" href=\"https:\/\/www.freiburg-schwarzwald.de\/blog\/regio\/trirhena\/\">TriRhena<\/a> &gt;TMO<\/p>\n<div id=\"attachment_15909\" style=\"width: 647px\" class=\"wp-caption alignnone\"><a href=\"https:\/\/www.freiburg-schwarzwald.de\/blog\/regio\/verkehr\/fernbus\/schauinsland11muenstertal-nebel-pan121115\/\" rel=\"attachment wp-att-15909\"><img loading=\"lazy\" decoding=\"async\" aria-describedby=\"caption-attachment-15909\" class=\" wp-image-15909 \" title=\"schauinsland11muenstertal-nebel-pan121115\" src=\"https:\/\/www.freiburg-schwarzwald.de\/blog\/wp-content\/uploads\/2012\/11\/schauinsland11muenstertal-nebel-pan121115.jpg\" alt=\"\" width=\"637\" height=\"207\" srcset=\"https:\/\/www.freiburg-schwarzwald.de\/blog\/wp-content\/uploads\/2012\/11\/schauinsland11muenstertal-nebel-pan121115.jpg 637w, https:\/\/www.freiburg-schwarzwald.de\/blog\/wp-content\/uploads\/2012\/11\/schauinsland11muenstertal-nebel-pan121115-180x58.jpg 180w\" sizes=\"auto, (max-width: 637px) 100vw, 637px\" \/><\/a><p id=\"caption-attachment-15909\" class=\"wp-caption-text\">Bick vom Schauinsland nach S\u00fcden zu Belchen, Hochblauen (rechts hinten) und M\u00fcnstertal im Nebelmeer am 15.11.2012 &#8211; oben Schweiz, rechts Elsass<\/p><\/div>\n<ul>\n<li><a href=\"https:\/\/www.freiburg-schwarzwald.de\/blog\/regio\/elsass\/eu-elsass\/\">Handwerker Baden \u2013 Elsass: B\u00fcrokratische H\u00fcrden<\/a>\u00a0(3.11.2021)<\/li>\n<li><a title=\"Zweisprachiges Elsass \u2013 Alsace bilingue\" href=\"https:\/\/www.freiburg-schwarzwald.de\/blog\/zweisprachiges-elsass-alsace-bilingue\/\">Zweisprachiges Elsass \u2013 Alsace bilingue<\/a>\u00a0(21.1.2020)<\/li>\n<li>Metropolregion will sprachliche Barrieren abbauen: Englisch plus Deutsch sowie Franz\u00f6sisch (11.12.2013)<\/li>\n<li><a href=\"https:\/\/www.freiburg-schwarzwald.de\/eurodistrict.htm#Trinationale Metropolregion: Oberrhein, ein schlafender Riese\">Trinationale Metropolregion Oberrhein vor Gr\u00fcndung \u2013 B\u00fcrgerforen starten<\/a> &gt;Eurodistrict (18.10.2010)<\/li>\n<li><a href=\"https:\/\/www.freiburg-schwarzwald.de\/eurodistrict.htm#Trinationale Metropolregion: Oberrhein, ein schlafender Riese\">Trinationale Metropolregion: Oberrhein, ein schlafender Riese<\/a> &gt;Eurodistrict (25.6.2008)<\/li>\n<li><\/li>\n<li><a title=\"Eurodistrict\" href=\"https:\/\/www.freiburg-schwarzwald.de\/blog\/regio\/trirhena\/eurodistrict\/\">Eurodistrict<\/a><\/li>\n<li><a href=\"https:\/\/www.freiburg-schwarzwald.de\/blog\/regio\/elsass\/eu-elsass\/\">EU-Elsass<\/a><\/li>\n<li><a href=\"https:\/\/www.freiburg-schwarzwald.de\/blog\/regio\/trirhena\/19382-2\/\">Oberrheinkonferenz<\/a><\/li>\n<li><a title=\"Oberrheinrat\" href=\"https:\/\/www.freiburg-schwarzwald.de\/blog\/regio\/trirhena\/oberrheinrat\/\">Oberrheinrat<\/a><\/li>\n<\/ul>\n<p>&nbsp;<\/p>\n<p>&nbsp;<\/p>\n<p><strong>TMO &#8211; Trinationale Metropolregion Oberrhein\u00a0<\/strong><\/p>\n<p><em>Die im Dezember 2010 anerkannte Trinationale Metropolregion Oberrhein, kurz TMO, bildet das gemeinsame Dach der vier Hauptpartner <a title=\"Oberrheinrat\" href=\"https:\/\/www.freiburg-schwarzwald.de\/blog\/regio\/trirhena\/oberrheinrat\/\">Oberrheinrat<\/a>, Oberrheinkonferenz, St\u00e4dtenetz und <a title=\"Eurodistrict\" href=\"https:\/\/www.freiburg-schwarzwald.de\/blog\/regio\/trirhena\/eurodistrict\/\">Eurodistrikte<\/a><\/em>.<\/p>\n<p>Mit der Trinationalen Metropolregion Oberrhein wollen wir die M\u00f6glichkeiten des deutsch-franz\u00f6sisch-schweizerischen Oberrheingebietes besser aussch\u00f6pfen und daf\u00fcr die seit vierzig Jahren fruchtbare grenz\u00fcberschreitende Zusammenarbeit weiter vertiefen.<br \/>\nDer Standort Oberrhein ist aus dem jeweils nationalen Blickwinkel ein Grenzraum, weitab von den nationalen Entscheidungszentren in Berlin, Paris oder Bern. Betrachtet man jedoch den Oberrhein unter dem Aspekt eines gemeinsam beschrittenen Weges zu einem europ\u00e4ischen Binnenmarkt mit einer wachsenden Zahl gesamteurop\u00e4isch gestalteter Politikfelder, so gewinnt er eine andere Bedeutung. Die Grenzregion wird zu einem zentralen Wirtschaftsraum mit starker Scharnierfunktion zwischen der Schweiz und der Europ\u00e4ischen Union. Damit gewinnt der territoriale Zusammenhalt dieser Region entscheidende Bedeutung. \u201eWir wollen in der Trinationalen Metropolregion Oberrhein (TMO) die Kr\u00e4fte aus \u00f6ffentlicher Hand, Wirtschaft, Wissenschaft und Zivilgesellschaft b\u00fcndeln, um den Oberrhein zur einer Exzellenzregion mit nachhaltiger wirtschaftlicher Entwicklung zu machen. Die B\u00fcrger werden als Erste davon profitieren.\u201c Julian W\u00fcrtenberger 2011<\/p>\n<p>Der trinationalen Metropolregion Oberrhein geh\u00f6ren das Elsass, S\u00fcd- und Mittelbaden, die s\u00fcdliche Pfalz sowie die Schweizer Kantone Basel-Stadt und Basel-Landschaft, Jura, Solothurn und Aargau mit zusammen fast sechs Millionen Einwohnern an. <!-- RSPEAK_STOP --><\/p>\n<p>Trinationale Metropolregion Oberrhein<strong>\u00a0<\/strong><br \/>\nVilla Rehfus\u00a0, Rehfusplatz 11, D-77694 Kehl<br \/>\nVertreten durch:<br \/>\nDr. Joachim Beck (S\u00e4ule Wissenschaft)<br \/>\nSimon Kaiser (S\u00e4ule Wirtschaft)<br \/>\nDr. Johanna Kretschmer (S\u00e4ule Zivilgesellschaft)<br \/>\nCaroline Huck (S\u00e4ule Politik)<br \/>\n<a href=\"https:\/\/www.rmtmo.eu\/\">www.rmtmo.eu<br \/>\n<\/a>RMT &#8211;\u00a0R\u00e9gion M\u00e9tropolitaine Trinationale du Rhin Sup\u00e9rieur<br \/>\nTMO &#8211; Trinationale Metropolregion Oberrhein<\/p>\n<p><em>Metropolregion<\/em><br \/>\nMetropolen \u2013 das waren bisher historisch gewachsene Zentren, also gro\u00dfe St\u00e4dte und ihr Umland. Heute versteht man darunter generell Ballungsr\u00e4ume, die von internationaler Bedeutung sind. Die EU will ihre k\u00fcnftige Regionalf\u00f6rderung auf Metropolregionen aufbauen, weil diese als Motoren der wirtschaftlichen und wissenschaftlichen Entwicklung gelten. Davon verspricht man sich eine besser Position im globalen Wettbewerb, der unter Metropolen ausgetragen wird. Der Oberrhein w\u00e4re, w\u00fcrde er anerkannt, die erste trinationale Metropolregion in Europa.<\/p>\n<p><em>F\u00fcnf Handlungsfelder der Metropolregion:<\/em><br \/>\n1. Bildung: Gemeinsame Studieng\u00e4nge und Lehrst\u00fchle, Austausch zwischen den Hochschulen. Der Oberrhein als \u201cExzellenzregion des Wissens\u201d mit Forschung auf Gebieten der Geo-, Material- und Nanowissenschaften, Optik und Photonik. Bis 2015 soll eine deutsch-franz\u00f6sische Berufsschule entstehen.<br \/>\n2. Wirtschaft: Industrie-Schwerpunkte Lebenswissenschaften (Biovalley), Information, Kommunikation und Automobilit\u00e4t der Zukunft vernetzen und sgemeinsam pr\u00e4sentieren. Wirtschaftsf\u00f6rderung, Arbeitsmarkt und Tourismusmarketing grenz\u00fcberschreitend. Trinationales Energie-Netzwerk geplant.<br \/>\n3. B\u00fcrger: Derzeit nur drei B\u00fcrgerforen.<br \/>\n4. Politik: Die Region soll gegen\u00fcber EU und den drei Staaten gemeinsam auftreten; einheitliche Verwaltungsstruktur.<br \/>\n5. Verkehr: Ausbau von TGV- und ICE-Strecken sowie die Anbindung der Flugh\u00e4fen in der Region. Bei Gamsheim eine neue Rheinbr\u00fccke.<br \/>\n2010 wurde die Trinationale Metropolregion Oberrhein (TMO) von Vertretern der regionalen Politik und Verwaltung, Wirtschaft, Wissenschaft und Zivilgesellschaft gegr\u00fcndet und kurz darauf von den Regierungen in Berlin, Bern und Paris anerkannt. Sie umfasst das Gebiet der Oberrheinkonferenz mit sechs Millionen Einwohnern. Ihr Ziel ist es, durch vielfache bi- und trinationale Projekte die Zusammenarbeit am Oberrhein voranzutreiben.<\/p>\n<p>&#8212;&#8212;&#8212;&#8212;&#8212;&#8212;&#8212;&#8212;&#8212;&#8212;&#8212;&#8212;&#8212;&#8212;&#8212;&#8212;&#8212;&#8212;&#8212;&#8211;<\/p>\n<p><strong>Metropolregion will sprachliche Barrieren abbauen: Englisch plus Deutsch sowie Franz\u00f6sisch<\/strong><\/p>\n<p>Die vor drei Jahren gegr\u00fcndete TMO will energischer darangehen, die Fremdsprachbarrieren in ihrem Einflussbereich abzubauen. Arbeitskreise machten der Vollversammlung des Gremiums am 10.12.2013 in der Hochschule Offenburg dazu Vorschl\u00e4ge.<br \/>\nLaut Jean-Louis Hoerl\u00e9, dem Pr\u00e4sidenten der els\u00e4ssischen IHK, muss die Metropolregion sich als Ziel setzen, dass die Jugendlichen in ihrem Gebiet neben Englisch die Sprache &#8222;des Nachbarn&#8220; beherrschen, also Franz\u00f6sisch beziehungsweise Deutsch. &#8222;Wir m\u00fcssen in unseren Unternehmen darauf hinarbeiten&#8220;, verlangte er, &#8222;dass sich Ausbildungskandidaten nicht von den unterschiedlichen Sprachmilieus schrecken lassen.&#8220; Dazu sei auch ein grenz\u00fcberschreitender Lehreraustausch geplant. Teilnehmer \u00e4u\u00dferten am Rande der Vollversammlung Unverst\u00e4ndnis dar\u00fcber, dass der boomende deutsche Arbeitsmarkt derzeit eher von gut qualifizierten Spaniern und Portugiesen nachgefragt werde als von arbeitslosen jungen Els\u00e4ssern aus der direkten Nachbarschaft, etwa Mulhouse und Stra\u00dfburg. Dem m\u00fcssten die Partner der Metropolregion mit einer gemeinschaftlichen Strategie begegnen, verlangte auch Charles Buttner, der Pr\u00e4sident des Generalrats Oberelsass.<br \/>\n11.12.2013<\/p>\n<div>\n<div id=\"zoneAdserverMrec\">\n<div id=\"helperAdserverMrec\">\n<p>&nbsp;<\/p>\n<div id=\"beacon_6880f8e8d0\"><img loading=\"lazy\" decoding=\"async\" src=\"https:\/\/w.online-verlag-freiburg.de\/www\/delivery\/lg.php?bannerid=122&amp;campaignid=49&amp;zoneid=136153&amp;loc=1&amp;referer=http%3A%2F%2Fwww.badische-zeitung.de%2Fsuedwest-1%2Fmetropolregion-ringt-mit-dem-sprachproblem--78295823.html&amp;cb=6880f8e8d0\" alt=\"\" width=\"0\" height=\"0\" \/><\/div>\n<\/div>\n<\/div>\n<\/div>\n","protected":false},"excerpt":{"rendered":"<p>Home &gt;Regio &gt;TriRhena &gt;TMO Handwerker Baden \u2013 Elsass: B\u00fcrokratische H\u00fcrden\u00a0(3.11.2021) Zweisprachiges Elsass \u2013 Alsace bilingue\u00a0(21.1.2020) Metropolregion will sprachliche Barrieren abbauen: Englisch plus Deutsch sowie Franz\u00f6sisch (11.12.2013) Trinationale Metropolregion Oberrhein vor Gr\u00fcndung \u2013 B\u00fcrgerforen starten &gt;Eurodistrict (18.10.2010) Trinationale Metropolregion: Oberrhein, ein &hellip; <a href=\"https:\/\/www.freiburg-schwarzwald.de\/blog\/regio\/trirhena\/tmo\/\">Weiterlesen <span class=\"meta-nav\">&rarr;<\/span><\/a><\/p>\n","protected":false},"author":4,"featured_media":0,"parent":825,"menu_order":0,"comment_status":"open","ping_status":"closed","template":"","meta":{"footnotes":""},"class_list":["post-19367","page","type-page","status-publish","hentry"],"_links":{"self":[{"href":"https:\/\/www.freiburg-schwarzwald.de\/blog\/wp-json\/wp\/v2\/pages\/19367","targetHints":{"allow":["GET"]}}],"collection":[{"href":"https:\/\/www.freiburg-schwarzwald.de\/blog\/wp-json\/wp\/v2\/pages"}],"about":[{"href":"https:\/\/www.freiburg-schwarzwald.de\/blog\/wp-json\/wp\/v2\/types\/page"}],"author":[{"embeddable":true,"href":"https:\/\/www.freiburg-schwarzwald.de\/blog\/wp-json\/wp\/v2\/users\/4"}],"replies":[{"embeddable":true,"href":"https:\/\/www.freiburg-schwarzwald.de\/blog\/wp-json\/wp\/v2\/comments?post=19367"}],"version-history":[{"count":1,"href":"https:\/\/www.freiburg-schwarzwald.de\/blog\/wp-json\/wp\/v2\/pages\/19367\/revisions"}],"predecessor-version":[{"id":95831,"href":"https:\/\/www.freiburg-schwarzwald.de\/blog\/wp-json\/wp\/v2\/pages\/19367\/revisions\/95831"}],"up":[{"embeddable":true,"href":"https:\/\/www.freiburg-schwarzwald.de\/blog\/wp-json\/wp\/v2\/pages\/825"}],"wp:attachment":[{"href":"https:\/\/www.freiburg-schwarzwald.de\/blog\/wp-json\/wp\/v2\/media?parent=19367"}],"curies":[{"name":"wp","href":"https:\/\/api.w.org\/{rel}","templated":true}]}}

<p>Home &gt;<a title="Regio" href="https://www.freiburg-schwarzwald.de/blog/regio/">Regio</a> &gt;<a title="Trirhena" href="https://www.freiburg-schwarzwald.de/blog/regio/trirhena/">TriRhena</a> &gt;TMO</p>
<div id="attachment_15909" style="width: 647px" class="wp-caption alignnone"><a href="https://www.freiburg-schwarzwald.de/blog/regio/verkehr/fernbus/schauinsland11muenstertal-nebel-pan121115/" rel="attachment wp-att-15909"><img loading="lazy" decoding="async" aria-describedby="caption-attachment-15909" class=" wp-image-15909 " title="schauinsland11muenstertal-nebel-pan121115" src="https://www.freiburg-schwarzwald.de/blog/wp-content/uploads/2012/11/schauinsland11muenstertal-nebel-pan121115.jpg" alt="" width="637" height="207" srcset="https://www.freiburg-schwarzwald.de/blog/wp-content/uploads/2012/11/schauinsland11muenstertal-nebel-pan121115.jpg 637w, https://www.freiburg-schwarzwald.de/blog/wp-content/uploads/2012/11/schauinsland11muenstertal-nebel-pan121115-180x58.jpg 180w" sizes="auto, (max-width: 637px) 100vw, 637px" /></a><p id="caption-attachment-15909" class="wp-caption-text">Bick vom Schauinsland nach Süden zu Belchen, Hochblauen (rechts hinten) und Münstertal im Nebelmeer am 15.11.2012 &#8211; oben Schweiz, rechts Elsass</p></div>
<ul>
<li><a href="https://www.freiburg-schwarzwald.de/blog/regio/elsass/eu-elsass/">Handwerker Baden – Elsass: Bürokratische Hürden</a> (3.11.2021)</li>
<li><a title="Zweisprachiges Elsass – Alsace bilingue" href="https://www.freiburg-schwarzwald.de/blog/zweisprachiges-elsass-alsace-bilingue/">Zweisprachiges Elsass – Alsace bilingue</a> (21.1.2020)</li>
<li>Metropolregion will sprachliche Barrieren abbauen: Englisch plus Deutsch sowie Französisch (11.12.2013)</li>
<li><a href="https://www.freiburg-schwarzwald.de/eurodistrict.htm#Trinationale Metropolregion: Oberrhein, ein schlafender Riese">Trinationale Metropolregion Oberrhein vor Gründung – Bürgerforen starten</a> &gt;Eurodistrict (18.10.2010)</li>
<li><a href="https://www.freiburg-schwarzwald.de/eurodistrict.htm#Trinationale Metropolregion: Oberrhein, ein schlafender Riese">Trinationale Metropolregion: Oberrhein, ein schlafender Riese</a> &gt;Eurodistrict (25.6.2008)</li>
<li></li>
<li><a title="Eurodistrict" href="https://www.freiburg-schwarzwald.de/blog/regio/trirhena/eurodistrict/">Eurodistrict</a></li>
<li><a href="https://www.freiburg-schwarzwald.de/blog/regio/elsass/eu-elsass/">EU-Elsass</a></li>
<li><a href="https://www.freiburg-schwarzwald.de/blog/regio/trirhena/19382-2/">Oberrheinkonferenz</a></li>
<li><a title="Oberrheinrat" href="https://www.freiburg-schwarzwald.de/blog/regio/trirhena/oberrheinrat/">Oberrheinrat</a></li>
</ul>
<p>&nbsp;</p>
<p>&nbsp;</p>
<p><strong>TMO &#8211; Trinationale Metropolregion Oberrhein </strong></p>
<p><em>Die im Dezember 2010 anerkannte Trinationale Metropolregion Oberrhein, kurz TMO, bildet das gemeinsame Dach der vier Hauptpartner <a title="Oberrheinrat" href="https://www.freiburg-schwarzwald.de/blog/regio/trirhena/oberrheinrat/">Oberrheinrat</a>, Oberrheinkonferenz, Städtenetz und <a title="Eurodistrict" href="https://www.freiburg-schwarzwald.de/blog/regio/trirhena/eurodistrict/">Eurodistrikte</a></em>.</p>
<p>Mit der Trinationalen Metropolregion Oberrhein wollen wir die Möglichkeiten des deutsch-französisch-schweizerischen Oberrheingebietes besser ausschöpfen und dafür die seit vierzig Jahren fruchtbare grenzüberschreitende Zusammenarbeit weiter vertiefen.<br />
Der Standort Oberrhein ist aus dem jeweils nationalen Blickwinkel ein Grenzraum, weitab von den nationalen Entscheidungszentren in Berlin, Paris oder Bern. Betrachtet man jedoch den Oberrhein unter dem Aspekt eines gemeinsam beschrittenen Weges zu einem europäischen Binnenmarkt mit einer wachsenden Zahl gesamteuropäisch gestalteter Politikfelder, so gewinnt er eine andere Bedeutung. Die Grenzregion wird zu einem zentralen Wirtschaftsraum mit starker Scharnierfunktion zwischen der Schweiz und der Europäischen Union. Damit gewinnt der territoriale Zusammenhalt dieser Region entscheidende Bedeutung. „Wir wollen in der Trinationalen Metropolregion Oberrhein (TMO) die Kräfte aus öffentlicher Hand, Wirtschaft, Wissenschaft und Zivilgesellschaft bündeln, um den Oberrhein zur einer Exzellenzregion mit nachhaltiger wirtschaftlicher Entwicklung zu machen. Die Bürger werden als Erste davon profitieren.“ Julian Würtenberger 2011</p>
<p>Der trinationalen Metropolregion Oberrhein gehören das Elsass, Süd- und Mittelbaden, die südliche Pfalz sowie die Schweizer Kantone Basel-Stadt und Basel-Landschaft, Jura, Solothurn und Aargau mit zusammen fast sechs Millionen Einwohnern an. <!-- RSPEAK_STOP --></p>
<p>Trinationale Metropolregion Oberrhein<strong> </strong><br />
Villa Rehfus , Rehfusplatz 11, D-77694 Kehl<br />
Vertreten durch:<br />
Dr. Joachim Beck (Säule Wissenschaft)<br />
Simon Kaiser (Säule Wirtschaft)<br />
Dr. Johanna Kretschmer (Säule Zivilgesellschaft)<br />
Caroline Huck (Säule Politik)<br />
<a href="https://www.rmtmo.eu/">www.rmtmo.eu<br />
</a>RMT &#8211; Région Métropolitaine Trinationale du Rhin Supérieur<br />
TMO &#8211; Trinationale Metropolregion Oberrhein</p>
<p><em>Metropolregion</em><br />
Metropolen – das waren bisher historisch gewachsene Zentren, also große Städte und ihr Umland. Heute versteht man darunter generell Ballungsräume, die von internationaler Bedeutung sind. Die EU will ihre künftige Regionalförderung auf Metropolregionen aufbauen, weil diese als Motoren der wirtschaftlichen und wissenschaftlichen Entwicklung gelten. Davon verspricht man sich eine besser Position im globalen Wettbewerb, der unter Metropolen ausgetragen wird. Der Oberrhein wäre, würde er anerkannt, die erste trinationale Metropolregion in Europa.</p>
<p><em>Fünf Handlungsfelder der Metropolregion:</em><br />
1. Bildung: Gemeinsame Studiengänge und Lehrstühle, Austausch zwischen den Hochschulen. Der Oberrhein als “Exzellenzregion des Wissens” mit Forschung auf Gebieten der Geo-, Material- und Nanowissenschaften, Optik und Photonik. Bis 2015 soll eine deutsch-französische Berufsschule entstehen.<br />
2. Wirtschaft: Industrie-Schwerpunkte Lebenswissenschaften (Biovalley), Information, Kommunikation und Automobilität der Zukunft vernetzen und sgemeinsam präsentieren. Wirtschaftsförderung, Arbeitsmarkt und Tourismusmarketing grenzüberschreitend. Trinationales Energie-Netzwerk geplant.<br />
3. Bürger: Derzeit nur drei Bürgerforen.<br />
4. Politik: Die Region soll gegenüber EU und den drei Staaten gemeinsam auftreten; einheitliche Verwaltungsstruktur.<br />
5. Verkehr: Ausbau von TGV- und ICE-Strecken sowie die Anbindung der Flughäfen in der Region. Bei Gamsheim eine neue Rheinbrücke.<br />
2010 wurde die Trinationale Metropolregion Oberrhein (TMO) von Vertretern der regionalen Politik und Verwaltung, Wirtschaft, Wissenschaft und Zivilgesellschaft gegründet und kurz darauf von den Regierungen in Berlin, Bern und Paris anerkannt. Sie umfasst das Gebiet der Oberrheinkonferenz mit sechs Millionen Einwohnern. Ihr Ziel ist es, durch vielfache bi- und trinationale Projekte die Zusammenarbeit am Oberrhein voranzutreiben.</p>
<p>&#8212;&#8212;&#8212;&#8212;&#8212;&#8212;&#8212;&#8212;&#8212;&#8212;&#8212;&#8212;&#8212;&#8212;&#8212;&#8212;&#8212;&#8212;&#8212;&#8211;</p>
<p><strong>Metropolregion will sprachliche Barrieren abbauen: Englisch plus Deutsch sowie Französisch</strong></p>
<p>Die vor drei Jahren gegründete TMO will energischer darangehen, die Fremdsprachbarrieren in ihrem Einflussbereich abzubauen. Arbeitskreise machten der Vollversammlung des Gremiums am 10.12.2013 in der Hochschule Offenburg dazu Vorschläge.<br />
Laut Jean-Louis Hoerlé, dem Präsidenten der elsässischen IHK, muss die Metropolregion sich als Ziel setzen, dass die Jugendlichen in ihrem Gebiet neben Englisch die Sprache &#8222;des Nachbarn&#8220; beherrschen, also Französisch beziehungsweise Deutsch. &#8222;Wir müssen in unseren Unternehmen darauf hinarbeiten&#8220;, verlangte er, &#8222;dass sich Ausbildungskandidaten nicht von den unterschiedlichen Sprachmilieus schrecken lassen.&#8220; Dazu sei auch ein grenzüberschreitender Lehreraustausch geplant. Teilnehmer äußerten am Rande der Vollversammlung Unverständnis darüber, dass der boomende deutsche Arbeitsmarkt derzeit eher von gut qualifizierten Spaniern und Portugiesen nachgefragt werde als von arbeitslosen jungen Elsässern aus der direkten Nachbarschaft, etwa Mulhouse und Straßburg. Dem müssten die Partner der Metropolregion mit einer gemeinschaftlichen Strategie begegnen, verlangte auch Charles Buttner, der Präsident des Generalrats Oberelsass.<br />
11.12.2013</p>
<div>
<div id="zoneAdserverMrec">
<div id="helperAdserverMrec">
<p>&nbsp;</p>
<div id="beacon_6880f8e8d0"><img loading="lazy" decoding="async" src="https://w.online-verlag-freiburg.de/www/delivery/lg.php?bannerid=122&amp;campaignid=49&amp;zoneid=136153&amp;loc=1&amp;referer=http%3A%2F%2Fwww.badische-zeitung.de%2Fsuedwest-1%2Fmetropolregion-ringt-mit-dem-sprachproblem--78295823.html&amp;cb=6880f8e8d0" alt="" width="0" height="0" /></div>
</div>
</div>
</div>

<p>Home &gt;Regio &gt;TriRhena &gt;TMO Handwerker Baden – Elsass: Bürokratische Hürden (3.11.2021) Zweisprachiges Elsass – Alsace bilingue (21.1.2020) Metropolregion will sprachliche Barrieren abbauen: Englisch plus Deutsch sowie Französisch (11.12.2013) Trinationale Metropolregion Oberrhein vor Gründung – Bürgerforen starten &gt;Eurodistrict (18.10.2010) Trinationale Metropolregion: Oberrhein, ein &hellip; <a href="https://www.freiburg-schwarzwald.de/blog/regio/trirhena/tmo/">Weiterlesen <span class="meta-nav">&rarr;</span></a></p>
