{"id":19,"date":"2012-03-28T07:20:17","date_gmt":"2012-03-28T07:20:17","guid":{"rendered":"https:\/\/www.freiburg-schwarzwald.de\/blog\/?page_id=19"},"modified":"2024-05-14T10:05:28","modified_gmt":"2024-05-14T08:05:28","slug":"gastro","status":"publish","type":"page","link":"https:\/\/www.freiburg-schwarzwald.de\/blog\/tourismus\/gastro\/","title":{"rendered":"Gastro"},"content":{"rendered":"<p>Home &gt;<a title=\"Tourismus\" href=\"https:\/\/www.freiburg-schwarzwald.de\/blog\/tourismus\/\">Tourismus<\/a> &gt;Gastro<\/p>\n<div id=\"attachment_494\" style=\"width: 612px\" class=\"wp-caption alignnone\"><a href=\"https:\/\/www.freiburg-schwarzwald.de\/blog\/engagement\/ehrenamt\/hochfirst1pan-080111\/\" rel=\"attachment wp-att-494\"><img loading=\"lazy\" decoding=\"async\" aria-describedby=\"caption-attachment-494\" class=\"size-full wp-image-494\" title=\"hochfirst1pan-080111\" src=\"https:\/\/www.freiburg-schwarzwald.de\/blog\/wp-content\/uploads\/2012\/04\/hochfirst1pan-080111.jpg\" alt=\"\" width=\"602\" height=\"167\" srcset=\"https:\/\/www.freiburg-schwarzwald.de\/blog\/wp-content\/uploads\/2012\/04\/hochfirst1pan-080111.jpg 602w, https:\/\/www.freiburg-schwarzwald.de\/blog\/wp-content\/uploads\/2012\/04\/hochfirst1pan-080111-180x49.jpg 180w\" sizes=\"auto, (max-width: 602px) 100vw, 602px\" \/><\/a><p id=\"caption-attachment-494\" class=\"wp-caption-text\">Blick vom Hochfirst nach Suedwesten ueber Titisee zu Feldberg (zwei Gipfel), Hinterzarten und Breitnau (rechts) am 11.1.2008<\/p><\/div>\n<p><strong>Gastronomie: Unterkunft, Verpflegung, Incentives<\/strong><\/p>\n<ul>\n<li><a href=\"https:\/\/www.freiburg-schwarzwald.de\/blog\/tourismus\/gastro\/restaurant\/\">Syrisches Restaurant in Freiburg bietet israelisches Gericht an \u2013 und wird bedroht<\/a>\u00a0(23.3.2024)<\/li>\n<li><a href=\"https:\/\/www.freiburg-schwarzwald.de\/blog\/business\/gesund\/corona-virus\/corona-gastro\/\">Gastronomie und Tourismus: Verl\u00e4ssliche Tr\u00e4ger der Pandemie<\/a>\u00a0(30.9.2022)<\/li>\n<li><a href=\"https:\/\/www.freiburg-schwarzwald.de\/blog\/energie\/wind\/windkraft\/\">Windkraftgegner und HTG h\u00f6ren Herrenknecht hinter verschlossener T\u00fcr<\/a>\u00a0(27.10.21)<\/li>\n<li><a href=\"https:\/\/www.freiburg-schwarzwald.de\/blog\/regio\/berge\/kandel\/\">Bergwelt Kandel \u2013 Gastronomie und Hotel \u00f6ffnen am 1.7.2021<\/a> (23.6.2021)<\/li>\n<li><a href=\"https:\/\/www.freiburg-schwarzwald.de\/blog\/bodensee-d-zu-ch-aut-offen\/\">Bodensee: D zu, CH AUT offen<\/a>\u00a0(4.6.2021)<\/li>\n<li><a href=\"https:\/\/www.freiburg-schwarzwald.de\/blog\/wandern-und-biken-mit-einkehr\/\">Wandern und Biken mit Einkehr<\/a>\u00a0(23.4.2021)<\/li>\n<li><a href=\"https:\/\/www.freiburg-schwarzwald.de\/blog\/cego-altes-kartenspiel-online\/\">Cego \u2013 altes Kartenspiel nun online<\/a>\u00a0(14.1.2021)<\/li>\n<li><a href=\"https:\/\/www.freiburg-schwarzwald.de\/blog\/heidelberg-freiburg-sperrzeiten\/\">https:\/\/www.freiburg-schwarzwald.de\/blog\/heidelberg-freiburg-sperrzeiten\/<\/a>\u00a0(7.8.2019)<\/li>\n<li><a href=\"https:\/\/www.freiburg-schwarzwald.de\/blog\/oberwiehre-kultur-kunst-musik\/\">https:\/\/www.freiburg-schwarzwald.de\/blog\/oberwiehre-kultur-kunst-musik\/<\/a>\u00a0(8.7.2013)<\/li>\n<li><a href=\"https:\/\/www.freiburg-schwarzwald.de\/blog\/berufsvorbereitung-himmelreich\/\">https:\/\/www.freiburg-schwarzwald.de\/blog\/berufsvorbereitung-himmelreich\/<\/a>\u00a0(21.3.2013)<\/li>\n<li><a href=\"https:\/\/www.freiburg-schwarzwald.de\/littenweiler\/gastro1.htm\">Aktuelle Infos zur Gastronomie ab Sept 2005<\/a> &gt;Gastro1<\/li>\n<li><\/li>\n<li><a title=\"Bauernhof\" href=\"https:\/\/www.freiburg-schwarzwald.de\/blog\/bauernhof\/\">Bauernhof<\/a><\/li>\n<li><a href=\"https:\/\/www.freiburg-schwarzwald.de\/littenweiler\/cafe.htm\">Bistros<\/a> &gt;Cafe<\/li>\n<li><a title=\"Cafe\" href=\"https:\/\/www.freiburg-schwarzwald.de\/blog\/tourismus\/gastro\/cafe\/\">Caf\u00e9s<\/a> &gt;Caf\u00e9<\/li>\n<li><a href=\"https:\/\/www.freiburg-schwarzwald.de\/cafe.htm\">Caf\u00e9s im Hochschwarzwald<\/a> &gt;frsw.de\/Cafe<\/li>\n<li><a title=\"Camping\" href=\"https:\/\/www.freiburg-schwarzwald.de\/blog\/tourismus\/camping\/\">Camping im Schwarzwald<\/a><\/li>\n<li><a href=\"https:\/\/www.freiburg-schwarzwald.de\/blog\/business\/gesund\/corona-virus\/corona-gastro\/\">Corona-Gastro<\/a><\/li>\n<li><a title=\"Dehoga\" href=\"https:\/\/www.freiburg-schwarzwald.de\/blog\/tourismus\/gastro\/dehoga\/\">Dehoga<\/a><\/li>\n<li><a href=\"https:\/\/www.freiburg-schwarzwald.de\/einkehren.htm\">Einkehr-Lokale beim Ausflug<\/a> &gt;Einkehren<\/li>\n<li><a href=\"https:\/\/www.freiburg-schwarzwald.de\/ferienwohnung.htm\">Ferienwohnungen<\/a> &gt;Ferienwohnung<\/li>\n<li><a href=\"https:\/\/www.freiburg-schwarzwald.de\/littenweiler\/freiburg-hotel.htm\">Freiburger Hotels<\/a> &gt;Freiburg-Hotel<\/li>\n<li>Freizeitparks<\/li>\n<li><a title=\"Gasthaus\" href=\"https:\/\/www.freiburg-schwarzwald.de\/blog\/tourismus\/gasthaus\/\">Gasthaus<\/a><\/li>\n<li><a href=\"https:\/\/www.freiburg-schwarzwald.de\/littenweiler\/gasthaus.htm\">Gasth\u00e4user im Freiburger Osten\/Dreisamtal<\/a> &gt;Gasthaus<\/li>\n<li><a href=\"https:\/\/www.freiburg-schwarzwald.de\/gasthaus.htm\">Gasth\u00e4user im Hochschwarzwald<\/a> &gt;Freiburg-Schwarzwald.de\/Gasthaus<\/li>\n<li><a href=\"https:\/\/www.freiburg-schwarzwald.de\/littenweiler\/hotel.htm\">Hotels &amp; Pensionen im Freiburger Osten\/Dreisamtal<\/a> &gt;Hotel<\/li>\n<li><a title=\"Hotel\" href=\"https:\/\/www.freiburg-schwarzwald.de\/blog\/tourismus\/gastro\/hotel\/\">Hotels &amp; Pensionen im Breisgau und Schwarzwald<\/a><\/li>\n<li><a href=\"https:\/\/www.freiburg-schwarzwald.de\/littenweiler\/freiburg-hotel.htm\">Hotels in Freiburg<\/a> &gt;Freiburg-Hotel<\/li>\n<li><a href=\"https:\/\/www.freiburg-schwarzwald.de\/littenweiler\/gastro#Hotelausstattungen K\u00e4chele\">Hotelausstattung K\u00e4chele<\/a><\/li>\n<li><a title=\"Huetten\" href=\"https:\/\/www.freiburg-schwarzwald.de\/blog\/tourismus\/gastro\/huetten\/\">H\u00fctten im Hochschwarzwald &#8211; Verzeichnis<\/a><\/li>\n<li>Incentives<\/li>\n<li><a title=\"Jugendherberge\" href=\"https:\/\/www.freiburg-schwarzwald.de\/blog\/tourismus\/gastro\/jugendherberge\/\">Jugendherberge<\/a><\/li>\n<li><a href=\"https:\/\/www.freiburg-schwarzwald.de\/blog\/tourismus\/gastro\/restaurant\/\">Restaurant<\/a><\/li>\n<li><a href=\"https:\/\/www.freiburg-schwarzwald.de\/littenweiler\/cafe.htm\">Restaurants &#8211; Ristorante<\/a> &gt;Cafe<\/li>\n<li><a href=\"https:\/\/www.freiburg-schwarzwald.de\/littenweiler\/gastro#Zahner Traiteur GmbH in Freiburg\">Zahner Traiteur GmbH<\/a> in Freiburg<\/li>\n<li>Wanderheim<\/li>\n<li>Wellness<\/li>\n<li><a href=\"https:\/\/www.freiburg-schwarzwald.de\/littenweiler\/gastro#Gastronomie-Links\">Gastronomie-Links<\/a><\/li>\n<\/ul>\n<p>&nbsp;<\/p>\n<p><strong>Gastronomie: Ihr habt aufs falsche Pferd gesetzt!<\/strong><br \/>\nBald sitzen wir also vereinzelt zu Hause mit Bierflasche und Aufback-Pizza. Gastronomie und Geselligkeit sind museale Erinnerungen einer l\u00e4ngst vergangenen Nostalgie. Und die Polit-Schickeria prasst in ihren \u00fcberlebenden Edel-Restaurants, ungest\u00f6rt vom P\u00f6bel.<br \/>\n&#8230;.<br \/>\nWo war denn die Interessenvertretung der Wirte in den letzten Jahren?! Sie sind doch dem Regime f\u00f6rmlich in den Allerwertesten gekrochen. Haben diese irren, Existenz-zerst\u00f6renden Lockdowns mitgemacht. Haben willig hoheitliche (!) Aufgaben \u00fcbernommen: die Kontrolle der G\u00e4ste mit Hilfe diverser Apps. Das Abrufen von Impfp\u00e4ssen. Dieser perverse Irrsinn mit den G\u00b4s und all dem Spahn-Allotria.<br \/>\n\u201eWir sind hier doch nicht bei der Stasi!\u201c \u2014 f\u00fcr diese Bemerkung wurde ich von einem Wirt nahezu des Lokals verwiesen. Jetzt macht er dicht. Pleite! Er hatte doch dem Regime vertraut, wie er mir heute vorgreint. Alles mitgemacht. \u201eDie werden uns schon nicht h\u00e4ngen lassen, wenn es hart auf hart kommt.\u201c Und jetzt h\u00e4ngen sie \u2014- am seidenen Faden ihrer Existenz.<br \/>\n&#8230;<br \/>\nDas Internet explodiert jetzt gerade vor verzweifelteren Hilferufen. Es geht einem ans Herz. Aber, ihr Lieben: Ihr habt aufs falsche Pferd gesetzt. Eure DEHOGA zum Beispiel, in der auch willige Funktion\u00e4re der herrschenden Parteien sitzen (ich sage nur: Bayern, Bierbrauer, CSU) hat euch doch im Stich gelassen.<br \/>\n&#8230;<br \/>\nDas Volk war doch voller kleiner Helferlein im Hotel- und Gastst\u00e4ttengewerbe. Voller Denunzianten. Wieviel Haushalte d\u00fcrfen sich wann und wo mit wem hinter Kaffeefilter-Masken treffen? Wieviel Trennw\u00e4nde und Abst\u00e4nde sind in Lokalen n\u00f6tig. Mit Maske vom Tisch zum Klo, aber ohne am Tisch mit Gespr\u00e4chen zu den Nachbarn. Irre! Personal ohne, G\u00e4ste mit den Lappen vorm Gesicht. An der bayerischen Grenze im ICE nach strenger Blockwart-Durchsage Maskenwechsel. Im \u201eFrei\u201c-Staat galt keine OP-Maske. Da mu\u00dfte der Kaffeefilter her. Und das alles auch in der Gastronomie. Soviel Selbstzerst\u00f6rung gibts auf der ganzen Welt nicht. Hoch angesehene Kritiker gabs doch schon damals! Das waren aber pl\u00f6tzlich Nazis und wurden (wie Amtsarzt P\u00fcrner) gefeuert.<br \/>\nUnd jetzt mal einen Hauch von Verschw\u00f6rungstheorie: kann die Vereinzelung, die Vereinsamung der Menschen nicht gewollt sein? Und damit das Sterben der Gastronomie. Stammtische und Kaffeekr\u00e4nzchen k\u00f6nnten doch gef\u00e4hrliche Zentren des Widerstandes sein. Familienfeiern zerschellen am woken Wahnsinn. Besser das Volk allein, ohne Gastst\u00e4tten, ohne Festzelte, ohne Vereinsleben. Allein vor der Glotze (noch mehr GEZ daf\u00fcr!) oder dem Computer. Fastfood aus dem K\u00fchlregal statt Kochkunst heimischer Gastronomie.<br \/>\n&#8230; Alles vom 20.11.2023 von Peter Hahne bitte lesen auf<\/p>\n<blockquote class=\"wp-embedded-content\" data-secret=\"Y1ClDsM79A\"><p><a href=\"https:\/\/www.tichyseinblick.de\/meinungen\/gastronomie-vor-dem-aus\/\">Ihr habt aufs falsche Pferd gesetzt!<\/a><\/p><\/blockquote>\n<p><iframe loading=\"lazy\" class=\"wp-embedded-content\" sandbox=\"allow-scripts\" security=\"restricted\" style=\"position: absolute; clip: rect(1px, 1px, 1px, 1px);\" title=\"&#8222;Ihr habt aufs falsche Pferd gesetzt!&#8220; &#8212; Tichys Einblick\" src=\"https:\/\/www.tichyseinblick.de\/meinungen\/gastronomie-vor-dem-aus\/embed\/#?secret=Y1ClDsM79A\" data-secret=\"Y1ClDsM79A\" width=\"600\" height=\"338\" frameborder=\"0\" marginwidth=\"0\" marginheight=\"0\" scrolling=\"no\"><\/iframe><br \/>\n.<br \/>\nEinige Kommentare:<br \/>\nDie Gastronomie wurde w\u00e4hrend der Pandemie mit Steuergeldern gepampert, f\u00fcr die ich gearbeitet habe. Bis dato hat sich noch kein Gastronom hierf\u00fcr bei mir bedankt, z.B. indem er mir nach einem Essen hierf\u00fcr einen kostenlosen Espresso oder ein kleines Schn\u00e4ppsle angeboten hat. Apropos Subvention w\u00e4hrend der Pandemiezeit. Auf die Frage, wie denn das Gesch\u00e4ft derzeit l\u00e4uft, erz\u00e4hlte mir ein Wirt (Familienbetrieb) w\u00e4hrend der Pandemiezeit:<br \/>\nWir haben jetzt nur die H\u00e4lfte der Tische besetzt, machen zus\u00e4tzlich einen weiteren Ruhetag in der Woche und haben das Personal entlassen, verdienen jetzt mehr, als vor der Pandemie. Logisch, dass sich viele Wirte daran schnell gew\u00f6hnten und glauben, dass m\u00fcsse jetzt so weiter gehen. Al<br \/>\n.<br \/>\nDie bittere Klage der Subventionsbez\u00fcger, wenn kein Geld mehr f\u00fcr Subventionen vorhanden ist, weil andere Subventionsbez\u00fcger die bessere Lobbyorganisation in dem Umverteilungszirkus welchen wir Politik nennen haben, mag zwar f\u00fcr den Einzelnen tragisch sein, aber ist darum nicht weniger Folge seiner eigenen Verantwortungslosigkeit. Wer sich freiwillig in Abh\u00e4ngigkeit von Funktion\u00e4ren und der Politik begiebt hat das Unternehmertum bereits begraben und macht sich zum M\u00fcndel des Staates, bzw. der vorherrschenden Politik. Keiner w\u00fcrde dem momentan in der Regierung verweilenden Personal im Privatleben auch nur einen Gebrauchtwagen abkaufen, aber w\u00e4hlt solche Figuren in Amt- und W\u00fcrden, so bald diese versprechen einem Vorteile auf anderer Leute Kosten zu verschaffen. Phi<br \/>\n.<br \/>\nTja , Pech gehabt . Nie wieder werde ich in diesem sogenannten \u201c wiedervereinigtem Deutschland \u201c auch nur einen Cent f\u00fcr die Hotelerie- bzw. Gastrobranche ausgeben . Ihr habt uns Ungespritzte und Ungetestete w\u00e4hrend der sogenannten Corona \u201ePandemie\u201c wie Auss\u00e4tzige , wie Leprakranke behandelt . Bei sowas bin ich als DDR B\u00fcrger seeehr !!! nachtragend . Ein Leben lang . Hisst Eure Regenbogen- und Ukrainefahnen , ihr Systemlinge . Vielleicht habt ihr gratismutigen Wertloswestler damit mehr Gl\u00fcck . Ihr werdet genauso untergehen , wie alle anderen Branchen in dieser sogenannten \u201eBRD\u201c . Und wisst Ihr was : Ich freu mich drauf . M.D.<br \/>\n.<br \/>\nMitlaufen hat sich langfristig noch nie gelohnt. Mitl\u00e4ufer zeigen den M\u00e4chtigen, da\u00df man mit ihnen alles machen kann, es ist also von Anfang an dumm, sich so zu verhalten. Leider wei\u00df man ja oft nicht, welcher Gastronom \u201ewiderst\u00e4ndig\u201c war, wenn man es nicht zuf\u00e4llig selber erfahren hat. Man sollte sein Geld wirklich nur noch zu denen tragen. Obwohl es ja leider eigentlich nichts bringt, denn die gro\u00dfe Mehrheit der Deutschen war ja auch Mitl\u00e4ufer, deshalb w\u00fcrde unser Umsatz nicht ausreichen, diese Gastronomen zu retten. Mon<br \/>\n.<br \/>\nManchmal, wenn man sich selbst aus der Ferne fragt, ob man selber nicht zu sehr \u00fcberreagiert, dann ja, dann kommt der Hahne daher und trifft genau ins Mark. Nein wir d\u00fcrfen diese unglaubliche Show der Denunzianten und Spitzel nicht vergessen. Und nicht denjenigen mal eben so verzeihen, die einem um 20:30 im Nieselregen auf einem leeren Netto Parkplatz angeschrien haben, ob man nicht lesen k\u00f6nne. Auf dem Parkplatz ist Maskenpflicht\u2026im Freien\u2026im Nieselregen\u2026au\u00dfer mir 2 Autos auf dem Parkplatz. Oder im \u201eSchwarzen Pferd\u201c, wo die gesamte Familie und ich wieder gehen durften, weil mein Handy tiefentladen war. Der Gastraum war leer, au\u00dfer uns keiner da, alle sa\u00dfen drau\u00dfen. Oder im \u201eLe Petit\u201c um 22:30 als letzter Gast, vom Tisch bis zur T\u00fcr solle ich die Maske anlegen\u2026so der Wirt.<br \/>\nNein, Boykott und Widerstand ist angesagt und den lebe ich schon l\u00e4nger. Von mir aus k\u00f6nnen die ganzen Corona Regime H\u00f6rigen alle pleite gehen\u2026.und dazu geh\u00f6ren noch etliche andere wie Baustoffh\u00e4ndler, Apotheken oder Metzgereien. Selbst heute sieht man wieder \u00fcberall die Masken herumlaufen, sogar im Freien oder alleine im Auto. Macht kaputt, was euch kaputt macht! A.O<br \/>\n.<br \/>\nIst Geselligkeit gewollt?\u2019Das sich Menschen austauschen? Oder ist teilen und herrschen gewollt das jeder nur f\u00fcr sich k\u00e4mpft und Mehrheiten gar nicht erst aufbegehren? Ist es gewollt den digital finanziellen Komolex zu f\u00f6rdern wie bei Corona geschehen? Der Einzelhandel verzeichnet die meisten Pleiten als Folge das Menschen seit Corona vermehrt online bestellen. Lieferdienste zahlen 7% MwSt. also wird auch das zunehmen weil es g\u00fcnstiger ist und prompt sitzen die Menschen zuhause in Ihrer Blase und es findet kein Austausch statt \u2013 am besten schauen sie dabei noch ARD &amp; ZDF. P,H,<br \/>\n.<br \/>\nWerter Herr Hahne, danke f\u00fcr diesen Artikel. Als beobachtener B\u00fcrger stelle ich zunehmend fest, welchen Anteil insbesondere das Wohlstandsb\u00fcrgertum am Verfall unseres Landes hat. Diese finanziell saturierte ErbenKlientel wohnt abgeschottet in noch (noch) sicheren Wohngebieten, will von den politischen Kolateralsch\u00e4den unseres Landes am besten erst gar nichts wissen, weigert sich auch dar\u00fcber zu diskutieren und widmet sich lieber ihren n\u00e4chsten Reisepl\u00e4nen. Man ist ja so tolerant und weltoffen. Ihre narzisstisch gro\u00dfgezogenen Nachkommen d\u00fcrfen sich ohne gro\u00dfes Risiko als links-gr\u00fcne Aktivisten des sogenannten Klimaschutzes (was immer das sein soll) geb\u00e4ren, halten dar\u00fcber wohlgestylt silberzungige Reden oder kleben sich auf den Asphalt und \u00fcben sich so schon mal f\u00fcr die auf sie zukommende woke F\u00fchrungskultur. Existenz\u00e4ngste plagen sie nicht, denn ab den Zuwendungen von Opa und Oma erg\u00e4nzt durch viel sie umgebendes Vitamin B brauchen sie sich um ihre Zukunft keine Sorgen machen. Von diesen Alten wie Jungen haben die meisten keine belastbaren Kenntnisse von physikalischen oder naturgegebenen Zusammenh\u00e4ngen, stehen von daher jedwedem Umwelt- oder Naturschutz in Wahrheit abstinent gegen\u00fcber (man schaue sich nur deren Grundst\u00fccke und H\u00e4user an) faseln aber eloquent \u00fcber Klimaschutz und Planetenapokalypse.<br \/>\n\u00dcbrigens: Wer hat Luisa jemals in der Pflege von Streuobstwiesen oder \u00e4hnlich anstrengenden Pflegema\u00dfnahmen der Natur gesehen?<br \/>\nWie meinte unser philosophisch angehauchter M\u00e4rchenonkel: \u201eReden ist das neue politische Handeln!\u201c Sue<br \/>\nEnde Kommentare<\/p>\n<p>&nbsp;<\/p>\n","protected":false},"excerpt":{"rendered":"<p>Home &gt;Tourismus &gt;Gastro Gastronomie: Unterkunft, Verpflegung, Incentives Syrisches Restaurant in Freiburg bietet israelisches Gericht an \u2013 und wird bedroht\u00a0(23.3.2024) Gastronomie und Tourismus: Verl\u00e4ssliche Tr\u00e4ger der Pandemie\u00a0(30.9.2022) Windkraftgegner und HTG h\u00f6ren Herrenknecht hinter verschlossener T\u00fcr\u00a0(27.10.21) Bergwelt Kandel \u2013 Gastronomie und Hotel &hellip; <a href=\"https:\/\/www.freiburg-schwarzwald.de\/blog\/tourismus\/gastro\/\">Weiterlesen <span class=\"meta-nav\">&rarr;<\/span><\/a><\/p>\n","protected":false},"author":2,"featured_media":0,"parent":44,"menu_order":0,"comment_status":"open","ping_status":"closed","template":"","meta":{"footnotes":""},"class_list":["post-19","page","type-page","status-publish","hentry"],"_links":{"self":[{"href":"https:\/\/www.freiburg-schwarzwald.de\/blog\/wp-json\/wp\/v2\/pages\/19","targetHints":{"allow":["GET"]}}],"collection":[{"href":"https:\/\/www.freiburg-schwarzwald.de\/blog\/wp-json\/wp\/v2\/pages"}],"about":[{"href":"https:\/\/www.freiburg-schwarzwald.de\/blog\/wp-json\/wp\/v2\/types\/page"}],"author":[{"embeddable":true,"href":"https:\/\/www.freiburg-schwarzwald.de\/blog\/wp-json\/wp\/v2\/users\/2"}],"replies":[{"embeddable":true,"href":"https:\/\/www.freiburg-schwarzwald.de\/blog\/wp-json\/wp\/v2\/comments?post=19"}],"version-history":[{"count":5,"href":"https:\/\/www.freiburg-schwarzwald.de\/blog\/wp-json\/wp\/v2\/pages\/19\/revisions"}],"predecessor-version":[{"id":123563,"href":"https:\/\/www.freiburg-schwarzwald.de\/blog\/wp-json\/wp\/v2\/pages\/19\/revisions\/123563"}],"up":[{"embeddable":true,"href":"https:\/\/www.freiburg-schwarzwald.de\/blog\/wp-json\/wp\/v2\/pages\/44"}],"wp:attachment":[{"href":"https:\/\/www.freiburg-schwarzwald.de\/blog\/wp-json\/wp\/v2\/media?parent=19"}],"curies":[{"name":"wp","href":"https:\/\/api.w.org\/{rel}","templated":true}]}}