{"id":18567,"date":"2012-12-23T14:22:42","date_gmt":"2012-12-23T13:22:42","guid":{"rendered":"https:\/\/www.freiburg-schwarzwald.de\/blog\/?page_id=18567"},"modified":"2022-11-21T20:09:58","modified_gmt":"2022-11-21T19:09:58","slug":"vdk","status":"publish","type":"page","link":"https:\/\/www.freiburg-schwarzwald.de\/blog\/selbsthilfe\/soziales\/vdk\/","title":{"rendered":"VdK"},"content":{"rendered":"<p>Home &gt;<a title=\"Selbsthilfe\" href=\"https:\/\/www.freiburg-schwarzwald.de\/blog\/selbsthilfe\/\">Selbsthilfe<\/a> &gt;<a title=\"Soziales\" href=\"https:\/\/www.freiburg-schwarzwald.de\/blog\/soziales\/\">Soziales<\/a>\u00a0&gt;VdK<\/p>\n<div id=\"attachment_18098\" style=\"width: 649px\" class=\"wp-caption alignnone\"><a href=\"https:\/\/www.freiburg-schwarzwald.de\/blog\/engagement\/zukunft\/krieg\/steig8stpeter-pan121121\/\" rel=\"attachment wp-att-18098\"><img loading=\"lazy\" decoding=\"async\" aria-describedby=\"caption-attachment-18098\" class=\"size-full wp-image-18098\" title=\"steig8stpeter-pan121121\" src=\"https:\/\/www.freiburg-schwarzwald.de\/blog\/wp-content\/uploads\/2012\/12\/steig8stpeter-pan121121.jpg\" alt=\"\" width=\"639\" height=\"249\" srcset=\"https:\/\/www.freiburg-schwarzwald.de\/blog\/wp-content\/uploads\/2012\/12\/steig8stpeter-pan121121.jpg 639w, https:\/\/www.freiburg-schwarzwald.de\/blog\/wp-content\/uploads\/2012\/12\/steig8stpeter-pan121121-180x70.jpg 180w\" sizes=\"auto, (max-width: 639px) 100vw, 639px\" \/><\/a><p id=\"caption-attachment-18098\" class=\"wp-caption-text\">Blick vom Steig nach Norden am 21.11.2012 zu St.Peter und Kandel &#8211; Nebel quillt hoch aus dem Wagensteig-, Iben-, Eschbach-, Glotter- und Rheintal<\/p><\/div>\n<ul>\n<li><a href=\"https:\/\/www.freiburg-schwarzwald.de\/blog\/volkstrauertag-ohne-stadt-fr\/\">Volkstrauertag \u2013 ohne Stadt FR<\/a>\u00a0(21.11.2022)<\/li>\n<li>Am Wohnraum zeigt sich\u00a0die Spaltung der Gesellschaft in arm und reich (23.12.2012)<\/li>\n<li><a href=\"https:\/\/www.freiburg-schwarzwald.de\/littenweiler\/oberried6.htm#Sozialverband VdK Oberried: Neuen Vorstand - Ehrungen\">Sozialverband VdK Oberried: Neuen Vorstand\u00a0 &#8211; Ehrungen<\/a> &gt;Oberried6 (9.12.2010)<\/li>\n<li><a href=\"https:\/\/www.freiburg-schwarzwald.de\/soziales3.htm#VdK 60 Jahre: Von der Selbsthilfeorganisation zum modernen Dienstleister\">dK 60 Jahre: Von der Selbsthilfeorganisation zum modernen Dienstleister<\/a> &gt;Soziales3 (15.4.)<\/li>\n<li><a href=\"https:\/\/www.freiburg-schwarzwald.de\/littenweiler\/kirchzarten7.htm#Sozialverband VdK ehrt Karl Furtw\u00e4ngler aus Oberried\">Sozialverband VdK ehrt Karl Furtw\u00e4ngler aus Oberried<\/a> &gt;Kirchzarten7 (15.2.2008)<\/li>\n<li><a href=\"https:\/\/www.freiburg-schwarzwald.de\/littenweiler\/oberried6.htm#Oberrieder Sozialverband VdK feiert 50 Jahre\">Oberrieder Sozialverband VdK feiert 50 Jahre<\/a> &gt;Oberried6 (13.12.2007)<\/li>\n<li><a href=\"https:\/\/www.freiburg-schwarzwald.de\/soziales3.htm#Sozialverband VdK - Erste B\u00fcrgerbewegung nach dem Krieg\">Sozialverband VdK &#8211; Erste B\u00fcrgerbewegung nach dem Krieg<\/a> &gt;Soziales3 (24.2.2007)<\/li>\n<li><a href=\"https:\/\/www.freiburg-schwarzwald.de\/littenweiler\/soziales1.htm#VdK-Kreisverbandstag Freiburg - Lob f\u00fcrs ehrenamtliche Engagement\">VdK-Kreisverbandstag Freiburg &#8211; Lob f\u00fcrs ehrenamtliche Engagement<\/a> &gt;Soziales1 (29.3.)<\/li>\n<li>VdK &#8211; gr\u00f6\u00dfte Interessenvertretung f\u00fcr sozial Benachteiligte<\/li>\n<li>VdK Baden-W\u00fcrttemberg, Freiburg, L\u00f6rrach<\/li>\n<\/ul>\n<p>&nbsp;<\/p>\n<p><strong>VdK &#8211; gr\u00f6\u00dfte Interessenvertretung f\u00fcr sozial Benachteiligte<\/strong><\/p>\n<p>Der Sozialverband VdK ist die gr\u00f6\u00dfte Interessenvertretung f\u00fcr sozial Benachteiligte in der Bundesrepublik. Er hat rund 1,6 Millionen Mitglieder, davon \u00fcber 620.000 in Bayern. Der Verband ber\u00e4t die Mitglieder in sozialrechtlichen Fragen, zum Beispiel zu Mietangelegenheiten, Rente und Gesundheitsf\u00fcrsorge, und tritt gegen\u00fcber der Politik f\u00fcr deren Interessen ein. Nach dem Zweiten Weltkrieg als Verband der Kriegsbesch\u00e4digten gegr\u00fcndet, weitete sich das Themenspektrum des VdK best\u00e4ndig aus: Heute vertritt er zum Beispiel auch die Interessen von Menschen in Armut, \u00e4lteren Arbeitnehmern und pflegenden Angeh\u00f6rigen.<\/p>\n<div>Ulrike Mascher steht seit 2008 Jahren an der Spitze des Sozialverbandes. Die 74-j\u00e4hrige SPD-Politikerin war zuvor Bundestagsmitglied und vier Jahre lang parlamentarische Staatssekret\u00e4rin im Arbeitsministerium.<br \/>\n<a href=\"https:\/\/www.vdk.de\">www.vdk.de<\/a><\/div>\n<div><\/div>\n<div><\/div>\n<p align=\"left\"><strong>VdK Baden-W\u00fcrttemberg, Freiburg, L\u00f6rrach<\/strong><\/p>\n<p align=\"left\">Urspr\u00fcnglich ist der mit 1,4 Millionen Mitgliedern gr\u00f6\u00dfte Sozialverband Deutschlands VdK (Verband der Kriegs- und Wehrdienstopfer, Behinderter und Rentner e.V.) vielen Menschen noch als Verband der Kriegsopfer und Hinterbliebenen bekannt. Als solcher hat er sich in der Nachkriegsgeschichte Deutschlands sicher auch gro\u00dfe Verdienste erworben. Doch l\u00e4ngst ist der VdK zu einem modernen Sozialverband geworden, der sich f\u00fcr alle Altersgruppen in Sozialangelegenheiten engagiert. Er ist eine gemeinn\u00fctzige und \u00fcberparteiliche Selbsthilfeorganisation f\u00fcr Menschen mit chronischen Krankheiten und Behinderungen, f\u00fcr Pflegebed\u00fcrftige, Kriegs- und Wehrdienstopfer.<\/p>\n<p align=\"left\">Der VdK-Bundesverband gliedert sich in Landes-, Kreis- und Ortsverb\u00e4nde. Auf den \u00fcberregionalen Ebenen nimmt er Einfluss auf die Renten-, Sozial- und Gesundheitspolitik. Den lokalen Verb\u00e4nden obliegt die direkte Hilfe und Beratung zum Renten- und Behindertenrecht, zur Alten- und Sozialhilfe, zur Pflegeversicherung oder zum Patientenschutz. Prozessbevollm\u00e4chtigte vertreten die VdKler vor den Sozial- und Verwaltungsgerichten.<\/p>\n<p align=\"left\">Sozialverband VdK Baden-W\u00fcrttemberg e. V.<br \/>\nJohannesstra\u00dfe 22, 70176 Stuttgart ,<br \/>\nTelefon 0711\/61956-0, Telefax 0711\/626837<br \/>\n<a href=\"https:\/\/www.vdk-baden-wuerttemberg.de\/\">www.vdk-baden-wuerttemberg.de<\/a><\/p>\n<p align=\"left\">Bezirksverbandsgesch\u00e4ftsstelle S\u00fcdbaden<br \/>\nBertoldstra\u00dfe 44, 79098 Freiburg, Telefon 0761-504490, Fax 0761-5044950<br \/>\n<a href=\"mailto:bv-suedbaden@vdk.de\">bv-suedbaden@vdk.de<\/a>, <a href=\"https:\/\/www.vdk-suedbaden.de\/\">www.vdk-suedbaden.de<\/a><\/p>\n<p>&nbsp;<\/p>\n<p><strong>Am Wohnraum zeigt sich\u00a0die Spaltung der Gesellschaft in arm und reich <\/strong><\/p>\n<p id=\"p33\">&#8222;Am Wohnraum zeigt sich doch die Spaltung der Gesellschaft: In Innenstadtlage werden Wohnungen luxussaniert, w\u00e4hrend die Leute mit den niedrigen Einkommen immer weiter an die R\u00e4nder der Stadt gedr\u00e4ngt werden. Wenn die Reichen sich abschotten in H\u00e4usern, die bewacht werden m\u00fcssen, und ihre Kinder in Privatschulen schicken, dann finde ich das keine lebenswerte Zukunft. Wenn Arme und Reiche r\u00e4umlich immer weiter voneinander getrennt sind, wundert es auch nicht, wenn viele Bessergestellte erfolgreich verdr\u00e4ngen, dass es Armut in der Bundesrepublik gibt.&#8220; VdK-Pr\u00e4sidentin Ulrike Mascher<br \/>\nAlles vom 23.12.2012 bitte lesen auf<br \/>\n<a href=\"https:\/\/www.welt.de\/print\/wams\/wirtschaft\/article112202159\/Man-sieht-wo-Geld-steckt.html\">https:\/\/www.welt.de\/print\/wams\/wirtschaft\/article112202159\/Man-sieht-wo-Geld-steckt.html<\/a><\/p>\n","protected":false},"excerpt":{"rendered":"<p>Home &gt;Selbsthilfe &gt;Soziales\u00a0&gt;VdK Volkstrauertag \u2013 ohne Stadt FR\u00a0(21.11.2022) Am Wohnraum zeigt sich\u00a0die Spaltung der Gesellschaft in arm und reich (23.12.2012) Sozialverband VdK Oberried: Neuen Vorstand\u00a0 &#8211; Ehrungen &gt;Oberried6 (9.12.2010) dK 60 Jahre: Von der Selbsthilfeorganisation zum modernen Dienstleister &gt;Soziales3 (15.4.) &hellip; <a href=\"https:\/\/www.freiburg-schwarzwald.de\/blog\/selbsthilfe\/soziales\/vdk\/\">Weiterlesen <span class=\"meta-nav\">&rarr;<\/span><\/a><\/p>\n","protected":false},"author":4,"featured_media":0,"parent":42,"menu_order":0,"comment_status":"open","ping_status":"closed","template":"","meta":{"footnotes":""},"class_list":["post-18567","page","type-page","status-publish","hentry"],"_links":{"self":[{"href":"https:\/\/www.freiburg-schwarzwald.de\/blog\/wp-json\/wp\/v2\/pages\/18567","targetHints":{"allow":["GET"]}}],"collection":[{"href":"https:\/\/www.freiburg-schwarzwald.de\/blog\/wp-json\/wp\/v2\/pages"}],"about":[{"href":"https:\/\/www.freiburg-schwarzwald.de\/blog\/wp-json\/wp\/v2\/types\/page"}],"author":[{"embeddable":true,"href":"https:\/\/www.freiburg-schwarzwald.de\/blog\/wp-json\/wp\/v2\/users\/4"}],"replies":[{"embeddable":true,"href":"https:\/\/www.freiburg-schwarzwald.de\/blog\/wp-json\/wp\/v2\/comments?post=18567"}],"version-history":[{"count":1,"href":"https:\/\/www.freiburg-schwarzwald.de\/blog\/wp-json\/wp\/v2\/pages\/18567\/revisions"}],"predecessor-version":[{"id":106471,"href":"https:\/\/www.freiburg-schwarzwald.de\/blog\/wp-json\/wp\/v2\/pages\/18567\/revisions\/106471"}],"up":[{"embeddable":true,"href":"https:\/\/www.freiburg-schwarzwald.de\/blog\/wp-json\/wp\/v2\/pages\/42"}],"wp:attachment":[{"href":"https:\/\/www.freiburg-schwarzwald.de\/blog\/wp-json\/wp\/v2\/media?parent=18567"}],"curies":[{"name":"wp","href":"https:\/\/api.w.org\/{rel}","templated":true}]}}

<p>Home &gt;<a title="Selbsthilfe" href="https://www.freiburg-schwarzwald.de/blog/selbsthilfe/">Selbsthilfe</a> &gt;<a title="Soziales" href="https://www.freiburg-schwarzwald.de/blog/soziales/">Soziales</a> &gt;VdK</p>
<div id="attachment_18098" style="width: 649px" class="wp-caption alignnone"><a href="https://www.freiburg-schwarzwald.de/blog/engagement/zukunft/krieg/steig8stpeter-pan121121/" rel="attachment wp-att-18098"><img loading="lazy" decoding="async" aria-describedby="caption-attachment-18098" class="size-full wp-image-18098" title="steig8stpeter-pan121121" src="https://www.freiburg-schwarzwald.de/blog/wp-content/uploads/2012/12/steig8stpeter-pan121121.jpg" alt="" width="639" height="249" srcset="https://www.freiburg-schwarzwald.de/blog/wp-content/uploads/2012/12/steig8stpeter-pan121121.jpg 639w, https://www.freiburg-schwarzwald.de/blog/wp-content/uploads/2012/12/steig8stpeter-pan121121-180x70.jpg 180w" sizes="auto, (max-width: 639px) 100vw, 639px" /></a><p id="caption-attachment-18098" class="wp-caption-text">Blick vom Steig nach Norden am 21.11.2012 zu St.Peter und Kandel &#8211; Nebel quillt hoch aus dem Wagensteig-, Iben-, Eschbach-, Glotter- und Rheintal</p></div>
<ul>
<li><a href="https://www.freiburg-schwarzwald.de/blog/volkstrauertag-ohne-stadt-fr/">Volkstrauertag – ohne Stadt FR</a> (21.11.2022)</li>
<li>Am Wohnraum zeigt sich die Spaltung der Gesellschaft in arm und reich (23.12.2012)</li>
<li><a href="https://www.freiburg-schwarzwald.de/littenweiler/oberried6.htm#Sozialverband VdK Oberried: Neuen Vorstand - Ehrungen">Sozialverband VdK Oberried: Neuen Vorstand  &#8211; Ehrungen</a> &gt;Oberried6 (9.12.2010)</li>
<li><a href="https://www.freiburg-schwarzwald.de/soziales3.htm#VdK 60 Jahre: Von der Selbsthilfeorganisation zum modernen Dienstleister">dK 60 Jahre: Von der Selbsthilfeorganisation zum modernen Dienstleister</a> &gt;Soziales3 (15.4.)</li>
<li><a href="https://www.freiburg-schwarzwald.de/littenweiler/kirchzarten7.htm#Sozialverband VdK ehrt Karl Furtwängler aus Oberried">Sozialverband VdK ehrt Karl Furtwängler aus Oberried</a> &gt;Kirchzarten7 (15.2.2008)</li>
<li><a href="https://www.freiburg-schwarzwald.de/littenweiler/oberried6.htm#Oberrieder Sozialverband VdK feiert 50 Jahre">Oberrieder Sozialverband VdK feiert 50 Jahre</a> &gt;Oberried6 (13.12.2007)</li>
<li><a href="https://www.freiburg-schwarzwald.de/soziales3.htm#Sozialverband VdK - Erste Bürgerbewegung nach dem Krieg">Sozialverband VdK &#8211; Erste Bürgerbewegung nach dem Krieg</a> &gt;Soziales3 (24.2.2007)</li>
<li><a href="https://www.freiburg-schwarzwald.de/littenweiler/soziales1.htm#VdK-Kreisverbandstag Freiburg - Lob fürs ehrenamtliche Engagement">VdK-Kreisverbandstag Freiburg &#8211; Lob fürs ehrenamtliche Engagement</a> &gt;Soziales1 (29.3.)</li>
<li>VdK &#8211; größte Interessenvertretung für sozial Benachteiligte</li>
<li>VdK Baden-Württemberg, Freiburg, Lörrach</li>
</ul>
<p>&nbsp;</p>
<p><strong>VdK &#8211; größte Interessenvertretung für sozial Benachteiligte</strong></p>
<p>Der Sozialverband VdK ist die größte Interessenvertretung für sozial Benachteiligte in der Bundesrepublik. Er hat rund 1,6 Millionen Mitglieder, davon über 620.000 in Bayern. Der Verband berät die Mitglieder in sozialrechtlichen Fragen, zum Beispiel zu Mietangelegenheiten, Rente und Gesundheitsfürsorge, und tritt gegenüber der Politik für deren Interessen ein. Nach dem Zweiten Weltkrieg als Verband der Kriegsbeschädigten gegründet, weitete sich das Themenspektrum des VdK beständig aus: Heute vertritt er zum Beispiel auch die Interessen von Menschen in Armut, älteren Arbeitnehmern und pflegenden Angehörigen.</p>
<div>Ulrike Mascher steht seit 2008 Jahren an der Spitze des Sozialverbandes. Die 74-jährige SPD-Politikerin war zuvor Bundestagsmitglied und vier Jahre lang parlamentarische Staatssekretärin im Arbeitsministerium.<br />
<a href="https://www.vdk.de">www.vdk.de</a></div>
<div></div>
<div></div>
<p align="left"><strong>VdK Baden-Württemberg, Freiburg, Lörrach</strong></p>
<p align="left">Ursprünglich ist der mit 1,4 Millionen Mitgliedern größte Sozialverband Deutschlands VdK (Verband der Kriegs- und Wehrdienstopfer, Behinderter und Rentner e.V.) vielen Menschen noch als Verband der Kriegsopfer und Hinterbliebenen bekannt. Als solcher hat er sich in der Nachkriegsgeschichte Deutschlands sicher auch große Verdienste erworben. Doch längst ist der VdK zu einem modernen Sozialverband geworden, der sich für alle Altersgruppen in Sozialangelegenheiten engagiert. Er ist eine gemeinnützige und überparteiliche Selbsthilfeorganisation für Menschen mit chronischen Krankheiten und Behinderungen, für Pflegebedürftige, Kriegs- und Wehrdienstopfer.</p>
<p align="left">Der VdK-Bundesverband gliedert sich in Landes-, Kreis- und Ortsverbände. Auf den überregionalen Ebenen nimmt er Einfluss auf die Renten-, Sozial- und Gesundheitspolitik. Den lokalen Verbänden obliegt die direkte Hilfe und Beratung zum Renten- und Behindertenrecht, zur Alten- und Sozialhilfe, zur Pflegeversicherung oder zum Patientenschutz. Prozessbevollmächtigte vertreten die VdKler vor den Sozial- und Verwaltungsgerichten.</p>
<p align="left">Sozialverband VdK Baden-Württemberg e. V.<br />
Johannesstraße 22, 70176 Stuttgart ,<br />
Telefon 0711/61956-0, Telefax 0711/626837<br />
<a href="https://www.vdk-baden-wuerttemberg.de/">www.vdk-baden-wuerttemberg.de</a></p>
<p align="left">Bezirksverbandsgeschäftsstelle Südbaden<br />
Bertoldstraße 44, 79098 Freiburg, Telefon 0761-504490, Fax 0761-5044950<br />
<a href="mailto:bv-suedbaden@vdk.de">bv-suedbaden@vdk.de</a>, <a href="https://www.vdk-suedbaden.de/">www.vdk-suedbaden.de</a></p>
<p>&nbsp;</p>
<p><strong>Am Wohnraum zeigt sich die Spaltung der Gesellschaft in arm und reich </strong></p>
<p id="p33">&#8222;Am Wohnraum zeigt sich doch die Spaltung der Gesellschaft: In Innenstadtlage werden Wohnungen luxussaniert, während die Leute mit den niedrigen Einkommen immer weiter an die Ränder der Stadt gedrängt werden. Wenn die Reichen sich abschotten in Häusern, die bewacht werden müssen, und ihre Kinder in Privatschulen schicken, dann finde ich das keine lebenswerte Zukunft. Wenn Arme und Reiche räumlich immer weiter voneinander getrennt sind, wundert es auch nicht, wenn viele Bessergestellte erfolgreich verdrängen, dass es Armut in der Bundesrepublik gibt.&#8220; VdK-Präsidentin Ulrike Mascher<br />
Alles vom 23.12.2012 bitte lesen auf<br />
<a href="https://www.welt.de/print/wams/wirtschaft/article112202159/Man-sieht-wo-Geld-steckt.html">https://www.welt.de/print/wams/wirtschaft/article112202159/Man-sieht-wo-Geld-steckt.html</a></p>
