{"id":183,"date":"2012-04-01T19:15:01","date_gmt":"2012-04-01T19:15:01","guid":{"rendered":"https:\/\/www.freiburg-schwarzwald.de\/blog\/?page_id=183"},"modified":"2025-11-11T18:29:18","modified_gmt":"2025-11-11T17:29:18","slug":"senioren","status":"publish","type":"page","link":"https:\/\/www.freiburg-schwarzwald.de\/blog\/selbsthilfe\/senioren\/","title":{"rendered":"Senioren"},"content":{"rendered":"<p>Home &gt;<a title=\"Selbsthilfe\" href=\"https:\/\/www.freiburg-schwarzwald.de\/blog\/selbsthilfe\/\">Selbsthilfe<\/a> &gt;Senioren<\/p>\n<div id=\"attachment_82788\" style=\"width: 649px\" class=\"wp-caption alignnone\"><a href=\"https:\/\/www.freiburg-schwarzwald.de\/blog\/regio\/verkehr\/fahrradwege\/dreisamuferweg\/freiburg-dreisam-sofa-pan200810-2\/\" rel=\"attachment wp-att-82788\"><img loading=\"lazy\" decoding=\"async\" aria-describedby=\"caption-attachment-82788\" class=\"size-full wp-image-82788\" src=\"https:\/\/www.freiburg-schwarzwald.de\/blog\/wp-content\/uploads\/2012\/11\/freiburg-dreisam-sofa-pan200810.jpg\" alt=\"In der Dreisam am 8.10.2020 - Freiburg bei 35 Grad\" width=\"639\" height=\"312\" srcset=\"https:\/\/www.freiburg-schwarzwald.de\/blog\/wp-content\/uploads\/2012\/11\/freiburg-dreisam-sofa-pan200810.jpg 639w, https:\/\/www.freiburg-schwarzwald.de\/blog\/wp-content\/uploads\/2012\/11\/freiburg-dreisam-sofa-pan200810-180x87.jpg 180w\" sizes=\"auto, (max-width: 639px) 100vw, 639px\" \/><\/a><p id=\"caption-attachment-82788\" class=\"wp-caption-text\">In der Dreisam am 8.10.2020 &#8211; Freiburg bei 35 Grad<\/p><\/div>\n<p>.<br \/>\n.<strong><br \/>\nSenioren und Alter: Initiativen, Selbsthilfegruppen, Vereine, Links, &#8230;<\/strong><\/p>\n<table border=\"1\" width=\"100%\" cellspacing=\"0\" cellpadding=\"0\" bgcolor=\"#c0c0c0\">\n<tbody>\n<tr>\n<td width=\"100%\">\n<p align=\"center\">&#8222;Erst wenn ein Anzug abgetragen ist, beginnt seine Glanzzeit&#8220; (Heinz R\u00fchmann)<\/p>\n<p style=\"text-align: center;\">\u00bbAlt ist, wer mit 50 Prozent seiner Gedanken in der Vergangenheit ist,<br \/>\njung ist, wer mit 50 Prozent seiner Gedanken in der Zukunft ist.\u00ab<\/p>\n<p>Das Alter ist wie eine Bergbesteigung:<br \/>\nJe h\u00f6her man kommt, desto langsamer wird man.\u00a0Aber daf\u00fcr weitet sich der Blick immer mehr<\/td>\n<\/tr>\n<\/tbody>\n<\/table>\n<p>&nbsp;<\/p>\n<ul>\n<li><em>Listenauswahl eines Beitrags (Artikel\/Datum, Seite\/Inhalt):\u00a0<span style=\"text-decoration: underline;\">Klicken\u00a0<\/span>oder scrollen<\/em><\/li>\n<li><a href=\"https:\/\/www.freiburg-schwarzwald.de\/blog\/engagement\/gelassenheit\/\">Gelassenheit: Das wei\u00dfe Pferd \u2013 Gl\u00fcck oder Ungl\u00fcck?<\/a> (11.11.2025)<\/li>\n<li><a href=\"https:\/\/www.freiburg-schwarzwald.de\/blog\/business\/dienste\/pflege\/stambulant\/\">Wann kommt das Stambulant-Heim nach Biederbach?<\/a>\u00a0(11.9.2025)<\/li>\n<li><a href=\"https:\/\/www.freiburg-schwarzwald.de\/blog\/selbsthilfe\/soziales\/arbeit\/rente\/\">Einige Zahlen zur Erhellung der Rentendebatte<\/a> (11.8.2025)<\/li>\n<li><a href=\"https:\/\/www.freiburg-schwarzwald.de\/blog\/300000-alleine-sterben-lassen\/\">300.000 alleine sterben lassen<\/a>\u00a0(21.6.2024)<\/li>\n<li><a href=\"https:\/\/www.freiburg-schwarzwald.de\/blog\/kultur\/medien\/film\/\">Freiburger Filmemacher Bodo Kaiser wird im Netz als Nazi tituliert \u2013 und wehrt sich<\/a>\u00a0(20.4.2024)<\/li>\n<li><a href=\"https:\/\/www.freiburg-schwarzwald.de\/blog\/einfach-deutsche-ueber-70-toeten\/\">Einfach Deutsche \u00fcber 70 t\u00f6ten<\/a>\u00a0(20.11.2023)<\/li>\n<li><a href=\"https:\/\/www.freiburg-schwarzwald.de\/blog\/selbsthilfe\/senioren\/stahlbad\/\">Tag der offenen 22.2.2022 im Stahlbad St. Antonius in FR-Littenweiler<\/a>\u00a0(8.2.2023)<\/li>\n<li><a href=\"https:\/\/www.freiburg-schwarzwald.de\/blog\/selbsthilfe\/psyche\/trauer\/sterben\/\">DGHS: Humanes Sterben \u2013 Edith Vieser in Freiburg<\/a>\u00a0(11.1.2023)<\/li>\n<li><a href=\"https:\/\/www.freiburg-schwarzwald.de\/blog\/engagement\/verbraucher\/steuern\/erbschaftssteuer\/\">Erbschaftssteuer: Enteignung auf fiskal-b\u00fcrokratischem Wege<\/a>\u00a0(9.12.2022)<\/li>\n<li><a href=\"https:\/\/www.freiburg-schwarzwald.de\/blog\/keine-masken-in-altenheimen\/\">Keine Masken in Altenheimen<\/a>\u00a0(12.10.2022)<\/li>\n<li><a href=\"https:\/\/www.freiburg-schwarzwald.de\/blog\/engagierte-kritische-alte-gesucht\/\">Engagierte kritische Alte gesucht<\/a>\u00a0(20.9.2022)<\/li>\n<li><a href=\"https:\/\/www.freiburg-schwarzwald.de\/blog\/selbsthilfe\/soziales\/armut\/\">Armut: Dieses Land kotzt mich so an!<\/a> (5.8.2022)<\/li>\n<li><a href=\"https:\/\/www.freiburg-schwarzwald.de\/blog\/briefgenerator-enkel-an-oma\/\">Briefgenerator: Enkel an Oma<\/a>\u00a0(19.9.2021)<\/li>\n<li><span style=\"color: #000000;\"><a href=\"https:\/\/www.freiburg-schwarzwald.de\/blog\/vor-dem-tod-retten\/\">Vor dem Tod retten<\/a> (23.2.2021)<\/span><\/li>\n<li><a href=\"https:\/\/www.freiburg-schwarzwald.de\/blog\/kultur\/alte-weisse-maenner\/\">Egal-Sein im Alter: Befreiung zum Wesentlichen<\/a> (10.1.2021)<\/li>\n<li><a href=\"https:\/\/www.freiburg-schwarzwald.de\/blog\/nur-ein-enkel-bei-oma-und-opa\/\">Nur ein Enkel bei Oma und Opa<\/a>\u00a0(7.1.2020)<\/li>\n<li><a title=\"Grosseltern, Kinder und Enkel\" href=\"https:\/\/www.freiburg-schwarzwald.de\/blog\/grosseltern-kinder-und-enkel\/\">Grosseltern, Kinder und Enkel: Kaum Gespr\u00e4che<\/a>\u00a0(20.10.2020)<\/li>\n<li><a title=\"Lebensschutz\" href=\"https:\/\/www.freiburg-schwarzwald.de\/blog\/business\/gesund\/lebensschutz\/\">Wie k\u00f6nnen wir jemals wieder Menschen sterben lassen?<\/a>\u00a0(20.8.2020)<\/li>\n<li><a title=\"Grundrechte: Sch\u00e4uble Palmer\" href=\"https:\/\/www.freiburg-schwarzwald.de\/blog\/grundrechte-schaeuble-palmer\/\">Grundrechte und Corona-Lockdown: Sch\u00e4uble und Palmer<\/a>\u00a0(29.4.2020)<\/li>\n<li><a title=\"Corona-Virus\" href=\"https:\/\/www.freiburg-schwarzwald.de\/blog\/business\/gesund\/corona-virus\/\">Dr. Gunter Frank: Shutdown stoppen \u2013 Risikogruppen sch\u00fctzen<\/a>\u00a0(22.4.2020)<\/li>\n<li><a title=\"Experten Streit Palliativmedizin\" href=\"https:\/\/www.freiburg-schwarzwald.de\/blog\/experten-streit-palliativmedizin\/\">Experten Streit Palliativmedizin<\/a>\u00a0(15.4.2020)<\/li>\n<li><a title=\"Pflege-Stammtisch in Freiburg\" href=\"https:\/\/www.freiburg-schwarzwald.de\/blog\/pflege-stammtisch-in-freiburg\/\">Pflege-Stammtisch in Freiburg<\/a>\u00a0(28.1.2020)<\/li>\n<li><a title=\"Oma-Umweltsau\" href=\"https:\/\/www.freiburg-schwarzwald.de\/blog\/selbsthilfe\/senioren\/oma-umweltsau\/\">ARD und ZDF Indoktrinationsplattformen links-gr\u00fcner Weltanschauung<\/a>\u00a0(12.1.2020)<\/li>\n<li><a title=\"Familie oder Umweltrettung?\" href=\"https:\/\/www.freiburg-schwarzwald.de\/blog\/familie-oder-umweltrettung\/\">Familie oder Umweltrettung?<\/a>\u00a0(1.1.2010)<\/li>\n<li><a title=\"Meine Oma f\u00e4hrt Motorrad\" href=\"https:\/\/www.freiburg-schwarzwald.de\/blog\/meine-oma-faehrt-motorrad\/\">Meine Oma f\u00e4hrt Motorrad<\/a><a title=\"Alte-weisse-Maenner\" href=\"https:\/\/www.freiburg-schwarzwald.de\/blog\/kultur\/alte-weisse-maenner\/\">\u00a0(28.12.2019)Die <\/a><\/li>\n<li><a title=\"Alte-weisse-Maenner\" href=\"https:\/\/www.freiburg-schwarzwald.de\/blog\/kultur\/alte-weisse-maenner\/\">minderwertigen alten wei\u00dfen M\u00e4nner<\/a>\u00a0(11.12.2019)<\/li>\n<li><a title=\"Alter weisser Mann \u2013 Junge Frau\" href=\"https:\/\/www.freiburg-schwarzwald.de\/blog\/alter-weisser-mann-junge-frau\/\">Alter wei\u00dfer Mann \u2013 Junge Frau<\/a>\u00a0(6.12.2019)<\/li>\n<li><a title=\"Alte-Hochschwarzwaelder\" href=\"https:\/\/www.freiburg-schwarzwald.de\/blog\/regio\/hochschwarzwald\/alte-hochschwarzwaelder\/\">Fotoausstellung: Alte Menschen im Hochschwarzwald<\/a>\u00a0 (12.5.2019)<\/li>\n<li><a title=\"Entwurzelung\" href=\"https:\/\/www.freiburg-schwarzwald.de\/blog\/global\/migration\/entwurzelung\/\">Entwurzelung der Alten &#8211; Wohnungstausch mit Migranten<\/a> (5.4.2019)<\/li>\n<li>Das kalendarische, biologische und soziale Alter (30.12.2015)<\/li>\n<li><a href=\"https:\/\/www.freiburg-schwarzwald.de\/blog\/zeitbank-55-in-freiburg-ost\/\">https:\/\/www.freiburg-schwarzwald.de\/blog\/zeitbank-55-in-freiburg-ost\/<\/a>\u00a0(2.1.2014)<\/li>\n<li><a href=\"https:\/\/www.freiburg-schwarzwald.de\/blog\/gemeinschaftliches-wohnen\/\">https:\/\/www.freiburg-schwarzwald.de\/blog\/gemeinschaftliches-wohnen\/<\/a>\u00a0(17.11.2013)<\/li>\n<li><a href=\"https:\/\/www.freiburg-schwarzwald.de\/blog\/senioren-wg-contra-heimgesetz\/\">https:\/\/www.freiburg-schwarzwald.de\/blog\/senioren-wg-contra-heimgesetz\/<\/a>\u00a0(17.9.2013)<\/li>\n<li><a href=\"https:\/\/www.freiburg-schwarzwald.de\/blog\/schockanrufer-erfinden-notlage\/\">https:\/\/www.freiburg-schwarzwald.de\/blog\/schockanrufer-erfinden-notlage\/<\/a>\u00a0(6.4.2013)<\/li>\n<li><a href=\"https:\/\/www.freiburg-schwarzwald.de\/blog\/dagegen-sein-und-zeitgeist\/\">https:\/\/www.freiburg-schwarzwald.de\/blog\/dagegen-sein-und-zeitgeist\/<\/a>\u00a0(23.3.2013)<\/li>\n<li><a href=\"https:\/\/www.freiburg-schwarzwald.de\/blog\/adlergarten-wohngruppe-recht\/\">https:\/\/www.freiburg-schwarzwald.de\/blog\/adlergarten-wohngruppe-recht\/<\/a>\u00a0(24.1.2013)<\/li>\n<li><\/li>\n<li><strong><a href=\"https:\/\/www.freiburg-schwarzwald.de\/senioren.htm\">https:\/\/www.freiburg-schwarzwald.de\/senioren.htm<\/a> &gt;Archivseite Senioren<\/strong><\/li>\n<li>\u00c4ltere Menschen und Angeh\u00f6rige, Beratungsstelle Freiburg, Tel 0761\/3191640<\/li>\n<li><a href=\"https:\/\/www.freiburg-schwarzwald.de\/senioren#Geriatrie und Gerontologie - Zentrum an Uniklinik Freiburg\">Altersheiilkunde: Geriatrie und Gerontologie &#8211; Zentrum an Uniklinik Freiburg<\/a><\/li>\n<li>Alters- und behindertengerechte Wohnen, Beratung Freiburg, Tel 0761\/70875-14<\/li>\n<li><a href=\"https:\/\/www.freiburg-schwarzwald.de\/demenz.htm#Alzheimer-Betreuungsgruppen im Hochschwarzwald\">Alzheimer-Betreuungsgruppen im Hochschwarzwald<\/a> &gt;Demenz<\/li>\n<li><a href=\"https:\/\/www.freiburg-schwarzwald.de\/pflegehelfer.htm\">Ausl\u00e4ndische Pflegekr\u00e4fte<\/a> &gt;Pflegehelfer<\/li>\n<li><a href=\"https:\/\/www.freiburg-schwarzwald.de\/senioren#Breisacher Betreuungsgruppe f\u00fcr demenziell erkrankte Menschen\">Breisacher Betreuungsgruppe f\u00fcr demenziell erkrankte Menschen<\/a><\/li>\n<li><a title=\"Demenz\" href=\"https:\/\/www.freiburg-schwarzwald.de\/blog\/selbsthilfe\/chronisch\/demenz\/\">Demenz im Alter<\/a><\/li>\n<li><a href=\"https:\/\/www.freiburg-schwarzwald.de\/senioren1.htm#Wohngruppen f\u00fcr Demenzpatienten\u00a0- Eichstetter Initiative\">Demenzpatienten\u00a0&#8211; Eichstetter Initiative &#8211; Wohngruppen<\/a> &gt;Senioren1 (9.8.2004)<\/li>\n<li><a href=\"https:\/\/www.freiburg-schwarzwald.de\/littenweiler\/stegen2.htm#Betreuungsgruppe f\u00fcr demenziell erkrankte Menschen\">Demenz &#8211; Betreuungsgruppe Dreisamtal<\/a> &gt;Stegen2 (11.12.2006)<\/li>\n<li><a title=\"Demografie\" href=\"https:\/\/www.freiburg-schwarzwald.de\/blog\/engagement\/zukunft\/demografie\/\">Demografie &#8211; Demografischer Wandel<\/a><\/li>\n<li><a href=\"https:\/\/www.freiburg-schwarzwald.de\/vererben.htm\">Erbschaft, Erbe<\/a> &gt;Vererben<\/li>\n<li><a href=\"https:\/\/www.freiburg-schwarzwald.de\/caritas.htm#Essen auf R\u00e4dern in Titisee-Neustadt\">Essen auf R\u00e4dern in Titisee-Neustadt<\/a> &gt;Caritas<\/li>\n<li><a href=\"https:\/\/www.freiburg-schwarzwald.de\/senioren#Feierabend.de - Seniorentreff mit Freiburger Regionalgruppe\">Feierabend.de &#8211; Seniorentreff mit Freiburger Regionalgruppe<\/a><\/li>\n<li><a href=\"https:\/\/www.freiburg-schwarzwald.de\/senioren#FGWA - Forum gemeinschaftl. Wohnen im Alter\">FGWA &#8211; Forum gemeinschaftl. Wohnen im Alter<\/a><\/li>\n<li><a href=\"https:\/\/www.freiburg-schwarzwald.de\/hilfe.htm#Freiburger Hilfsgemeinschaft e.V.\">FHG &#8211; Freiburger Hilfsgemeinschaft f\u00fcr psychisch kranke und behinderte Menschen<\/a> &gt;Hilfe<\/li>\n<li><a href=\"https:\/\/www.freiburg-schwarzwald.de\/senioren#Geriatrie und Gerontologie - Zentrum an Uniklinik Freiburg\">Geriatrie und Gerontologie &#8211; Zentrum an Uniklinik Freiburg<\/a><\/li>\n<li><a href=\"https:\/\/www.freiburg-schwarzwald.de\/wiesental1.htm#Grundsicherung im Alter\">Grundsicherung im Alter<\/a> &gt;Wiesental1<\/li>\n<li><a href=\"https:\/\/www.freiburg-schwarzwald.de\/muenstertal1.htm#Helferkreis M\u00fcnstertal w\u00fcnscht sich Mitarbeit von r\u00fcstigen Alten\">Helferkreis M\u00fcnstertal w\u00fcnscht sich Mitarbeit von &#8222;r\u00fcstigen Alten&#8220;<\/a> &gt;M\u00fcnstertal1 (4.8.2004)<\/li>\n<li><a title=\"Hospiz\" href=\"https:\/\/www.freiburg-schwarzwald.de\/blog\/selbsthilfe\/senioren\/hospiz\/\">Hospize und Trauerbegleitung<\/a><\/li>\n<li>Johanniter-Unfall-Hilfe Freiburg, H\u00e4usliche Alten- und Krankenpflege, Tel 0761\/4593-121<\/li>\n<li><a href=\"https:\/\/www.freiburg-schwarzwald.de\/senioren.htm#Kreisseniorenrat des Landkreises Breisgau-Hochschwarzwald\">Kreisseniorenrat des Landkreises Breisgau-Hochschwarzwald<\/a> &gt;Senioren<\/li>\n<li><a title=\"Kreuzsteinaecker\" href=\"https:\/\/www.freiburg-schwarzwald.de\/blog\/selbsthilfe\/senioren\/kreuzsteinaecker\/\">Kreuzstein\u00e4cker &#8211; Seniorenwohnen<\/a><\/li>\n<li><a title=\"Laubenhof\" href=\"https:\/\/www.freiburg-schwarzwald.de\/blog\/selbsthilfe\/senioren\/laubenhof\/\">Laubenhof &#8211; Seniorenwohnen<\/a><\/li>\n<li><a title=\"Lebensraum-fuer-Alle\" href=\"https:\/\/www.freiburg-schwarzwald.de\/blog\/business\/dienste\/immobilien\/wohnen\/lebensraum-fuer-alle\/\">Lebensraum-fuer-Alle<\/a><\/li>\n<li><a href=\"https:\/\/www.freiburg-schwarzwald.de\/littenweiler\/wohnen.htm#Mehrgenerationenh\u00e4user - Freiburg\">Mehrgenerationenh\u00e4user &#8211; Freiburg<\/a> &gt;Wohnen<\/li>\n<li>Mobile Soziale Dienste des DRK-Kreisverbandes, Pflegehilfsdienst im eigenen Heim, Tel 0761\/8850836<\/li>\n<li>Mobiler Sozialer Dienst des Parit\u00e4tischen Wohlfahrtverbandes Freiburg, Tel 0761\/708775-21<\/li>\n<li>MOFA &#8211; Mobiler Freiburger Altenservice, Senioren helfen Senioren, Tel 0761\/31913147 Di\/Do 10-12 Uhr<\/li>\n<li><a href=\"https:\/\/www.freiburg-schwarzwald.de\/hospiz1.htm#Halb Heim, halb Hospiz - Elisabethenheim in M\u00fcllheim\">M\u00fcllheim: Elisabethenheim<\/a> &gt;Hospiz1 (11.7.2007)<\/li>\n<li><a title=\"OmaOpa\" href=\"https:\/\/www.freiburg-schwarzwald.de\/blog\/selbsthilfe\/senioren\/omaopa\/\">Opa und Oma &#8211; Ersatzgro\u00dfeltern<\/a><\/li>\n<li><a title=\"Palliativ\" href=\"https:\/\/www.freiburg-schwarzwald.de\/blog\/selbsthilfe\/senioren\/palliativ\/\">Palliativmedizin, Palliativpflege<\/a><\/li>\n<li><a href=\"https:\/\/www.freiburg-schwarzwald.de\/senioren1.htm#Parkinson-Selbsthilfegruppe Emmendingen von Ely Scherg sucht Nachfolger\">Parkinson-Selbsthilfegruppe Emmendingen Ely Scherg sucht Nachfolger<\/a> &gt;Senioren1 (20.7.04)<\/li>\n<li><a title=\"Pflege\" href=\"https:\/\/www.freiburg-schwarzwald.de\/blog\/pflege\/\">Pflege<\/a><\/li>\n<li><a href=\"https:\/\/www.freiburg-schwarzwald.de\/littenweiler\/pflege.htm#Pflegenoten.de: Ver\u00f6ffentlichung aller Pflegeberichte des MDK im Internet\">Pflegenoten.de: Ver\u00f6ffentlichung aller Pflegeberichte des MDK im Internet<\/a> &gt;Pflege<\/li>\n<li><a href=\"https:\/\/www.freiburg-schwarzwald.de\/senioren#Sankt Josefshaus - WG in M\u00fcllheim\">Sankt Josefshaus &#8211; WG in M\u00fcllheim<\/a> &gt;Senioren<\/li>\n<li>Seniorenb\u00fcro Freiburg<\/li>\n<li><a title=\"Seniorengenossenschaft\" href=\"https:\/\/www.freiburg-schwarzwald.de\/blog\/selbsthilfe\/senioren\/seniorengenossenschaft\/\">Seniorengenossenschaft &#8211; Pflege auf Gegenseitigkeit<\/a><\/li>\n<li><a href=\"https:\/\/www.freiburg-schwarzwald.de\/senioren#Seniorpartner In School - SiS\">Seniorpartner in School &#8211; SiS<\/a><\/li>\n<li><a href=\"https:\/\/www.freiburg-schwarzwald.de\/senioren#Senioren-Selbsthilfe Dreisamtal\">Senioren-Selbsthilfe Dreisamtal<\/a><\/li>\n<li><a href=\"https:\/\/www.freiburg-schwarzwald.de\/senioren#Silberstreifen - junge Senioren in Offenburg\">Silberstreifen &#8211; junge Senioren in Offenburg<\/a><\/li>\n<li><a title=\"Stahlbad\" href=\"https:\/\/www.freiburg-schwarzwald.de\/blog\/selbsthilfe\/senioren\/stahlbad\/\">Stahlbad Freiburg-Littenweiler<\/a><\/li>\n<li><a title=\"Sterbehilfe\" href=\"https:\/\/www.freiburg-schwarzwald.de\/blog\/selbsthilfe\/senioren\/sterbehilfe\/\">Sterbehilfe und Fragen der Bioethik<\/a> &gt;Sterbehilfe<\/li>\n<li><a title=\"VEGA\" href=\"https:\/\/www.freiburg-schwarzwald.de\/blog\/selbsthilfe\/senioren\/vega\/\">VEGA &#8211; Senioren im Freiburger Osten <\/a>&gt;VEGA<\/li>\n<li><a href=\"https:\/\/www.freiburg-schwarzwald.de\/senioren#Victor Klemperer Akademie - in Ballrechten-Dotingen\">Victor Klemperer Akademie &#8211; in Ballrechten-Dottingen<\/a> &gt;Senioren<\/li>\n<li><\/li>\n<li><a href=\"https:\/\/www.freiburg-schwarzwald.de\/senioren#Links\">Links<\/a><\/li>\n<li><a href=\"https:\/\/www.freiburg-schwarzwald.de\/blog\/selbsthilfe\/senioren\/abi1964tuebingen\/\">Abi1964Tuebingen<\/a><\/li>\n<li><a title=\"Alte-weisse-Maenner\" href=\"https:\/\/www.freiburg-schwarzwald.de\/blog\/kultur\/alte-weisse-maenner\/\">Alte-weisse-M\u00e4nner<\/a><\/li>\n<li><a title=\"Elternunterhalt\" href=\"https:\/\/www.freiburg-schwarzwald.de\/blog\/selbsthilfe\/familie\/elternunterhalt\/\">Elternunterhalt<\/a><\/li>\n<li><a title=\"Entwurzelung\" href=\"https:\/\/www.freiburg-schwarzwald.de\/blog\/global\/migration\/entwurzelung\/\">Entwurzelung<\/a><\/li>\n<li><a href=\"https:\/\/www.freiburg-schwarzwald.de\/blog\/engagement\/verbraucher\/steuern\/erbschaftssteuer\/\">Erbschaftssteuer<\/a><\/li>\n<li><a href=\"https:\/\/www.freiburg-schwarzwald.de\/blog\/engagement\/gelassenheit\/\">Gelasssenheit<\/a><\/li>\n<li><a href=\"https:\/\/www.freiburg-schwarzwald.de\/hand.htm\">H\u00e4nde &#8211; jung und alt<\/a> &gt;Hand<\/li>\n<li><a href=\"https:\/\/www.freiburg-schwarzwald.de\/blog\/selbsthilfe\/senioren\/kepler1964abi\/\">Kepler1964Abi<\/a><\/li>\n<li><a title=\"Lebensschutz\" href=\"https:\/\/www.freiburg-schwarzwald.de\/blog\/business\/gesund\/lebensschutz\/\">Lebensschutz<\/a><\/li>\n<li><a title=\"Oma-Umweltsau\" href=\"https:\/\/www.freiburg-schwarzwald.de\/blog\/selbsthilfe\/senioren\/oma-umweltsau\/\">Oma-Umweltsau<\/a><\/li>\n<li><a href=\"https:\/\/www.freiburg-schwarzwald.de\/blog\/business\/dienste\/pflege\/\">Pflege<\/a><\/li>\n<li><a href=\"https:\/\/www.freiburg-schwarzwald.de\/littenweiler\/pflege.htm#Pflegenoten.de: Ver\u00f6ffentlichung aller Pflegeberichte des MDK im Internet\">Pflegenoten.de: Ver\u00f6ffentlichung aller Pflegeberichte des MDK im Internet<\/a> &gt;Pflege<\/li>\n<li><a href=\"https:\/\/www.freiburg-schwarzwald.de\/littenweiler\/senioren.htm\">Senioren im Dreisamtal<\/a> &gt;freiburg-dreisamtal.de\/Senioren<\/li>\n<li><a href=\"https:\/\/www.freiburg-schwarzwald.de\/blog\/selbsthilfe\/soziales\/arbeit\/rente\/\">Renten und Pensionen<\/a><\/li>\n<li><a href=\"https:\/\/www.freiburg-schwarzwald.de\/spiel.htm\">Spiele und Spielen<\/a> &gt;Spiel<\/li>\n<li><a href=\"https:\/\/www.freiburg-schwarzwald.de\/blog\/business\/dienste\/pflege\/stambulant\/\">Stambulant<\/a><\/li>\n<li><a href=\"https:\/\/www.freiburg-schwarzwald.de\/blog\/selbsthilfe\/psyche\/trauer\/sterben\/\">Sterben<\/a><\/li>\n<li><a title=\"Wohnprojekte\" href=\"https:\/\/www.freiburg-schwarzwald.de\/blog\/business\/dienste\/immobilien\/wohnen\/wohnprojekte\/\">Wohnprojekte f\u00fcr gemeinschaftliches Wohnen<\/a><\/li>\n<\/ul>\n<p>&nbsp;<\/p>\n<p>&nbsp;<\/p>\n<h5><a href=\"https:\/\/www.freiburg-schwarzwald.de\/blog\/selbsthilfe\/senioren\/schwimmbad-seniorin120817\/\" rel=\"attachment wp-att-9479\"><img loading=\"lazy\" decoding=\"async\" class=\"alignnone size-thumbnail wp-image-9479\" title=\"schwimmbad-seniorin120817\" src=\"https:\/\/www.freiburg-schwarzwald.de\/blog\/wp-content\/uploads\/2012\/04\/schwimmbad-seniorin120817-180x135.jpg\" alt=\"\" width=\"180\" height=\"135\" srcset=\"https:\/\/www.freiburg-schwarzwald.de\/blog\/wp-content\/uploads\/2012\/04\/schwimmbad-seniorin120817-180x135.jpg 180w, https:\/\/www.freiburg-schwarzwald.de\/blog\/wp-content\/uploads\/2012\/04\/schwimmbad-seniorin120817.jpg 640w\" sizes=\"auto, (max-width: 180px) 100vw, 180px\" \/><\/a>\u00a0 \u00a0 \u00a0 \u00a0 \u00a0\u00a0<a href=\"https:\/\/www.freiburg-schwarzwald.de\/blog\/selbsthilfe\/senioren\/hand-jung-alt140119\/\" rel=\"attachment wp-att-44172\"><img loading=\"lazy\" decoding=\"async\" class=\"alignnone size-thumbnail wp-image-44172\" src=\"https:\/\/www.freiburg-schwarzwald.de\/blog\/wp-content\/uploads\/2012\/04\/hand-jung-alt140119-180x135.jpg\" alt=\"hand-jung-alt140119\" width=\"180\" height=\"135\" srcset=\"https:\/\/www.freiburg-schwarzwald.de\/blog\/wp-content\/uploads\/2012\/04\/hand-jung-alt140119-180x135.jpg 180w, https:\/\/www.freiburg-schwarzwald.de\/blog\/wp-content\/uploads\/2012\/04\/hand-jung-alt140119.jpg 640w\" sizes=\"auto, (max-width: 180px) 100vw, 180px\" \/><\/a>\u00a0\u00a0\u00a0\u00a0\u00a0\u00a0\u00a0\u00a0\u00a0\u00a0 <a href=\"https:\/\/www.freiburg-schwarzwald.de\/blog\/selbsthilfe\/senioren\/haende69-2jahre140324\/\" rel=\"attachment wp-att-46429\"><img loading=\"lazy\" decoding=\"async\" class=\"alignnone size-thumbnail wp-image-46429\" src=\"https:\/\/www.freiburg-schwarzwald.de\/blog\/wp-content\/uploads\/2012\/04\/haende69-2jahre140324-180x135.jpg\" alt=\"haende69-2jahre140324\" width=\"180\" height=\"135\" srcset=\"https:\/\/www.freiburg-schwarzwald.de\/blog\/wp-content\/uploads\/2012\/04\/haende69-2jahre140324-180x135.jpg 180w, https:\/\/www.freiburg-schwarzwald.de\/blog\/wp-content\/uploads\/2012\/04\/haende69-2jahre140324.jpg 640w\" sizes=\"auto, (max-width: 180px) 100vw, 180px\" \/><\/a><br \/>\n(1) Schwimmen h\u00e4lt jung und fit \u00a0 \u00a0 \u00a0 \u00a0 \u00a0 \u00a0(2) Hand alt &#8211; Hand jung 19.1.2014\u00a0\u00a0\u00a0\u00a0\u00a0\u00a0\u00a0\u00a0 (3) H\u00e4nde 24.3.2014<\/h5>\n<h5><a href=\"https:\/\/www.freiburg-schwarzwald.de\/blog\/selbsthilfe\/senioren\/herrischried1ruette150607\/\" rel=\"attachment wp-att-54877\"><img loading=\"lazy\" decoding=\"async\" class=\"alignnone size-thumbnail wp-image-54877\" src=\"https:\/\/www.freiburg-schwarzwald.de\/blog\/wp-content\/uploads\/2012\/04\/herrischried1ruette150607-180x135.jpg\" alt=\"herrischried1ruette150607\" width=\"180\" height=\"135\" srcset=\"https:\/\/www.freiburg-schwarzwald.de\/blog\/wp-content\/uploads\/2012\/04\/herrischried1ruette150607-180x135.jpg 180w, https:\/\/www.freiburg-schwarzwald.de\/blog\/wp-content\/uploads\/2012\/04\/herrischried1ruette150607.jpg 640w\" sizes=\"auto, (max-width: 180px) 100vw, 180px\" \/><br \/>\n<\/a>(4) Fr\u00fchling Herrischried 7.6.2015<\/h5>\n<p>(1) Strandbad an der Dreisam am 18.8.2012 &#8211; Schwimmerin mit 87 Jahren &#8211; t\u00e4glich 10 L\u00e4ngen bzw. 500 m<\/p>\n<p>&nbsp;<\/p>\n<p>&nbsp;<\/p>\n<p>Der bayerische Finanzminister Markus S\u00f6der lehnt ab, &#8222;dass ein deutscher Rentner weniger vom Staat erh\u00e4lt, als ein unbegleiteter Jugendlicher (<a title=\"UMF\" href=\"https:\/\/www.freiburg-schwarzwald.de\/blog\/global\/integration\/umf\/\">UMF<\/a>) kostet&#8220;.<br \/>\n18.7.2016, \u00a0Der CSU-Politiker im Interview mit der Welt.<br \/>\n==========================================================<\/p>\n<p>&nbsp;<\/p>\n<p><strong>Das kalendarische, biologische und soziale Alter<\/strong><br \/>\nDrei Alter: Ich unterscheide drei Menschenalter, das kalendarische, das biologische und das soziale. Das letztere l\u00e4\u00dft einen immer wieder wundern. Da gibt es scheinbar Junggebliebene, wenn ich an Schmidt und die Gr\u00e4fin D\u00f6nhoff denke, aber leider auch solche, die Hotel Mama zumindest geistig nicht verlassen haben.<br \/>\nBewahren wir uns doch die Beweglichkeit im Kopf, da\u00df G\u00e4rende, was raus will und bedenken, Reifes fault eher.<br \/>\n<a class=\"normalPfeil\" href=\"https:\/\/www.otto-reutter.de\/index.php\/couplets\/texte\/217-nehm-n-sie-n-alten.html\" target=\"_blank\" rel=\"noopener\">https:\/\/www.otto-reutter.de\/index.php\/couplets\/texte\/217-nehm-n-sie-n-alten.html<br \/>\n<\/a>30.12.2015, Heinrich Franzen<br \/>\n.<\/p>\n<p><strong>Seniorenb\u00fcro Freiburg<\/strong><br \/>\nSeniorenb\u00fcro mit Pflegest\u00fctzpunkt, Fehrenbachallee 12, 79106 Freiburg i. Breisgau<\/p>\n<p>Tel. 0761\/ 201-3032, Fax : 0761\/ 201-3039<br \/>\nE-Mail: <a href=\"mailto:seniorenbuero@stadt.freiburg.de\">seniorenbuero@stadt.freiburg.de<br \/>\n<\/a>Offene Sprechzeiten : Mo., Mi. und Fr. 9-12 Uhr und nach Terminvereinbarung<br \/>\nHomepage: <a href=\"https:\/\/www.freiburg-de\/senioren\">www.freiburg-de\/senioren<\/a><\/p>\n","protected":false},"excerpt":{"rendered":"<p>Home &gt;Selbsthilfe &gt;Senioren . . Senioren und Alter: Initiativen, Selbsthilfegruppen, Vereine, Links, &#8230; &#8222;Erst wenn ein Anzug abgetragen ist, beginnt seine Glanzzeit&#8220; (Heinz R\u00fchmann) \u00bbAlt ist, wer mit 50 Prozent seiner Gedanken in der Vergangenheit ist, jung ist, wer mit &hellip; <a href=\"https:\/\/www.freiburg-schwarzwald.de\/blog\/selbsthilfe\/senioren\/\">Weiterlesen <span class=\"meta-nav\">&rarr;<\/span><\/a><\/p>\n","protected":false},"author":2,"featured_media":0,"parent":6,"menu_order":0,"comment_status":"open","ping_status":"closed","template":"","meta":{"footnotes":""},"class_list":["post-183","page","type-page","status-publish","hentry"],"_links":{"self":[{"href":"https:\/\/www.freiburg-schwarzwald.de\/blog\/wp-json\/wp\/v2\/pages\/183","targetHints":{"allow":["GET"]}}],"collection":[{"href":"https:\/\/www.freiburg-schwarzwald.de\/blog\/wp-json\/wp\/v2\/pages"}],"about":[{"href":"https:\/\/www.freiburg-schwarzwald.de\/blog\/wp-json\/wp\/v2\/types\/page"}],"author":[{"embeddable":true,"href":"https:\/\/www.freiburg-schwarzwald.de\/blog\/wp-json\/wp\/v2\/users\/2"}],"replies":[{"embeddable":true,"href":"https:\/\/www.freiburg-schwarzwald.de\/blog\/wp-json\/wp\/v2\/comments?post=183"}],"version-history":[{"count":5,"href":"https:\/\/www.freiburg-schwarzwald.de\/blog\/wp-json\/wp\/v2\/pages\/183\/revisions"}],"predecessor-version":[{"id":141408,"href":"https:\/\/www.freiburg-schwarzwald.de\/blog\/wp-json\/wp\/v2\/pages\/183\/revisions\/141408"}],"up":[{"embeddable":true,"href":"https:\/\/www.freiburg-schwarzwald.de\/blog\/wp-json\/wp\/v2\/pages\/6"}],"wp:attachment":[{"href":"https:\/\/www.freiburg-schwarzwald.de\/blog\/wp-json\/wp\/v2\/media?parent=183"}],"curies":[{"name":"wp","href":"https:\/\/api.w.org\/{rel}","templated":true}]}}