{"id":17272,"date":"2012-12-08T17:02:49","date_gmt":"2012-12-08T16:02:49","guid":{"rendered":"https:\/\/www.freiburg-schwarzwald.de\/blog\/?page_id=17272"},"modified":"2017-10-08T12:29:21","modified_gmt":"2017-10-08T10:29:21","slug":"sos-kinderdorf","status":"publish","type":"page","link":"https:\/\/www.freiburg-schwarzwald.de\/blog\/selbsthilfe\/kinder\/sos-kinderdorf\/","title":{"rendered":"SOS-Kinderdorf"},"content":{"rendered":"<p><a href=\"https:\/\/www.freiburg-schwarzwald.de\/blog\">Home<\/a>\u00a0&gt;<a title=\"EineWelt\" href=\"https:\/\/www.freiburg-schwarzwald.de\/blog\/global\/einewelt\/\">EineWelt<\/a>\u00a0&gt;<a title=\"Kinder\" href=\"https:\/\/www.freiburg-schwarzwald.de\/blog\/selbsthilfe\/kinder\/\">Kinder<\/a> &gt;SOS-Kinderdorf<\/p>\n<div id=\"attachment_16548\" style=\"width: 649px\" class=\"wp-caption alignnone\"><a href=\"https:\/\/www.freiburg-schwarzwald.de\/blog\/regio\/orte\/kirchzarten\/burg-hoefen\/burg-hoefen3pan121115\/\" rel=\"attachment wp-att-16548\"><img loading=\"lazy\" decoding=\"async\" aria-describedby=\"caption-attachment-16548\" class=\"size-full wp-image-16548\" title=\"burg-hoefen3pan121115\" src=\"https:\/\/www.freiburg-schwarzwald.de\/blog\/wp-content\/uploads\/2012\/11\/burg-hoefen3pan121115.jpg\" alt=\"\" width=\"639\" height=\"214\" srcset=\"https:\/\/www.freiburg-schwarzwald.de\/blog\/wp-content\/uploads\/2012\/11\/burg-hoefen3pan121115.jpg 639w, https:\/\/www.freiburg-schwarzwald.de\/blog\/wp-content\/uploads\/2012\/11\/burg-hoefen3pan121115-180x60.jpg 180w\" sizes=\"auto, (max-width: 639px) 100vw, 639px\" \/><\/a><p id=\"caption-attachment-16548\" class=\"wp-caption-text\">Blick nach Osten \u00fcber den Schweizermelcheshof in Burg-H\u00f6fen zwischen Kirchzarten und Himmelreich am 15.11.2012<\/p><\/div>\n<ul>\n<li><a href=\"https:\/\/www.freiburg-schwarzwald.de\/blog\/strassenschule-fr-20-jahre\/\">https:\/\/www.freiburg-schwarzwald.de\/blog\/strassenschule-fr-20-jahre\/<\/a> (8.10.2017)<\/li>\n<li><a href=\"https:\/\/www.freiburg-schwarzwald.de\/blog\/junge-maenner-hat-das-land\/\">https:\/\/www.freiburg-schwarzwald.de\/blog\/junge-maenner-hat-das-land\/<\/a> (31.10.2015)<\/li>\n<li>Sonja Laach &#8211; von Beruf Kinderdorfmutter (8.12.2012)<\/li>\n<li><a href=\"https:\/\/www.freiburg-schwarzwald.de\/opfingen1.htm#Kinder-Galaxie engagiert sich f\u00fcr SOS-Kinderdorf Sulzburg\">Kinder-Galaxie engagiert sich f\u00fcr SOS-Kinderdorf Sulzburg<\/a> &gt;Opfingen1 (30.5.2008)<\/li>\n<li><a href=\"https:\/\/www.freiburg-schwarzwald.de\/sulzburg1.htm#\u00d6ko-Versandhaus Waschb\u00e4r spendet 20 000 Euro f\u00fcr SOS-Kinderdorf\">\u00d6ko-Versandhaus Waschb\u00e4r spendet 20 000 Euro f\u00fcr SOS-Kinderdorf<\/a>\u00a0 &gt;Sulzburg1 (9.2.2008)<\/li>\n<li><a href=\"https:\/\/www.freiburg-schwarzwald.de\/obdachlos1.htm#Stra\u00dfenschule Freiburg: Schwarzwaldstrasse 101 neue Haltestelle\">Stra\u00dfenschule Freiburg: Schwarzwaldstrasse 101 neue Haltestelle<\/a> &gt;Obdachlos1 (21.8.2007)<\/li>\n<li><a href=\"https:\/\/www.freiburg-schwarzwald.de\/kinder3.htm#Hans-G\u00fcnter Sch\u00e4fer und Christine Bosch vom SOS-Kinderdorf Sulzburg\">Hans-G\u00fcnter Sch\u00e4fer und Christine Bosch vom SOS-Kinderdorf Sulzburg<\/a> &gt;Kinder3 (15.6.2007)<\/li>\n<li><a href=\"https:\/\/www.freiburg-schwarzwald.de\/obdachlos1.htm#2 mal Schwarzwaldstrasse: Stra\u00dfenschule und Kinderdorf-Verein\">2 mal Schwarzwaldstrasse: Stra\u00dfenschule und Kinderdorf-Verein<\/a> &gt;Obdachlos1 (19.3.2007)<\/li>\n<li><a href=\"https:\/\/www.freiburg-schwarzwald.de\/littenweiler\/soziales4.htm#SOS Kinderdorf arbeitet mit der Stra\u00dfenschule zusammen\">SOS Kinderdorf arbeitet mit der Stra\u00dfenschule zusammen<\/a> &gt;Soziales4 (8.12.2006)<\/li>\n<li><a href=\"https:\/\/www.freiburg-schwarzwald.de\/kinder3.htm#Tag der offenen T\u00fcre im SOS-Kinderdorf Sulzburg\">Tag der offenen T\u00fcre im SOS-Kinderdorf Sulzburg<\/a> &gt;Kinder3 (22.9.2006)<\/li>\n<li><a href=\"https:\/\/www.freiburg-schwarzwald.de\/kinder2.htm#SOS Kinderdorf Schwarzwald in Sulzburg seit 50 Jahren\">SOS Kinderdorf Schwarzwald in Sulzburg seit 50 Jahren<\/a>\u00a0&gt;Kinder2 (1.10.2005)<\/li>\n<li><a href=\"https:\/\/www.freiburg-schwarzwald.de\/markgraeflerland2.htm#SOS-Kinderd\u00f6rfer werden 50 - zweit\u00e4ltestes Dorf in Sulzburg\">SOS-Kinderd\u00f6rfer werden 50 &#8211; zweit\u00e4ltestes Dorf in Sulzburg<\/a> &gt;Markgraefler2 (15.4.2005)<\/li>\n<li><\/li>\n<li>Freiburger Strassenschule<\/li>\n<li>SOS Kinderd\u00f6rfer<\/li>\n<li>SOS Kinderdorf Schwarzwald in Sulzburg<\/li>\n<li><a title=\"Familie\" href=\"https:\/\/www.freiburg-schwarzwald.de\/blog\/selbsthilfe\/familie\/\">Familie<\/a><\/li>\n<\/ul>\n<p>&nbsp;<\/p>\n<p><strong>SOS Kinderd\u00f6rfer<\/strong><\/p>\n<p>Das in M\u00fcnchen ans\u00e4ssige gemeinn\u00fctzige Kinderholfswerk &#8222;SOS Kinderd\u00f6rfer weltweit&#8220; ist der weltgr\u00f6\u00dfte F\u00f6rderverein f\u00fcr Kinderd\u00f6rfer.<br \/>\nSOS-Kinderd\u00f6rfer gibt es auf der ganzen Welt. Das erste Dorf 1949 in Imst in Tirol, gegr\u00fcndet von Hemann Gmeiner.\u00a01963 das erste aussereurop\u00e4ische SOS-Kinderdorf in S\u00fcdkores. Sie sind in diesem Jahr f\u00fcr den Friedensnobelpreis vorgeschlagen worden.<br \/>\nEnde 2012 gibt es 553 Kinderd\u00f6rfer, in denenrund 5000 M\u00fctter die Kinder betreuen.<br \/>\nWas wurde aus DOD-Kindern: 85% der Jugendlichen sind integriert, 10% k\u00e4mpfen noch und 5% haben es nicht geschafft und brauchen weiter Unterst\u00fctzung.<br \/>\nGesamt-Spendeneinahmen in 2011 ca 130 Mio Euro.<\/p>\n<p><a href=\"https:\/\/www.sos-kinderdorf.de.\/\" target=\"_blank\">www.sos-kinderdorf.de.<\/a><br \/>\nSpenden-Tel 089\/12606-404<br \/>\n<a href=\"https:\/\/www.sos-mitarbeit.de\">www.sos-mitarbeit.de<\/a><br \/>\n<a href=\"https:\/\/www.sos-fachportal.de\">www.sos-fachportal.de<\/a><\/p>\n<p>&nbsp;<\/p>\n<p><strong>SOS Kinderdorf Schwarzwald in Sulzburg<\/strong><\/p>\n<p>Die Idee der Kinderd\u00f6rfer hat sich in den letzten Jahrzehnten weiter entwickelt: Zum SOS-Kinderdorf Schwarzwald in Sulzburg geh\u00f6ren auch eine Kindertagesst\u00e4tte mit Hort. Au\u00dferdem gibt es eine Kinder- und Jugendb\u00fccherei, die f\u00fcr alle Interessierten offen steht.<\/p>\n<p>SOS-Kinderdorf Schwarzwald in Sulzburg, 07634\/5609-0<br \/>\n<a href=\"mailto:kd-schwarzwald@sos-kinderdorf.de\" target=\"_blank\">kd-schwarzwald@sos-kinderdorf.de<br \/>\n<\/a>SOS Kinderdorf <a href=\"https:\/\/www.freiburg-schwarzwald.de\/sulzburg.htm\">Sulzburg<\/a>,<br \/>\nLeiter: Hans-G\u00fcnter Sch\u00e4fer<br \/>\nSOS-Kinderdorf Schwarzwald, Bugginger Gasse 15, 79295 Sulzburg, Tel 07634 5609-0<br \/>\nE-Mail: <a href=\"mailto:karin.hug@sos-kinderdorf.de\" target=\"_self\">karin.hug@sos-kinderdorf.de<\/a><br \/>\n<a href=\"https:\/\/www.sos-kd-schwarzwald.de\/\">www.sos-kd-schwarzwald.de<\/a><\/p>\n<p>Spendenkonten:<br \/>\n<span style=\"color: #008000;\"><strong>Volksbank M\u00fcllheim, Nr. 328006, BLZ 68091900 oder <\/strong><\/span><br \/>\n<span style=\"color: #008000;\"><strong>Sparkasse Markgr\u00e4flerland, Nr. 8018335, BLZ 68351865<\/strong><\/span><\/p>\n<p>&nbsp;<\/p>\n<p><strong>Freiburger Strassenschule<\/strong><\/p>\n<p><a href=\"https:\/\/www.freiburg-schwarzwald.de\/blog\/junge-maenner-hat-das-land\/strassenschule151031\/\" rel=\"attachment wp-att-57217\"><img loading=\"lazy\" decoding=\"async\" class=\"alignnone size-thumbnail wp-image-57217\" src=\"https:\/\/www.freiburg-schwarzwald.de\/blog\/wp-content\/uploads\/2015\/10\/strassenschule151031-144x180.jpg\" alt=\"strassenschule151031\" width=\"144\" height=\"180\" srcset=\"https:\/\/www.freiburg-schwarzwald.de\/blog\/wp-content\/uploads\/2015\/10\/strassenschule151031-144x180.jpg 144w, https:\/\/www.freiburg-schwarzwald.de\/blog\/wp-content\/uploads\/2015\/10\/strassenschule151031.jpg 500w\" sizes=\"auto, (max-width: 144px) 100vw, 144px\" \/><\/a>\u00a0 Strassenschule am Littenweiler Bauernmarkt 30.10.2015<\/p>\n<p><a href=\"https:\/\/www.freiburg-schwarzwald.de\/blog\/junge-maenner-hat-das-land\/\">https:\/\/www.freiburg-schwarzwald.de\/blog\/junge-maenner-hat-das-land\/<\/a> (30.10.2015)<br \/>\n<a title=\"Strassenschule FR 15 Jahre\" href=\"https:\/\/www.freiburg-schwarzwald.de\/blog\/strassenschule-fr-15-jahre\/\">15 Jahre Freiburger Strassenschule<\/a>\u00a0(22.11.2012)<\/p>\n<p>Freiburger Stra\u00dfenschule,\u00a0 Tel 0761 \/ 88 79 03-80, <a href=\"https:\/\/www.freiburgerstrassenschule.de\/\">www.freiburgerstrassenschule.de<br \/>\n<\/a><strong>Spendenkonto-Nr. 8042 447 800, BLZ: 430 609 67, GLS Bank .<\/strong><\/p>\n<p>&#8212;&#8212;&#8212;&#8212;&#8212;&#8212;&#8212;&#8212;&#8212;&#8212;&#8212;&#8212;&#8212;&#8212;&#8212;&#8212;&#8212;&#8212;&#8212;<\/p>\n<p>&nbsp;<\/p>\n<div id=\"container\">\n<div id=\"content\">\n<div>\n<div id=\"fontScale\"><strong>Sonja Laach &#8211; von Beruf Kinderdorfmutter<\/strong><\/div>\n<\/div>\n<\/div>\n<\/div>\n<p>Vor acht Jahren hat sich Sonja Lach (41) f\u00fcr einen Einschnitt in ihrem Leben entschieden. Die Grund- und Hauptschullehrerin verlie\u00df ihre Schule in Kehl und startete ein neues Leben im SOS Kinderdorf in Sulzburg. Heute lebt sie als Kinderdorfmutter zusammen mit f\u00fcnf Kindern zwischen f\u00fcnf und 16 Jahren und teilt Sorgen und Kummer genauso wie Freude und Erfolge mit ihren Sch\u00fctzlingen. &#8222;Wir stammen aus f\u00fcnf verschiedenen Familien und jeder hat schon eine eigene Geschichte ohne die anderen, die er mitbringt&#8220;, sagt sie. &#8230;.<br \/>\nAlles vom 8.12.2012 bitte lesen auf<br \/>\n<a href=\"https:\/\/www.badische-zeitung.de\/kreis-breisgau-hochschwarzwald\/von-beruf-kinderdorfmutter--66644983.html\">https:\/\/www.badische-zeitung.de\/kreis-breisgau-hochschwarzwald\/von-beruf-kinderdorfmutter&#8211;66644983.html<\/a><\/p>\n","protected":false},"excerpt":{"rendered":"<p>Home\u00a0&gt;EineWelt\u00a0&gt;Kinder &gt;SOS-Kinderdorf https:\/\/www.freiburg-schwarzwald.de\/blog\/strassenschule-fr-20-jahre\/ (8.10.2017) https:\/\/www.freiburg-schwarzwald.de\/blog\/junge-maenner-hat-das-land\/ (31.10.2015) Sonja Laach &#8211; von Beruf Kinderdorfmutter (8.12.2012) Kinder-Galaxie engagiert sich f\u00fcr SOS-Kinderdorf Sulzburg &gt;Opfingen1 (30.5.2008) \u00d6ko-Versandhaus Waschb\u00e4r spendet 20 000 Euro f\u00fcr SOS-Kinderdorf\u00a0 &gt;Sulzburg1 (9.2.2008) Stra\u00dfenschule Freiburg: Schwarzwaldstrasse 101 neue Haltestelle &gt;Obdachlos1 (21.8.2007) Hans-G\u00fcnter &hellip; <a href=\"https:\/\/www.freiburg-schwarzwald.de\/blog\/selbsthilfe\/kinder\/sos-kinderdorf\/\">Weiterlesen <span class=\"meta-nav\">&rarr;<\/span><\/a><\/p>\n","protected":false},"author":4,"featured_media":0,"parent":274,"menu_order":0,"comment_status":"open","ping_status":"closed","template":"","meta":{"footnotes":""},"class_list":["post-17272","page","type-page","status-publish","hentry"],"_links":{"self":[{"href":"https:\/\/www.freiburg-schwarzwald.de\/blog\/wp-json\/wp\/v2\/pages\/17272","targetHints":{"allow":["GET"]}}],"collection":[{"href":"https:\/\/www.freiburg-schwarzwald.de\/blog\/wp-json\/wp\/v2\/pages"}],"about":[{"href":"https:\/\/www.freiburg-schwarzwald.de\/blog\/wp-json\/wp\/v2\/types\/page"}],"author":[{"embeddable":true,"href":"https:\/\/www.freiburg-schwarzwald.de\/blog\/wp-json\/wp\/v2\/users\/4"}],"replies":[{"embeddable":true,"href":"https:\/\/www.freiburg-schwarzwald.de\/blog\/wp-json\/wp\/v2\/comments?post=17272"}],"version-history":[{"count":0,"href":"https:\/\/www.freiburg-schwarzwald.de\/blog\/wp-json\/wp\/v2\/pages\/17272\/revisions"}],"up":[{"embeddable":true,"href":"https:\/\/www.freiburg-schwarzwald.de\/blog\/wp-json\/wp\/v2\/pages\/274"}],"wp:attachment":[{"href":"https:\/\/www.freiburg-schwarzwald.de\/blog\/wp-json\/wp\/v2\/media?parent=17272"}],"curies":[{"name":"wp","href":"https:\/\/api.w.org\/{rel}","templated":true}]}}