{"id":1668,"date":"2012-04-18T08:37:43","date_gmt":"2012-04-18T08:37:43","guid":{"rendered":"https:\/\/www.freiburg-schwarzwald.de\/blog\/?page_id=1668"},"modified":"2025-05-22T09:43:42","modified_gmt":"2025-05-22T07:43:42","slug":"gentechnik","status":"publish","type":"page","link":"https:\/\/www.freiburg-schwarzwald.de\/blog\/natur\/gentechnik\/","title":{"rendered":"Gentechnik"},"content":{"rendered":"<p>Home &gt;<a title=\"Natur\" href=\"https:\/\/www.freiburg-schwarzwald.de\/blog\/natur\/\">Natur<\/a> &gt;<a title=\"Landwirt\" href=\"https:\/\/www.freiburg-schwarzwald.de\/blog\/natur\/landwirt\/\">Landwirt<\/a> &gt;Gentechnik<\/p>\n<div id=\"attachment_1671\" style=\"width: 614px\" class=\"wp-caption alignnone\"><a href=\"https:\/\/www.freiburg-schwarzwald.de\/blog\/natur\/gentechnik\/breitehof4d-pan076021\/\" rel=\"attachment wp-att-1671\"><img loading=\"lazy\" decoding=\"async\" aria-describedby=\"caption-attachment-1671\" class=\"size-full wp-image-1671\" title=\"breitehof4d-pan076021\" src=\"https:\/\/www.freiburg-schwarzwald.de\/blog\/wp-content\/uploads\/2012\/04\/breitehof4d-pan076021.jpg\" alt=\"\" width=\"604\" height=\"186\" srcset=\"https:\/\/www.freiburg-schwarzwald.de\/blog\/wp-content\/uploads\/2012\/04\/breitehof4d-pan076021.jpg 604w, https:\/\/www.freiburg-schwarzwald.de\/blog\/wp-content\/uploads\/2012\/04\/breitehof4d-pan076021-180x55.jpg 180w\" sizes=\"auto, (max-width: 604px) 100vw, 604px\" \/><\/a><p id=\"caption-attachment-1671\" class=\"wp-caption-text\">Blick vom Attental ins Dreisamtal nach S\u00fcden \u00fcber Dinkel und Roggen (links) am 21.6.2007<\/p><\/div>\n<p align=\"left\"><strong>GVO, Gentechnisch ver\u00e4nderter Organismen, GVO-Kontingente, Saatgut<\/strong><\/p>\n<p align=\"left\">&#8222;Wir m\u00fcssen die selbst gemachten Fehler im Anbau korrigieren,<br \/>\nnicht das Sch\u00f6pfungsprogramm, um die Pflanzen unseren Fehlern anzugleichen.&#8220;<br \/>\neMail-Zitat vom 28.01.2006 von Prof. Dr. Claus Hipp<\/p>\n<p>&#8222;Es gibt zwei verh\u00e4ngnisvolle Entdeckungen, die Spaltung des <a title=\"AKW\" href=\"https:\/\/www.freiburg-schwarzwald.de\/blog\/energie\/akw\/\">Atoms<\/a> und die Manipulation des Zellkerns (Gentechnik). In beiden F\u00e4llen handelt es sich um Misshandlung. Die Folgen sind nicht beherrschbar. In beiden F\u00e4llen hat die Wissenschaft eine Grenze missachtet&#8230;. das Wunder des Lebens ist zu einer Ware geworden, mit der die Forscher (verantwortungslos) schachern. Und die Gentechnikmultis mit politischer Unterst\u00fctzung nun ihren Raibach machen wollen.&#8220;<br \/>\nNestor der Genforschung Prof.Erwin Chargaff, in: Wider den Genrausch, Publik-Forum 12\/1999<\/p>\n<ul>\n<li><em>Listenauswahl eines Beitrags (Artikel\/Datum, Seite\/Inhalt):\u00a0<span style=\"text-decoration: underline;\">Klicken<\/span>\u00a0oder scrollen<\/em><\/li>\n<li><a href=\"https:\/\/www.freiburg-schwarzwald.de\/blog\/biosphaere-vs-neue-gentechnik\/\">Biosph\u00e4re vs Neue Gentechnik<\/a>\u00a0(21.5.2025)<\/li>\n<li><a href=\"https:\/\/www.freiburg-schwarzwald.de\/blog\/natur\/landwirt\/saatgut\/samengarten\/\">Der Schatz des Eichstetter Samengartens<\/a>\u00a0(4.3.2023)<\/li>\n<li><a href=\"https:\/\/www.freiburg-schwarzwald.de\/blog\/natur\/landwirt\/saatgut\/\">Saatgut \u2013 Film Vandana Shiva<\/a>\u00a0(18.11.2022)<\/li>\n<li><a title=\"Schweiz\" href=\"https:\/\/www.freiburg-schwarzwald.de\/blog\/global\/schweiz\/\">Schweizer Bauern: Auf in die gr\u00fcne Gentechnik<\/a>\u00a0(3.1.2019)<\/li>\n<li><a title=\"Genom\" href=\"https:\/\/www.freiburg-schwarzwald.de\/blog\/natur\/gentechnik\/genom\/\">Genmanipulierte Menschen: Mondlandung, Aristoteles, Zucht<\/a>\u00a0 (7.2.2019)<\/li>\n<li>Gentechnik: Christentum, \u00d6kologie und Wissenschaft (7.2.2019)<\/li>\n<li><a href=\"https:\/\/www.freiburg-schwarzwald.de\/blog\/greenwash-syngenta-pestizide\/\">https:\/\/www.freiburg-schwarzwald.de\/blog\/greenwash-syngenta-pestizide\/<\/a>\u00a0(27.6.2013)<\/li>\n<li><a href=\"https:\/\/www.freiburg-schwarzwald.de\/blog\/monsanto-gentechnik-rueckzug\/\">https:\/\/www.freiburg-schwarzwald.de\/blog\/monsanto-gentechnik-rueckzug\/<\/a>\u00a0(3.6.2013)<\/li>\n<li><a href=\"https:\/\/www.freiburg-schwarzwald.de\/blog\/gene-naturprodukt-patentierbar\/\">https:\/\/www.freiburg-schwarzwald.de\/blog\/gene-naturprodukt-patentierbar\/<\/a>\u00a0(16.4.2013)<\/li>\n<li><a href=\"https:\/\/www.freiburg-schwarzwald.de\/blog\/neo-greenwash-kampagne\/\">https:\/\/www.freiburg-schwarzwald.de\/blog\/neo-greenwash-kampagne\/<\/a>\u00a0(18.2.2013)<\/li>\n<li>Syngenta: Angst vor neuen Technologien bedroht Wohlstand (7.2.2013)<\/li>\n<li>Bayern will gentechnikfreies Soja aus Brasilien importieren (17.3.2012)<\/li>\n<li><a title=\"Science\" href=\"https:\/\/www.freiburg-schwarzwald.de\/blog\/bildung\/science\/\">Wie werden wir leben? &#8211; Frage von Physikprofessor Michio Kaku <\/a>&gt;Science (6.1.2013)<\/li>\n<li><a href=\"https:\/\/www.freiburg-schwarzwald.de\/blog\/gentechnik-food-in-den-usa-ohne-besondere-kennzeichnung\/\">https:\/\/www.freiburg-schwarzwald.de\/blog\/gentechnik-food-in-den-usa-ohne-besondere-kennzeichnung\/<\/a>\u00a0(10.11.12)<\/li>\n<li><a href=\"https:\/\/www.freiburg-schwarzwald.de\/blog\/gentechnik-lobbyorganisation-fgv-demo-am-muenster-hauptportal\/\">https:\/\/www.freiburg-schwarzwald.de\/blog\/gentechnik-lobbyorganisation-fgv-demo-am-muenster-hauptportal\/<\/a><\/li>\n<li><a href=\"https:\/\/www.freiburg-schwarzwald.de\/gentechnik2.htm\">Aktuelle Infos zur Gentechnik ab 24.1.2007<\/a> &gt;Gentechnik2<\/li>\n<li><a href=\"https:\/\/www.freiburg-schwarzwald.de\/gentechnik1.htm\">Aktuelle Infos zur Gentechnik-Seite ab 6.3.2006<\/a> &gt;Gentechnik1<\/li>\n<li><a href=\"https:\/\/www.freiburg-schwarzwald.de\/proschwarzwaldbauern1.htm#Aktuelles: Gentechnik und DBV\">Aktuelles: Gentechnik und DBV<\/a> &gt;ProSchwarzwaldbauern1 (4.3.2006)<\/li>\n<li><a href=\"https:\/\/www.freiburg-schwarzwald.de\/bonndorf1.htm\">Bauern des BLHV-Stadtverbandes Bonndorf zeigen Mut zum Widerstand<\/a>\u00a0&gt;Bonndorf1 (4.3.2006)<\/li>\n<li><a href=\"https:\/\/www.freiburg-schwarzwald.de\/gentechnik.htm#Die Produkte m\u00fcssen gekennzeichnet werden\">Die Produkte m\u00fcssen gekennzeichnet werden<\/a> (3.3.2006)<\/li>\n<li><a href=\"https:\/\/www.freiburg-schwarzwald.de\/bio.htm#Bioprodukte von Dachswanger M\u00fchle in Umkirch\">Bioprodukte von Dachswanger M\u00fchle in Umkirch<\/a> &gt;Bio (3.3.2006)<\/li>\n<li><a href=\"https:\/\/www.freiburg-schwarzwald.de\/gentechnik.htm#Seehofer: Haftungsfonds soll Genbauern entlasten\">Seehofer: Haftungsfonds soll Genbauern entlasten<\/a> (18.2.2006)<\/li>\n<li><a href=\"https:\/\/www.freiburg-schwarzwald.de\/gentechnik.htm#Gentechnik bedroht die Biobranche auch in S\u00fcdbaden\">Gentechnik bedroht die Biobranche auch in S\u00fcdbaden<\/a> (18.2.2006)<\/li>\n<li><a href=\"https:\/\/www.freiburg-schwarzwald.de\/milch.htm#Milch produzieren - aber garantiert ohne Gentechnik\">Milch produzieren &#8211; aber garantiert ohne Gentechnik<\/a> &gt;Milch (10.2.2006)<\/li>\n<li><a href=\"https:\/\/www.freiburg-schwarzwald.de\/gentechnik.htm#WTO verbietet den Europ\u00e4ern vorerst, den Import von Gennahrung zu verhindern\">WTO verbietet den Europ\u00e4ern vorerst, den Import von Gennahrung zu verhindern<\/a> (9.2.2006)<\/li>\n<li><a href=\"https:\/\/www.freiburg-schwarzwald.de\/gentechnik.htm#Erneut Anbau von Gen-Mais in Brandenburg geplant\">Erneut Anbau von Gen-Mais in Brandenburg geplant<\/a> (30.1.2006)<\/li>\n<li><a href=\"https:\/\/www.freiburg-schwarzwald.de\/gentechnik.htm#Fernziel: Die gesetzlich ausgewiesene gentechnikfreie Zone\">Fernziel: Die gesetzlich ausgewiesene gentechnikfreie Zone<\/a> (14.1.2004)<\/li>\n<li><a href=\"https:\/\/www.freiburg-schwarzwald.de\/gentechnik.htm#Gentechnisch ver\u00e4nderte Organismen (GVO) - Landwirte lehnen ab\">Gentechnisch ver\u00e4nderte Organismen (GVO) &#8211; Landwirte lehnen ab<\/a> (8.1.2005)<\/li>\n<li><a href=\"https:\/\/www.freiburg-schwarzwald.de\/gentechnik.htm#235 neue Gen-Projekte\u00a0in 2004 - insgesamt 1000 Anlagen im Land\">235 neue Gen-Projekte\u00a0<\/a><\/li>\n<li><a href=\"https:\/\/www.freiburg-schwarzwald.de\/gentechnik.htm#235 neue Gen-Projekte\u00a0in 2004 - insgesamt 1000 Anlagen im Land\">in 2004 &#8211; insgesamt 1000 Anlagen im Land<\/a> (7.1.2005)<\/li>\n<li><a href=\"https:\/\/www.freiburg-schwarzwald.de\/gentechnik.htm#Pro Gr\u00fcne Gentechnik - Minister Willi St\u00e4chele\">Pro Gr\u00fcne Gentechnik &#8211; von Minister Willi St\u00e4chele<\/a> (22.12.2004)<\/li>\n<li><a href=\"https:\/\/www.freiburg-schwarzwald.de\/gentechnik.htm#Contra Gr\u00fcne Gentechnik - Gr\u00fcnen-Vorstand Dietmar Ferger\">Contra Gr\u00fcne Gentechnik &#8211; von Gr\u00fcnen-Vorstand Dietmar Ferger<\/a> (22.12.2004)<\/li>\n<li><a href=\"https:\/\/www.freiburg-schwarzwald.de\/littenweiler\/streuobst.htm#Streuobstbaumbestand um 37 Prozent verringert - \u00dcberalterung\">Streuobstbaumbestand um 37 Prozent verringert &#8211; \u00dcberalterung<\/a> &gt;Streuobst (15.12.2004)<\/li>\n<li><a href=\"https:\/\/www.freiburg-schwarzwald.de\/verbraucher.htm#Good Food statt Gen-food - Gentechnikfreie Region am Oberrhein\">Good Food statt Gen-food &#8211; Gentechnikfreie Region am Oberrhein?<\/a>\u00a0&gt;Verbraucher (11.5.2004)<\/li>\n<li><a href=\"https:\/\/www.freiburg-schwarzwald.de\/landfrauen.htm#Die Gentechnik ist f\u00fcr die Bauern ein unkalkulierbares Risiko\">Die Gentechnik ist f\u00fcr die Bauern ein unkalkulierbares Risiko<\/a>\u00a0&gt;Landfrauen (27.1.2004)<\/li>\n<li><\/li>\n<li><a href=\"https:\/\/www.freiburg-schwarzwald.de\/gentechnik.htm#Aktionsb\u00fcndnis gentechnikfreie Region Oberrhein\">Aktionsb\u00fcndnis gentechnikfreie Region Oberrhein<\/a><\/li>\n<li><a href=\"https:\/\/www.freiburg-schwarzwald.de\/gentechnik.htm#Gendreck-weg.de - Bauern gegen Gentechnologie\">Gendreck-weg.de &#8211; Bauern gegen Gentechnologie<\/a><\/li>\n<li><a title=\"Genom\" href=\"https:\/\/www.freiburg-schwarzwald.de\/blog\/natur\/gentechnik\/genom\/\">Genom<\/a><\/li>\n<li><a title=\"Greenwash\" href=\"https:\/\/www.freiburg-schwarzwald.de\/blog\/kultur\/medien\/greenwash\/\">Greenwash<\/a><\/li>\n<li><a href=\"https:\/\/www.freiburg-schwarzwald.de\/gentechnik.htm#Gr\u00fcne Gentechnik\">Gr\u00fcne Gentechnik<\/a><\/li>\n<li><a href=\"https:\/\/www.freiburg-schwarzwald.de\/gentechnik.htm#Karte mit Gentechnik-Anbaufl\u00e4chen von Mais\">Karte mit Gentechnik-Anbaufl\u00e4chen von Mais<\/a><\/li>\n<li><a href=\"https:\/\/www.freiburg-schwarzwald.de\/gentechnik2.htm#Lebensmittel ohne Gentechnik am Oberrhein: Qualit\u00e4tsinitiative\">Lebensmittel ohne Gentechnik am Oberrhein: Qualit\u00e4tsinitiative<\/a> &gt;Gentechnik2 (8.2.2007)<\/li>\n<li><a href=\"https:\/\/www.freiburg-schwarzwald.de\/littenweiler\/naturkost.htm\">Naturkostl\u00e4den<\/a> &gt;Naturkost<\/li>\n<li><a href=\"https:\/\/www.freiburg-schwarzwald.de\/saatgut.htm\">Saatgut &#8211; Erzeugung und Vermarktung<\/a> &gt;Saatgut<\/li>\n<li><a title=\"Science\" href=\"https:\/\/www.freiburg-schwarzwald.de\/blog\/bildung\/science\/\">Science<\/a><\/li>\n<li><a title=\"Universitaet\" href=\"https:\/\/www.freiburg-schwarzwald.de\/blog\/bildung\/hochschulen\/universitaet\/\">Universit\u00e4t<\/a><\/li>\n<li><a href=\"https:\/\/www.freiburg-schwarzwald.de\/verbraucher.htm\">Verbraucherseite<\/a> &gt;Verbraucher<\/li>\n<li><a href=\"https:\/\/www.freiburg-schwarzwald.de\/gentechnik.htm#Vita-Activa-Tour.de: Protest gegen Gentechnik\">Vita-Activa-Tour.de: Protest gegen Gentechnik<\/a> &gt;Gentechnik (28.12.2009)<\/li>\n<li><a href=\"https:\/\/www.freiburg-schwarzwald.de\/gentechnik.htm#Links\">Links<\/a><\/li>\n<\/ul>\n<p><strong>Gentechnik: Christentum, \u00d6kologie und Wissenschaft<\/strong><br \/>\nDarf der Mensch sich nicht \u00fcber die Natur erheben?<br \/>\nZweifel an Experimenten am Menschen sind im Westen kulturimmanent. Denn in unserer <strong><em>christlichen Tradition<\/em><\/strong> werden sie als ein problematischer Eingriff in die Sch\u00f6pfung und am Ebenbild Gottes gesehen. So lehnte die Kirche in der Neuzeit das Sezieren von Leichen an medizinischen Fakult\u00e4ten ab. Bald nach der Entdeckung der Elektrizit\u00e4t wurde die sp\u00e4tmittelalterliche Homunkulus-Theorie der Alchemie von Mary Shelley in ihrem Roman Frankenstein (1819) im Sinne des naturwissenschaftlichen Experiments am Menschen modernisiert. Darin kommen die Einw\u00e4nde gegen eine anthropogene Sch\u00f6pfung menschlichen Lebens in Form einer klassischen Trag\u00f6die samt Strafe klar zum Ausdruck. Sehr sp\u00e4t im Vergleich zu Physik und Chemie, in der zweiten H\u00e4lfte des 19. Jahrhunderts wurde es \u00fcberhaupt m\u00f6glich, Medizin naturwissenschaftlich zu betreiben, erst dann wurde die antik-mittelalterliche S\u00e4ftelehre \u00fcberwunden \u2013 die Medizin als Wissenschaft von der Physis des Menschen war nicht zuf\u00e4llig die letzte Wissenschaft, die vom Rationalismus erfasst wurde.<br \/>\n.<br \/>\nAus dieser Tradition kommend lehnt die f\u00fchrende s\u00e4kulare Heilsideologie unserer Zeit, <strong><em>die politische \u00d6kologie<\/em><\/strong>, die Gentechnik insgesamt ab. Die Argumente sind denjenigen der katholischen Kirche strukturgleich, wenn auch von deren christlicher Dogmatik befreit. W\u00e4hrend Christen vorbringen, dass der Mensch nicht in Gottes Sch\u00f6pfung eingreifen darf, weil er dadurch die Rolle Gottes usurpiert, sprechen Gr\u00fcne davon, dass das \u00f6kologische Gleichgewicht durch den Menschen nicht gest\u00f6rt werden soll. Bringen Christen vor, der Mensch sei als Ebenbild Gottes und Krone der Sch\u00f6pfung unantastbar, argumentieren Gr\u00fcne mit der strukturellen Antithese, der Mensch d\u00fcrfe sich nicht \u00fcber die Natur (auch nicht seine eigene) erheben.<br \/>\n.<br \/>\nDagegen ist aus Sicht der <em><strong>wissenschaftlichen Logos-Kultur<\/strong><\/em> klar, dass jeder Eingriff in die Natur, der mit einem akzeptablen Restrisiko, welches immer besteht, zu exakt vorhersehbaren, w\u00fcnschenswerten Ergebnissen f\u00fchrt, legitim ist &#8211; ja wir sogar im Sinne des Humanismus dazu verpflichtet sind, Not und Leid durch Technologieeinsatz zu lindern oder zu verhindern: So funktioniert die gesamte medizinische Therapie, aber auch die Energieversorgung, der Transport von G\u00fctern und Personen, die Nahrungsmittelproduktion, kurz die gesamte Technosph\u00e4re, die wir uns geschaffen haben. Diese haben wir, weil wir mit Mathematik, Physik und angewandter Physik (Ingenieurswissenschaften, Chemie) Modelle der Natur geschaffen haben, die uns nicht nur die Beschreibung und Erkl\u00e4rung von Naturph\u00e4nomenen, sondern auch die Vorhersage der Wirkung von Eingriffen in das Naturgeschehen und damit den verl\u00e4sslichen Einsatz von Technik erm\u00f6glichen.<br \/>\n&#8230;. Alles von Johannes Eisleben vom 7.2.2019 bitte lesen auf<br \/>\n<a href=\"https:\/\/www.achgut.com\/artikel\/genmanipulierte_menschen_was_kommt_was_auf_uns_zu\">https:\/\/www.achgut.com\/artikel\/genmanipulierte_menschen_was_kommt_was_auf_uns_zu<\/a><br \/>\n.<br \/>\n<strong>Angst haben um China?<\/strong><br \/>\nWenn im Fernen Osten Zweifel am Experiment am Menschen nicht (!) kultur-immanent sind, was ich mal vermute, werden wir von dort die Klone kriegen. Bestenfalls w\u00e4ren das medizynisch Bereinigte und nicht die Aufgemotzten. Ergo, man muss im Westen nicht vor China Angst haben, sondern um China. Danke, Herr Eisleben, ich hoffe Sie richtig verstanden zu haben.<br \/>\n7.2.2019, A.D., AO<br \/>\n.<br \/>\n<strong>Zweischneidigkeit &#8211; auch der Gentechnik<\/strong><br \/>\nMit dem Faustkeil lie\u00df sich hervorragend ein wildes Tier abwehren. Aber auch der Sch\u00e4del des Rivalen einschlagen. Mit Pfeil und Bogen liessen sich Feinde auf Distanz halten aber auch Andere aus sicherer Entfernung angreifen. Mit der Atomspaltung\/Fusion l\u00e4\u00dft sich fast unbegrenzt Energie erzeugen, es lassen sich aber auch f\u00fcrchterliche Waffen damit produzieren. Es gibt fast Nichts auf dieser Erde, was keine \u201cZweischneidigkeit\u201d besitzt. Warum sollte die Gentechnik da eine Ausnahme bilden? Warum tun \u201cdie\u201d das? Weil sie es k\u00f6nnen!<br \/>\n7.2.2019, B.F., AO<\/p>\n<p>&nbsp;<\/p>\n<p>&nbsp;<\/p>\n<p><strong>Faire\u00a0\u00a0Nachbarschaft = gentechnikfreie Region<\/strong><\/p>\n<p>&#8222;Der Anbau gentechnisch ver\u00e4nderter Pflanzen wird zu heftigem Streit in den D\u00f6rfern f\u00fchren. Im Falle einer gentechnischen Verunreinigung m\u00fcssen Landwirte nicht nur mit wirtschaftlichen Einbu\u00dfen rechnen, sondern k\u00f6nnen sich au\u00dferdem noch mit ihren Nachbarn, die Gentech-Pflanzen angebaut haben, vor Gericht auseinandersetzen. Der BUND setzt dagegen auf \u201eFaire Nachbarschaft\u201c. Das bedeutet: B\u00e4uerinnen und Bauern schlie\u00dfen sich mit ihren Nachbarn zu gentechnikfreien Regionen zusammen. Denn die einfachste und wirksamste Methode, Probleme mit der Gentechnik zu vermeiden ist \u2013 die Gentechnik zu vermeiden.&#8220;<br \/>\n<a href=\"https:\/\/vorort.bund.net\/faire-nachbarschaft\/\">https:\/\/vorort.bund.net\/faire-nachbarschaft\/<\/a><\/p>\n<p>&nbsp;<\/p>\n<p><strong>Bayern will gentechnikfreies Soja aus Brasilien importieren<\/strong><\/p>\n<p>Bayern will k\u00fcnftig mehr gentechnikfreies Sojafutter importieren. Hierf\u00fcr unterzeichnete Landwirtschaftsminister Helmut Brunner (CSU) in der vergangenen Woche eine gemeinsame <a href=\"https:\/\/www.stmelf.bayern.de\/mam\/cms01\/service\/dateien\/gemeinsame_erklaerung.pdf\">Erkl\u00e4rung<\/a> mit dem Pr\u00e4sidenten des brasilianischen Verbands f\u00fcr gentechnikfreien Anbau von Ackerfr\u00fcchten (ABRANGE), C\u00e9sar Borges de Sousa. Dies <a href=\"https:\/\/www.stmelf.bayern.de\/service\/presse\/pm\/2012\/009058\/index.php\">teilte <\/a>das bayrische Landwirtschaftsministerium mit. Au\u00dferdem planten der Freistaat und sein brasilianischer Partner eine dauerhafte Zusammenarbeit beim Anbau und der Verwertung von gentechnikfreiem Soja.<br \/>\n&#8230;.<br \/>\nNach Bayern werden derzeit j\u00e4hrlich rund 800.000 Tonnen Soja als Eiwei\u00dffutter f\u00fcr Rinder, Schweine und H\u00fchner importiert \u2013 vor allem aus Argentinien, Brasilien und USA. Der gr\u00f6\u00dfte Teil des dort erzeugten Sojas ist aber gentechnisch ver\u00e4ndert \u2013 mit steigender Tendenz. Insgesamt werden nach Deutschland etwa 3,5 Millionen Tonnen Soja (<a href=\"https:\/\/www.ovid-verband.de\/unsere-branche\/daten-und-grafiken\/\">Zahlen<\/a> aus dem Jahr 2010) j\u00e4hrlich importiert, davon stammt nach Angaben des Verband der \u00f6lsaatenverarbeitenden Industrie in Deutschland eine Million aus Brasilien.<br \/>\nAlles vom 17.3.2012 bitte lesen auf <a href=\"https:\/\/amerika21.de\/meldung\/2012\/03\/49553\/soja-brasilien-bayern\">https:\/\/amerika21.de\/meldung\/2012\/03\/49553\/soja-brasilien-bayern<\/a><\/p>\n<p>&nbsp;<\/p>\n<p>&nbsp;<\/p>\n<p><strong>Syngenta: Angst vor neuen Technologien bedroht Wohlstand<\/strong><\/p>\n<p>Ein hierzulande ebenso kontrovers diskutiertes Thema ist die gr\u00fcne Gentechnik. Neue Studien aus den USA kommen zum Schluss, dass diese eher mehr als weniger chemischen Pflanzenschutz braucht. Sind Sie sicher, mit der Gentechnologie auf dem richtigen Weg zu sein?<br \/>\nMack: Wir setzten in Europa \u00fcberhaupt kein Geld ein, um die Europ\u00e4er davon zu \u00fcberzeugen, dass sie bei der gr\u00fcnen Gentechnologie auf dem falschen Weg sind. Aber: Auf der ganzen Welt wird die Technologie inzwischen ohne Vorbehalte angewendet. Europa ist die Ausnahme und verliert hier jedes Jahr ein bisschen mehr den Anschluss. Entsprechend verlagert sich die Produktivit\u00e4t: Europ\u00e4ische Bauern haben im globalen Wettbewerb immer schlechtere Chancen. Auf Dauer f\u00fchrt das dazu, dass die Nahrungsmittelproduktion abwandert aus Europa. Die Angst der Europ\u00e4er vor neuen Technologien, und es ist nichts anderes als Angst, wird ihren Wohlstand langfristig bedrohen. F\u00fcr Syngenta als Unternehmung bedeutet das, dass wir uns dahin orientieren m\u00fcssen, wo unser Gesch\u00e4ft l\u00e4uft&#8230;.<br \/>\nKomplettes Interview mit Michael Mack, Chef des Basler Agrochemie- und Saatgutkonzerns Syngenta, zum Konzern, dem Bienensterben und der gr\u00fcnen Gentechnik,\u00a0vom 7.2.2013 bitte lesen auf<br \/>\n<a href=\"https:\/\/www.badische-zeitung.de\/wirtschaft-regional\/mack-angst-vor-neuen-technologien-bedroht-wohlstand--68927574.html\">https:\/\/www.badische-zeitung.de\/wirtschaft-regional\/mack-angst-vor-neuen-technologien-bedroht-wohlstand&#8211;68927574.html<\/a><\/p>\n<p>&nbsp;<\/p>\n<p>&nbsp;<\/p>\n<p>&nbsp;<\/p>\n","protected":false},"excerpt":{"rendered":"<p>Home &gt;Natur &gt;Landwirt &gt;Gentechnik GVO, Gentechnisch ver\u00e4nderter Organismen, GVO-Kontingente, Saatgut &#8222;Wir m\u00fcssen die selbst gemachten Fehler im Anbau korrigieren, nicht das Sch\u00f6pfungsprogramm, um die Pflanzen unseren Fehlern anzugleichen.&#8220; eMail-Zitat vom 28.01.2006 von Prof. Dr. Claus Hipp &#8222;Es gibt zwei verh\u00e4ngnisvolle &hellip; <a href=\"https:\/\/www.freiburg-schwarzwald.de\/blog\/natur\/gentechnik\/\">Weiterlesen <span class=\"meta-nav\">&rarr;<\/span><\/a><\/p>\n","protected":false},"author":2,"featured_media":0,"parent":23,"menu_order":0,"comment_status":"open","ping_status":"closed","template":"","meta":{"footnotes":""},"class_list":["post-1668","page","type-page","status-publish","hentry"],"_links":{"self":[{"href":"https:\/\/www.freiburg-schwarzwald.de\/blog\/wp-json\/wp\/v2\/pages\/1668","targetHints":{"allow":["GET"]}}],"collection":[{"href":"https:\/\/www.freiburg-schwarzwald.de\/blog\/wp-json\/wp\/v2\/pages"}],"about":[{"href":"https:\/\/www.freiburg-schwarzwald.de\/blog\/wp-json\/wp\/v2\/types\/page"}],"author":[{"embeddable":true,"href":"https:\/\/www.freiburg-schwarzwald.de\/blog\/wp-json\/wp\/v2\/users\/2"}],"replies":[{"embeddable":true,"href":"https:\/\/www.freiburg-schwarzwald.de\/blog\/wp-json\/wp\/v2\/comments?post=1668"}],"version-history":[{"count":3,"href":"https:\/\/www.freiburg-schwarzwald.de\/blog\/wp-json\/wp\/v2\/pages\/1668\/revisions"}],"predecessor-version":[{"id":134222,"href":"https:\/\/www.freiburg-schwarzwald.de\/blog\/wp-json\/wp\/v2\/pages\/1668\/revisions\/134222"}],"up":[{"embeddable":true,"href":"https:\/\/www.freiburg-schwarzwald.de\/blog\/wp-json\/wp\/v2\/pages\/23"}],"wp:attachment":[{"href":"https:\/\/www.freiburg-schwarzwald.de\/blog\/wp-json\/wp\/v2\/media?parent=1668"}],"curies":[{"name":"wp","href":"https:\/\/api.w.org\/{rel}","templated":true}]}}