{"id":15907,"date":"2012-11-20T13:12:39","date_gmt":"2012-11-20T12:12:39","guid":{"rendered":"https:\/\/www.freiburg-schwarzwald.de\/blog\/?page_id=15907"},"modified":"2014-12-12T21:00:52","modified_gmt":"2014-12-12T20:00:52","slug":"fernbus","status":"publish","type":"page","link":"https:\/\/www.freiburg-schwarzwald.de\/blog\/regio\/verkehr\/fernbus\/","title":{"rendered":"Fernbus"},"content":{"rendered":"<p>Home &gt;<a title=\"Regio\" href=\"https:\/\/www.freiburg-schwarzwald.de\/blog\/regio\/\">Regio<\/a> &gt;<a title=\"Verkehr\" href=\"https:\/\/www.freiburg-schwarzwald.de\/blog\/regio\/verkehr\/\">Verkehr<\/a> &gt;Fernbus<\/p>\n<div id=\"attachment_15909\" style=\"width: 647px\" class=\"wp-caption alignnone\"><a href=\"https:\/\/www.freiburg-schwarzwald.de\/blog\/regio\/verkehr\/fernbus\/schauinsland11muenstertal-nebel-pan121115\/\" rel=\"attachment wp-att-15909\"><img loading=\"lazy\" decoding=\"async\" aria-describedby=\"caption-attachment-15909\" class=\"size-full wp-image-15909\" title=\"schauinsland11muenstertal-nebel-pan121115\" src=\"https:\/\/www.freiburg-schwarzwald.de\/blog\/wp-content\/uploads\/2012\/11\/schauinsland11muenstertal-nebel-pan121115.jpg\" alt=\"\" width=\"637\" height=\"207\" srcset=\"https:\/\/www.freiburg-schwarzwald.de\/blog\/wp-content\/uploads\/2012\/11\/schauinsland11muenstertal-nebel-pan121115.jpg 637w, https:\/\/www.freiburg-schwarzwald.de\/blog\/wp-content\/uploads\/2012\/11\/schauinsland11muenstertal-nebel-pan121115-180x58.jpg 180w\" sizes=\"auto, (max-width: 637px) 100vw, 637px\" \/><\/a><p id=\"caption-attachment-15909\" class=\"wp-caption-text\">Bick vom Schauinsland nach S\u00fcden zu Belchen, Hochblauen (rechts hinten) und M\u00fcnstertal im Nebelmeer am 15.11.2012 um 16 Uhr<\/p><\/div>\n<p>&nbsp;<\/p>\n<ul>\n<li>Vergleich Fernbus, Bahn, Auto und Flugzeug (12.12.2014)<\/li>\n<li>Fernbusse sind nicht barrierefrei\u00a0(20.11.2012)<\/li>\n<li><a href=\"https:\/\/www.freiburg-schwarzwald.de\/blog\/meinfernbus-de-von-fr-nach-munchen-auto-hummel-engagiert\/\">www.freiburg-schwarzwald.de\/blog\/meinfernbus-de-von-fr-nach-munchen-auto-hummel-engagiert\/<\/a>\u00a0(27.7.2012)<\/li>\n<\/ul>\n<p>&nbsp;<\/p>\n<p><strong>Vergleich Fernbus, Bahn, Auto und Flugzeug<\/strong><br \/>\nFahrtstrecke M\u00fcnchen nach Berlin (f\u00fcr eine Person)<br \/>\nAuslastung mit Fahrtg\u00e4sten: 60% Bus, 50% Bahn 76% Flugzeug und 1,5 Personen Auto<br \/>\nQuelle: Die Zeit, 11.12.2014, S. 38<\/p>\n<p>Auto<br \/>\n35,52 l Diesel, 82 kg CO2, 6,07 Std Fahrtzeit und 58 Euro Kosten<\/p>\n<p>Fernbus<br \/>\n7,70 l Diesel, 18 kg CO2, 6.30 Std Fahrtzeit und 17 Euro Kosten<\/p>\n<p>Bahn<br \/>\n12 l Diesel, 25 kg CO2, 6,06 std Fahrtzeit und 130 Euro Kosten<\/p>\n<p>Flugzeug<br \/>\n26 l Diesel, 116 kg CO2, 1,10 Std Flugzeit und 219 Euro Kosten<\/p>\n<p>Mit der Bahn reisten 2013 ca 131,4 Mio und mit dem Fernbus ca 8,2 Mio Personen.<\/p>\n<p>&nbsp;<\/p>\n<p>&nbsp;<\/p>\n<p><strong>Fernbusse sind nicht barrierefrei\u00a0<\/strong><\/p>\n<p>Zur allgemeinen Freude entstehen im Raum Freiburg momentan viele neue und attraktive Fernbuslinien, die f\u00fcr fast alle Reisenden einen bedeutenden Komfortgewinn erlauben. Leider wird, wie so oft, hier wiederum nicht an Reisende mit einer Behinderung gedacht, obschon dies die UN-Behindertenkonvention seit 2009 eindeutig vorschreibt. F\u00fcr Rollstuhlfahrer ist es unm\u00f6glich, normale Hochflurbusse zu benutzen. Es ist somit gesetzeswidrig, solche Busse f\u00fcr den Linienverkehr zuzulassen. Genau dies passiert jedoch ausschlie\u00dflich. Bislang hat kein einziger Verkehrsbetrieb einen Niederflurbus in Betrieb. Als Begr\u00fcndung muss die angebliche Nicht-Verf\u00fcgbarkeit solcher Fahrzeuge herhalten. Dies ist schlichtweg falsch, denn es existieren durchaus Busse mit Hebelifter oder Niederflurbusse, die auch als Fernbus geeignet sind. Au\u00dferdem sehen sich die Hersteller mangels Nachfrage auch nicht dazu gezwungen, solche Fahrzeuge in die Massenproduktion aufzunehmen. Mit dem gerade explosionsartig wachsenden Fernbus-Segment wird hier wiederum auf Jahrzehnte hinaus eine Barriere aufgebaut, die man im Vorfeld h\u00e4tte beseitigen k\u00f6nnen, denn gerade werden massenhaft neue Hochflurbusse angeschafft, die dann nat\u00fcrlich erstmal ihren Dienst tun werden.<br \/>\n19.11.2012, Ramon Kathrein Freiburg <!-- RSPEAK_STOP --><\/p>\n","protected":false},"excerpt":{"rendered":"<p>Home &gt;Regio &gt;Verkehr &gt;Fernbus &nbsp; Vergleich Fernbus, Bahn, Auto und Flugzeug (12.12.2014) Fernbusse sind nicht barrierefrei\u00a0(20.11.2012) www.freiburg-schwarzwald.de\/blog\/meinfernbus-de-von-fr-nach-munchen-auto-hummel-engagiert\/\u00a0(27.7.2012) &nbsp; Vergleich Fernbus, Bahn, Auto und Flugzeug Fahrtstrecke M\u00fcnchen nach Berlin (f\u00fcr eine Person) Auslastung mit Fahrtg\u00e4sten: 60% Bus, 50% Bahn 76% Flugzeug &hellip; <a href=\"https:\/\/www.freiburg-schwarzwald.de\/blog\/regio\/verkehr\/fernbus\/\">Weiterlesen <span class=\"meta-nav\">&rarr;<\/span><\/a><\/p>\n","protected":false},"author":4,"featured_media":0,"parent":1296,"menu_order":0,"comment_status":"open","ping_status":"closed","template":"","meta":{"footnotes":""},"class_list":["post-15907","page","type-page","status-publish","hentry"],"_links":{"self":[{"href":"https:\/\/www.freiburg-schwarzwald.de\/blog\/wp-json\/wp\/v2\/pages\/15907","targetHints":{"allow":["GET"]}}],"collection":[{"href":"https:\/\/www.freiburg-schwarzwald.de\/blog\/wp-json\/wp\/v2\/pages"}],"about":[{"href":"https:\/\/www.freiburg-schwarzwald.de\/blog\/wp-json\/wp\/v2\/types\/page"}],"author":[{"embeddable":true,"href":"https:\/\/www.freiburg-schwarzwald.de\/blog\/wp-json\/wp\/v2\/users\/4"}],"replies":[{"embeddable":true,"href":"https:\/\/www.freiburg-schwarzwald.de\/blog\/wp-json\/wp\/v2\/comments?post=15907"}],"version-history":[{"count":0,"href":"https:\/\/www.freiburg-schwarzwald.de\/blog\/wp-json\/wp\/v2\/pages\/15907\/revisions"}],"up":[{"embeddable":true,"href":"https:\/\/www.freiburg-schwarzwald.de\/blog\/wp-json\/wp\/v2\/pages\/1296"}],"wp:attachment":[{"href":"https:\/\/www.freiburg-schwarzwald.de\/blog\/wp-json\/wp\/v2\/media?parent=15907"}],"curies":[{"name":"wp","href":"https:\/\/api.w.org\/{rel}","templated":true}]}}