{"id":153196,"date":"2026-08-28T13:14:49","date_gmt":"2026-08-28T11:14:49","guid":{"rendered":"https:\/\/www.freiburg-schwarzwald.de\/blog\/?page_id=153196"},"modified":"2026-08-28T13:21:20","modified_gmt":"2026-08-28T11:21:20","slug":"sitzbank","status":"publish","type":"page","link":"https:\/\/www.freiburg-schwarzwald.de\/blog\/kultur\/oeffentlicher-raum\/sitzbank\/","title":{"rendered":"Sitzbank"},"content":{"rendered":"<p>Home &gt;<a title=\"Kultur\" href=\"https:\/\/www.freiburg-schwarzwald.de\/blog\/kultur\/\">Kultur<\/a>\u00a0&gt;<a title=\"Oeffentlicher-Raum\" href=\"https:\/\/www.freiburg-schwarzwald.de\/blog\/kultur\/oeffentlicher-raum\/\">Oeffentlicher Raum\u00a0<\/a>&gt;Hock &gt;<a href=\"https:\/\/www.freiburg-schwarzwald.de\/blog\/park\">Park<\/a> &gt;<a href=\"https:\/\/www.freiburg-schwarzwald.de\/blog\/tourismus\/strassen\/\">Strassen<\/a> &gt;Sitzbank<\/p>\n<div id=\"attachment_153198\" style=\"width: 650px\" class=\"wp-caption alignnone\"><a href=\"https:\/\/www.freiburg-schwarzwald.de\/blog\/wp-content\/uploads\/2026\/08\/sitzbank-herbst-aufderbank-pan201025.jpg\"><img loading=\"lazy\" decoding=\"async\" aria-describedby=\"caption-attachment-153198\" class=\"size-full wp-image-153198\" src=\"https:\/\/www.freiburg-schwarzwald.de\/blog\/wp-content\/uploads\/2026\/08\/sitzbank-herbst-aufderbank-pan201025.jpg\" alt=\"\" width=\"640\" height=\"432\" srcset=\"https:\/\/www.freiburg-schwarzwald.de\/blog\/wp-content\/uploads\/2026\/08\/sitzbank-herbst-aufderbank-pan201025.jpg 640w, https:\/\/www.freiburg-schwarzwald.de\/blog\/wp-content\/uploads\/2026\/08\/sitzbank-herbst-aufderbank-pan201025-180x122.jpg 180w\" sizes=\"auto, (max-width: 640px) 100vw, 640px\" \/><\/a><p id=\"caption-attachment-153198\" class=\"wp-caption-text\">Sitzbank am Gehweg auf der Strasse vor dem Haus am 25.10.2020<\/p><\/div>\n<ul>\n<li><em>Listenauswahl eines Beitrags: <span style=\"text-decoration: underline;\">anklicken (falls unterstrichen)<\/span> oder scrollen\u00a0<\/em><\/li>\n<li>Stadt Freiburg untersagt private Sitzbank auf Baumscheibe \u2013 &#8222;Das ist doch kleinkariert&#8220; (28.8.2026)<\/li>\n<\/ul>\n<p>&nbsp;<\/p>\n<p><strong>Stadt Freiburg untersagt private Sitzbank auf Baumscheibe \u2013 &#8222;Das ist doch kleinkariert&#8220;<\/strong><br \/>\n&#8222;Das ist doch kleinkariert&#8220;, sagt Markus Hanser. Er hatte eine Sitzbank auf die Baumscheibe vor seinem Haus an der Richard-Wagner-Stra\u00dfe gestellt, sie mit einem Schloss gegen Diebstahl und Umkippen gesichert und sie ansonsten f\u00fcr alle verf\u00fcgbar dort stehen lassen. Urspr\u00fcnglich hatte er die Bank f\u00fcr seine Mutter aufgestellt, die nicht mehr so gut zu Fu\u00df sei. Mit der Zeit h\u00e4tten sie aber auch Spazierg\u00e4nger, Radfahrer und Kunden seines Automatenladens vor seiner Haust\u00fcre gerne genutzt.<br \/>\nDoch damit ist nun Schluss. Ende Juli trudelte ein Schreiben vom Garten- und Tiefbauamt ein, in dem er aufgefordert wurde, die Bank zu entfernen. Haupts\u00e4chlich st\u00f6rt sich das Amt an zwei Schildern, die Hanser ebenfalls an der Baumscheibe angebracht hatte und die seinen Laden bewarben. &#8222;Klar&#8220;, sagt Hanser, &#8222;so Schilder muss man eigentlich anmelden, klar habe ich die entfernt. Aber die Bank, das st\u00f6rt doch keinen.&#8220; Die Stadt sieht das anders: &#8222;Hierbei handelt es sich um eine ungenehmigte Sondernutzung einer \u00f6ffentlichen Fl\u00e4che&#8220;, hei\u00dft es in dem Schreiben. Zudem werde der Gehweg durch die Bank eingeengt.<br \/>\n&#8230;<br \/>\n&#8230; Alles vom 28.8.2026 von Manuel Fritsch bitte lesen auf<br \/>\n<a href=\"https:\/\/www.badische-zeitung.de\/stadt-freiburg-untersagt-private-sitzbank-auf-baumscheibe-das-ist-doch-kleinkariert\">https:\/\/www.badische-zeitung.de\/stadt-freiburg-untersagt-private-sitzbank-auf-baumscheibe-das-ist-doch-kleinkariert<\/a><br \/>\n.<br \/>\nHanser s&#8217;Hofl\u00e4dele<br \/>\nAutomat 24\/7<br \/>\nRichard-Wagner-Stra\u00dfe 66, 79104 Freiburg im Breisgau<br \/>\n<a href=\"https:\/\/www.facebook.com\/GourmetHanser\/\">https:\/\/www.facebook.com\/GourmetHanser\/<\/a><\/p>\n<p>&nbsp;<\/p>\n","protected":false},"excerpt":{"rendered":"<p>Home &gt;Kultur\u00a0&gt;Oeffentlicher Raum\u00a0&gt;Hock &gt;Park &gt;Strassen &gt;Sitzbank Listenauswahl eines Beitrags: anklicken (falls unterstrichen) oder scrollen\u00a0 Stadt Freiburg untersagt private Sitzbank auf Baumscheibe \u2013 &#8222;Das ist doch kleinkariert&#8220; (28.8.2026) &nbsp; Stadt Freiburg untersagt private Sitzbank auf Baumscheibe \u2013 &#8222;Das ist doch kleinkariert&#8220; &hellip; <a href=\"https:\/\/www.freiburg-schwarzwald.de\/blog\/kultur\/oeffentlicher-raum\/sitzbank\/\">Weiterlesen <span class=\"meta-nav\">&rarr;<\/span><\/a><\/p>\n","protected":false},"author":2,"featured_media":0,"parent":1898,"menu_order":0,"comment_status":"closed","ping_status":"closed","template":"","meta":{"footnotes":""},"class_list":["post-153196","page","type-page","status-publish","hentry"],"_links":{"self":[{"href":"https:\/\/www.freiburg-schwarzwald.de\/blog\/wp-json\/wp\/v2\/pages\/153196","targetHints":{"allow":["GET"]}}],"collection":[{"href":"https:\/\/www.freiburg-schwarzwald.de\/blog\/wp-json\/wp\/v2\/pages"}],"about":[{"href":"https:\/\/www.freiburg-schwarzwald.de\/blog\/wp-json\/wp\/v2\/types\/page"}],"author":[{"embeddable":true,"href":"https:\/\/www.freiburg-schwarzwald.de\/blog\/wp-json\/wp\/v2\/users\/2"}],"replies":[{"embeddable":true,"href":"https:\/\/www.freiburg-schwarzwald.de\/blog\/wp-json\/wp\/v2\/comments?post=153196"}],"version-history":[{"count":5,"href":"https:\/\/www.freiburg-schwarzwald.de\/blog\/wp-json\/wp\/v2\/pages\/153196\/revisions"}],"predecessor-version":[{"id":153202,"href":"https:\/\/www.freiburg-schwarzwald.de\/blog\/wp-json\/wp\/v2\/pages\/153196\/revisions\/153202"}],"up":[{"embeddable":true,"href":"https:\/\/www.freiburg-schwarzwald.de\/blog\/wp-json\/wp\/v2\/pages\/1898"}],"wp:attachment":[{"href":"https:\/\/www.freiburg-schwarzwald.de\/blog\/wp-json\/wp\/v2\/media?parent=153196"}],"curies":[{"name":"wp","href":"https:\/\/api.w.org\/{rel}","templated":true}]}}

<p>Home &gt;<a title="Kultur" href="https://www.freiburg-schwarzwald.de/blog/kultur/">Kultur</a> &gt;<a title="Oeffentlicher-Raum" href="https://www.freiburg-schwarzwald.de/blog/kultur/oeffentlicher-raum/">Oeffentlicher Raum </a>&gt;Hock &gt;<a href="https://www.freiburg-schwarzwald.de/blog/park">Park</a> &gt;<a href="https://www.freiburg-schwarzwald.de/blog/tourismus/strassen/">Strassen</a> &gt;Sitzbank</p>
<div id="attachment_153198" style="width: 650px" class="wp-caption alignnone"><a href="https://www.freiburg-schwarzwald.de/blog/wp-content/uploads/2026/08/sitzbank-herbst-aufderbank-pan201025.jpg"><img loading="lazy" decoding="async" aria-describedby="caption-attachment-153198" class="size-full wp-image-153198" src="https://www.freiburg-schwarzwald.de/blog/wp-content/uploads/2026/08/sitzbank-herbst-aufderbank-pan201025.jpg" alt="" width="640" height="432" srcset="https://www.freiburg-schwarzwald.de/blog/wp-content/uploads/2026/08/sitzbank-herbst-aufderbank-pan201025.jpg 640w, https://www.freiburg-schwarzwald.de/blog/wp-content/uploads/2026/08/sitzbank-herbst-aufderbank-pan201025-180x122.jpg 180w" sizes="auto, (max-width: 640px) 100vw, 640px" /></a><p id="caption-attachment-153198" class="wp-caption-text">Sitzbank am Gehweg auf der Strasse vor dem Haus am 25.10.2020</p></div>
<ul>
<li><em>Listenauswahl eines Beitrags: <span style="text-decoration: underline;">anklicken (falls unterstrichen)</span> oder scrollen </em></li>
<li>Stadt Freiburg untersagt private Sitzbank auf Baumscheibe – &#8222;Das ist doch kleinkariert&#8220; (28.8.2026)</li>
</ul>
<p>&nbsp;</p>
<p><strong>Stadt Freiburg untersagt private Sitzbank auf Baumscheibe – &#8222;Das ist doch kleinkariert&#8220;</strong><br />
&#8222;Das ist doch kleinkariert&#8220;, sagt Markus Hanser. Er hatte eine Sitzbank auf die Baumscheibe vor seinem Haus an der Richard-Wagner-Straße gestellt, sie mit einem Schloss gegen Diebstahl und Umkippen gesichert und sie ansonsten für alle verfügbar dort stehen lassen. Ursprünglich hatte er die Bank für seine Mutter aufgestellt, die nicht mehr so gut zu Fuß sei. Mit der Zeit hätten sie aber auch Spaziergänger, Radfahrer und Kunden seines Automatenladens vor seiner Haustüre gerne genutzt.<br />
Doch damit ist nun Schluss. Ende Juli trudelte ein Schreiben vom Garten- und Tiefbauamt ein, in dem er aufgefordert wurde, die Bank zu entfernen. Hauptsächlich stört sich das Amt an zwei Schildern, die Hanser ebenfalls an der Baumscheibe angebracht hatte und die seinen Laden bewarben. &#8222;Klar&#8220;, sagt Hanser, &#8222;so Schilder muss man eigentlich anmelden, klar habe ich die entfernt. Aber die Bank, das stört doch keinen.&#8220; Die Stadt sieht das anders: &#8222;Hierbei handelt es sich um eine ungenehmigte Sondernutzung einer öffentlichen Fläche&#8220;, heißt es in dem Schreiben. Zudem werde der Gehweg durch die Bank eingeengt.<br />
&#8230;<br />
&#8230; Alles vom 28.8.2026 von Manuel Fritsch bitte lesen auf<br />
<a href="https://www.badische-zeitung.de/stadt-freiburg-untersagt-private-sitzbank-auf-baumscheibe-das-ist-doch-kleinkariert">https://www.badische-zeitung.de/stadt-freiburg-untersagt-private-sitzbank-auf-baumscheibe-das-ist-doch-kleinkariert</a><br />
.<br />
Hanser s&#8217;Hoflädele<br />
Automat 24/7<br />
Richard-Wagner-Straße 66, 79104 Freiburg im Breisgau<br />
<a href="https://www.facebook.com/GourmetHanser/">https://www.facebook.com/GourmetHanser/</a></p>
<p>&nbsp;</p>
