{"id":153178,"date":"2026-08-27T13:13:36","date_gmt":"2026-08-27T11:13:36","guid":{"rendered":"https:\/\/www.freiburg-schwarzwald.de\/blog\/?page_id=153178"},"modified":"2026-08-27T16:29:30","modified_gmt":"2026-08-27T14:29:30","slug":"waldbrand","status":"publish","type":"page","link":"https:\/\/www.freiburg-schwarzwald.de\/blog\/natur\/wald\/waldbrand\/","title":{"rendered":"Waldbrand"},"content":{"rendered":"<p>Home &gt;<a title=\"Natur\" href=\"https:\/\/www.freiburg-schwarzwald.de\/blog\/natur\/\">Natur<\/a>\u00a0&gt;<a title=\"Wald\" href=\"https:\/\/www.freiburg-schwarzwald.de\/blog\/natur\/wald\/\">Wald<\/a>\u00a0&gt;<a href=\"https:\/\/www.freiburg-schwarzwald.de\/blog\/natur\/wald\/forst\/\">Forst<\/a>\u00a0&gt;<a href=\"https:\/\/www.freiburg-schwarzwald.de\/blog\/energie\/wind\/windkraft\/\">Windkraft<\/a>\u00a0&gt;<a href=\"https:\/\/www.freiburg-schwarzwald.de\/blog\/natur\/wald\/wald-windkraft\/\">Wald-Windkraft<\/a> &gt;Waldbrand<\/p>\n<div id=\"attachment_57099\" style=\"width: 649px\" class=\"wp-caption alignnone\"><a href=\"https:\/\/www.freiburg-schwarzwald.de\/blog\/wp-content\/uploads\/2015\/10\/waldrand-herbstlaub-pan151025.jpg\"><img loading=\"lazy\" decoding=\"async\" aria-describedby=\"caption-attachment-57099\" class=\"size-full wp-image-57099\" src=\"https:\/\/www.freiburg-schwarzwald.de\/blog\/wp-content\/uploads\/2015\/10\/waldrand-herbstlaub-pan151025.jpg\" alt=\"\" width=\"639\" height=\"248\" srcset=\"https:\/\/www.freiburg-schwarzwald.de\/blog\/wp-content\/uploads\/2015\/10\/waldrand-herbstlaub-pan151025.jpg 639w, https:\/\/www.freiburg-schwarzwald.de\/blog\/wp-content\/uploads\/2015\/10\/waldrand-herbstlaub-pan151025-180x69.jpg 180w\" sizes=\"auto, (max-width: 639px) 100vw, 639px\" \/><\/a><p id=\"caption-attachment-57099\" class=\"wp-caption-text\">Waldrand im farbigen Herbstlaub bei Freiburg am 26.10.2015<\/p><\/div>\n<ul>\n<li><em>Listenauswahl eines Beitrags: <span style=\"text-decoration: underline;\">anklicken (falls unterstrichen)<\/span> oder scrollen\u00a0<\/em><\/li>\n<li>Brennende W\u00e4lder: Brandstiftung statt Klimawandel (4.8.2026)<\/li>\n<li><\/li>\n<\/ul>\n<p>,<\/p>\n<p><strong>Brennende W\u00e4lder: Brandstiftung statt Klimawandel<\/strong><br \/>\nDie Erde brennt nicht. \u00bbAber die Panikmaschine l\u00e4uft hei\u00df \u2026<br \/>\n<a href=\"https:\/\/x.com\/Libertas2906\/status\/2083628089096257632\">https:\/\/x.com\/Libertas2906\/status\/2083628089096257632<\/a><br \/>\nIn Frankreich wurden seit Anfang Juli 184 Personen im Zusammenhang mit Br\u00e4nden festgenommen. F\u00fcnf sind bereits verurteilt, f\u00fcnfzehn sitzen in Untersuchungshaft. Unter den Verd\u00e4chtigen: ein Feuerwehrmann, der wegen Brandstiftung zu einer mehrj\u00e4hrigen Strafe verurteilt wurde.<br \/>\nDas ist keine Randnotiz. Das ist die Hauptursache. Und sie taucht in der \u00f6ffentlichen Erz\u00e4hlung praktisch nicht auf, weil sie politisch nichts hergibt. Aus einem Brandstifter im D\u00e9partement Var l\u00e4sst sich kein Heizungsgesetz ableiten. Aus \u201eder <a href=\"https:\/\/www.freiburg-schwarzwald.de\/blog\/natur\/klima\/klimawandel-glaube\/\">Klimawandel<\/a>\u201c schon.\u00ab<br \/>\n\u2026 Alles vom 4.8.2026 von Fritz Goergen bitte lesen auf<br \/>\n<a href=\"https:\/\/www.tichyseinblick.de\/daili-es-sentials\/brandstifter-eu-ceuta-merz-wuest\/\">https:\/\/www.tichyseinblick.de\/daili-es-sentials\/brandstifter-eu-ceuta-merz-wuest\/<\/a><\/p>\n<p>&nbsp;<\/p>\n","protected":false},"excerpt":{"rendered":"<p>Home &gt;Natur\u00a0&gt;Wald\u00a0&gt;Forst\u00a0&gt;Windkraft\u00a0&gt;Wald-Windkraft &gt;Waldbrand Listenauswahl eines Beitrags: anklicken (falls unterstrichen) oder scrollen\u00a0 Brennende W\u00e4lder: Brandstiftung statt Klimawandel (4.8.2026) , Brennende W\u00e4lder: Brandstiftung statt Klimawandel Die Erde brennt nicht. \u00bbAber die Panikmaschine l\u00e4uft hei\u00df \u2026 https:\/\/x.com\/Libertas2906\/status\/2083628089096257632 In Frankreich wurden seit Anfang Juli &hellip; <a href=\"https:\/\/www.freiburg-schwarzwald.de\/blog\/natur\/wald\/waldbrand\/\">Weiterlesen <span class=\"meta-nav\">&rarr;<\/span><\/a><\/p>\n","protected":false},"author":2,"featured_media":0,"parent":1543,"menu_order":0,"comment_status":"closed","ping_status":"closed","template":"","meta":{"footnotes":""},"class_list":["post-153178","page","type-page","status-publish","hentry"],"_links":{"self":[{"href":"https:\/\/www.freiburg-schwarzwald.de\/blog\/wp-json\/wp\/v2\/pages\/153178","targetHints":{"allow":["GET"]}}],"collection":[{"href":"https:\/\/www.freiburg-schwarzwald.de\/blog\/wp-json\/wp\/v2\/pages"}],"about":[{"href":"https:\/\/www.freiburg-schwarzwald.de\/blog\/wp-json\/wp\/v2\/types\/page"}],"author":[{"embeddable":true,"href":"https:\/\/www.freiburg-schwarzwald.de\/blog\/wp-json\/wp\/v2\/users\/2"}],"replies":[{"embeddable":true,"href":"https:\/\/www.freiburg-schwarzwald.de\/blog\/wp-json\/wp\/v2\/comments?post=153178"}],"version-history":[{"count":5,"href":"https:\/\/www.freiburg-schwarzwald.de\/blog\/wp-json\/wp\/v2\/pages\/153178\/revisions"}],"predecessor-version":[{"id":153186,"href":"https:\/\/www.freiburg-schwarzwald.de\/blog\/wp-json\/wp\/v2\/pages\/153178\/revisions\/153186"}],"up":[{"embeddable":true,"href":"https:\/\/www.freiburg-schwarzwald.de\/blog\/wp-json\/wp\/v2\/pages\/1543"}],"wp:attachment":[{"href":"https:\/\/www.freiburg-schwarzwald.de\/blog\/wp-json\/wp\/v2\/media?parent=153178"}],"curies":[{"name":"wp","href":"https:\/\/api.w.org\/{rel}","templated":true}]}}

<p>Home &gt;<a title="Natur" href="https://www.freiburg-schwarzwald.de/blog/natur/">Natur</a> &gt;<a title="Wald" href="https://www.freiburg-schwarzwald.de/blog/natur/wald/">Wald</a> &gt;<a href="https://www.freiburg-schwarzwald.de/blog/natur/wald/forst/">Forst</a> &gt;<a href="https://www.freiburg-schwarzwald.de/blog/energie/wind/windkraft/">Windkraft</a> &gt;<a href="https://www.freiburg-schwarzwald.de/blog/natur/wald/wald-windkraft/">Wald-Windkraft</a> &gt;Waldbrand</p>
<div id="attachment_57099" style="width: 649px" class="wp-caption alignnone"><a href="https://www.freiburg-schwarzwald.de/blog/wp-content/uploads/2015/10/waldrand-herbstlaub-pan151025.jpg"><img loading="lazy" decoding="async" aria-describedby="caption-attachment-57099" class="size-full wp-image-57099" src="https://www.freiburg-schwarzwald.de/blog/wp-content/uploads/2015/10/waldrand-herbstlaub-pan151025.jpg" alt="" width="639" height="248" srcset="https://www.freiburg-schwarzwald.de/blog/wp-content/uploads/2015/10/waldrand-herbstlaub-pan151025.jpg 639w, https://www.freiburg-schwarzwald.de/blog/wp-content/uploads/2015/10/waldrand-herbstlaub-pan151025-180x69.jpg 180w" sizes="auto, (max-width: 639px) 100vw, 639px" /></a><p id="caption-attachment-57099" class="wp-caption-text">Waldrand im farbigen Herbstlaub bei Freiburg am 26.10.2015</p></div>
<ul>
<li><em>Listenauswahl eines Beitrags: <span style="text-decoration: underline;">anklicken (falls unterstrichen)</span> oder scrollen </em></li>
<li>Brennende Wälder: Brandstiftung statt Klimawandel (4.8.2026)</li>
<li></li>
</ul>
<p>,</p>
<p><strong>Brennende Wälder: Brandstiftung statt Klimawandel</strong><br />
Die Erde brennt nicht. »Aber die Panikmaschine läuft heiß …<br />
<a href="https://x.com/Libertas2906/status/2083628089096257632">https://x.com/Libertas2906/status/2083628089096257632</a><br />
In Frankreich wurden seit Anfang Juli 184 Personen im Zusammenhang mit Bränden festgenommen. Fünf sind bereits verurteilt, fünfzehn sitzen in Untersuchungshaft. Unter den Verdächtigen: ein Feuerwehrmann, der wegen Brandstiftung zu einer mehrjährigen Strafe verurteilt wurde.<br />
Das ist keine Randnotiz. Das ist die Hauptursache. Und sie taucht in der öffentlichen Erzählung praktisch nicht auf, weil sie politisch nichts hergibt. Aus einem Brandstifter im Département Var lässt sich kein Heizungsgesetz ableiten. Aus „der <a href="https://www.freiburg-schwarzwald.de/blog/natur/klima/klimawandel-glaube/">Klimawandel</a>“ schon.«<br />
… Alles vom 4.8.2026 von Fritz Goergen bitte lesen auf<br />
<a href="https://www.tichyseinblick.de/daili-es-sentials/brandstifter-eu-ceuta-merz-wuest/">https://www.tichyseinblick.de/daili-es-sentials/brandstifter-eu-ceuta-merz-wuest/</a></p>
<p>&nbsp;</p>

<p>Home &gt;Natur &gt;Wald &gt;Forst &gt;Windkraft &gt;Wald-Windkraft &gt;Waldbrand Listenauswahl eines Beitrags: anklicken (falls unterstrichen) oder scrollen  Brennende Wälder: Brandstiftung statt Klimawandel (4.8.2026) , Brennende Wälder: Brandstiftung statt Klimawandel Die Erde brennt nicht. »Aber die Panikmaschine läuft heiß … https://x.com/Libertas2906/status/2083628089096257632 In Frankreich wurden seit Anfang Juli &hellip; <a href="https://www.freiburg-schwarzwald.de/blog/natur/wald/waldbrand/">Weiterlesen <span class="meta-nav">&rarr;</span></a></p>
