{"id":153070,"date":"2026-08-24T21:22:17","date_gmt":"2026-08-24T19:22:17","guid":{"rendered":"https:\/\/www.freiburg-schwarzwald.de\/blog\/?page_id=153070"},"modified":"2026-08-24T21:39:13","modified_gmt":"2026-08-24T19:39:13","slug":"islam-kinder","status":"publish","type":"page","link":"https:\/\/www.freiburg-schwarzwald.de\/blog\/religion\/islam\/islam-kinder\/","title":{"rendered":"Islam-Kinder"},"content":{"rendered":"<p><a href=\"https:\/\/freiburg-schwarzwald.de\/blog\">Home<\/a>\u00a0&gt;<a title=\"Religion\" href=\"https:\/\/www.freiburg-schwarzwald.de\/blog\/religion\/\">Religion<\/a>\u00a0&gt;<a title=\"Islam\" href=\"https:\/\/www.freiburg-schwarzwald.de\/blog\/religion\/islam\/\">Islam<\/a>\u00a0&gt;<a href=\"https:\/\/www.freiburg-schwarzwald.de\/blog\/religion\/islam\/islamisierung\/\">Islamisierung<\/a>\u00a0&gt;<a href=\"https:\/\/www.freiburg-schwarzwald.de\/blog\/bildung\/schulen\/schulen-islam\/\">Schulen-Islam<\/a> &gt;<a href=\"https:\/\/www.freiburg-schwarzwald.de\/blog\/religion\/islam\/islam-maedchen\/\">Islam-M\u00e4dchen<\/a> &gt;Islam-Kinder<\/p>\n<div id=\"attachment_140435\" style=\"width: 649px\" class=\"wp-caption alignnone\"><a href=\"https:\/\/www.freiburg-schwarzwald.de\/blog\/wp-content\/uploads\/2025\/10\/Stadtbild-linksdemo-berlin-pan251019.jpg\"><img loading=\"lazy\" decoding=\"async\" aria-describedby=\"caption-attachment-140435\" class=\"size-full wp-image-140435\" src=\"https:\/\/www.freiburg-schwarzwald.de\/blog\/wp-content\/uploads\/2025\/10\/Stadtbild-linksdemo-berlin-pan251019.jpg\" alt=\"\" width=\"639\" height=\"434\" srcset=\"https:\/\/www.freiburg-schwarzwald.de\/blog\/wp-content\/uploads\/2025\/10\/Stadtbild-linksdemo-berlin-pan251019.jpg 639w, https:\/\/www.freiburg-schwarzwald.de\/blog\/wp-content\/uploads\/2025\/10\/Stadtbild-linksdemo-berlin-pan251019-180x122.jpg 180w\" sizes=\"auto, (max-width: 639px) 100vw, 639px\" \/><\/a><p id=\"caption-attachment-140435\" class=\"wp-caption-text\">&#8222;Wir sind das Stadtbild&#8220;-Demo 19.10.2025: \u00c4ltere, wei\u00dfe Berliner<\/p><\/div>\n<ul>\n<li><em>Listenauswahl eines Beitrags: <span style=\"text-decoration: underline;\">anklicken (falls unterstrichen)<\/span> oder scrollen\u00a0<\/em><\/li>\n<li>Wolfgang B\u00fcscher (Arche): Integration gescheitert &#8211; Die Lebensl\u00fcge der Mitte (22.8.2026)<\/li>\n<\/ul>\n<p><strong>Wolfgang B\u00fcscher (Arche): Integration gescheitert &#8211; Die Lebensl\u00fcge der Mitte<\/strong><br \/>\n<a href=\"https:\/\/www.freiburg-schwarzwald.de\/blog\/religion\/islam\/islam-maedchen\/\">Wolfgang B\u00fcscher<\/a> ist seit einem Vierteljahrhundert Sprecher des christlichen Kinder- und Jugendwerks ARCHE. Sein Arbeitsplatz liegt in Marzahn-Hellersdorf, wo seine Einrichtung rund f\u00fcnfzehnhundert Menschen betreut. Er ist kein Publizist und kein Parteistratege. Was er sagt, sagt er aus Anschauung und Erfahrung \u2014 und gegen das eigene Milieu:<br \/>\nElfj\u00e4hrige, die mit Messern herumlaufen. Jugendliche, die in Moscheen radikalisiert und von kriminellen Clans angeworben werden.<br \/>\nEin Zw\u00f6lfj\u00e4hriger, der ihm ins Gesicht sagt: \u201eIch hasse dich. Das Land holen wir uns zur\u00fcck.\u201c<br \/>\nM\u00e4dchen, die als \u201edeutsche Nutte\u201c beschimpft werden, wenn sie geschminkt sind oder bauchfrei tragen.<br \/>\nEltern, die ihren T\u00f6chtern den Besuch der Einrichtung verbieten, weil westliche Werte auf sie \u00fcbergreifen k\u00f6nnten \u2014 die Familien, sagt B\u00fcscher, erreiche man nicht mehr.<br \/>\nEin Foto, auf dem ein Dutzend seiner Sch\u00fctzlinge den Tauhid-Finger zeigt, das Erkennungszeichen des Islamischen Staates. Schulklassen mit f\u00fcnfundneunzig Prozent Migrationsanteil.<br \/>\nBrennpunktschulen, in denen drei\u00dfig Prozent der Erstkl\u00e4ssler kein einziges Wort Deutsch sprechen. Antisemitismus. Zwangsverheiratungen. Sozialarbeiter, die bedroht werden.<\/p>\n<p>Seine Schlussfolgerungen sind klar:<br \/>\n<em><strong>Integration sei gescheitert. Die deutsche Migrationspolitik nennt er verlogen.<\/strong><\/em> Bereits vor zwei Jahren forderte er einen Aufnahmestopp und erkl\u00e4rte, das System sei kollabiert. In diesem Sommer sagt er, ein Teil dieser Jugendlichen sei nicht mehr demokratisierbar, und wir verl\u00f6ren die Kontrolle.<br \/>\nNun lese man diese Liste noch einmal \u2014 und stelle sich vor, sie st\u00fcnde nicht in einem Zeitungsinterview, sondern in einer AfD-Rede im Berliner Abgeordnetenhaus. Jeder wei\u00df, was dann passiert: Pauschalisierung. Skandalisierung. Ausl\u00e4nderfeindlichkeit. Sch\u00fcren von \u00c4ngsten. Instrumentalisierung von Kindern. Die Debatte w\u00e4re binnen einer Stunde nicht mehr die Debatte \u00fcber Messer, Moscheen und Erstkl\u00e4ssler ohne Deutschkenntnisse, sondern eine Debatte \u00fcber die AfD. Leider ist das keine Spekulation, sondern der Normalvorgang der letzten zehn Jahre.<\/p>\n<p>Genau diese Gegenst\u00e4nde \u2014 Islamismus an Schulen, Clanstrukturen, importierter Antisemitismus, Sprachdefizite bei der Einschulung, Gewalt unter Kindern, Integrationsverweigerung \u2014 sind seit Jahren Anfragen, Antr\u00e4ge und Redebeitr\u00e4ge der AfD-Fraktion. Und das sie sind die Standardbegr\u00fcndung daf\u00fcr, dass diese Fraktion angeblich au\u00dferhalb des demokratischen Diskurses stehe. Der Unterschied liegt also nicht im Satz. Er liegt im Absender. Ein Befund, der bei einem Sozialarbeiter als alarmierender Hilferuf aus der Praxis gilt, gilt bei der AfD als Beleg f\u00fcr Extremismus. Wer Aussagen nicht danach beurteilt, ob sie zutreffen, sondern danach, wer sie ausspricht, hat den Boden der Sachauseinandersetzung verlassen.<\/p>\n<p>Der Bruch in B\u00fcschers eigenem Argument<br \/>\nB\u00fcscher selbst bleibt an dieser Stelle in dem Muster h\u00e4ngen. Nach seinem Lagebild folgt der Satz, die Linke sei genauso gef\u00e4hrlich wie die AfD. Zur Begr\u00fcndung: Die Linke verweigere die kritische Diskussion, die AfD spitze die Probleme zu.<\/p>\n<p>Wie passen beide Vorw\u00fcrfe nebeneinander? Der eine betrifft das Verh\u00e4ltnis zur Wirklichkeit, der andere die Lautst\u00e4rke der Rede \u00fcber sie. B\u00fcscher hat den Ma\u00dfstab, an dem die Gleichsetzung zerbricht, selbst geliefert: Bewusstes Schweigen, sagt er \u00fcber die Kirchen, mache schuldig. Wer das ernst meint, kann das Verschweigen nicht neben das Benennen stellen. Sein eigener Satz zerst\u00f6rt seine eigene Symmetrie.<\/p>\n<p>Bleibt die offene, nicht gestellte Frage: Was genau eigentlich versch\u00e4rft angeblich die AfD? Die Wirklichkeit oder deren Wahrnehmung? Ein Drittes gibt es nicht. Wer das erste behauptet, schuldet eine Kausalkette , liefert sie aber nicht. Die AfD hat in Berlin seit zehn Jahren keine Senatsverwaltung gef\u00fchrt, keinen Haushalt verantwortet, keine aufenthaltsrechtliche Entscheidung getroffen und keine Messer in die Taschen von Elfj\u00e4hrigen gesteckt. Bleibt das zweite. Dann aber ist Zuspitzung keine Ursachenbeschreibung mehr, sondern eine Stilnote.<\/p>\n<p>&#8230; Alles vom 22..8.2026 von Frank-Christian Hansel bitte lesen auf<br \/>\n<a href=\"https:\/\/philosophia-perennis.com\/2026\/08\/22\/die-lebensluege-der-mitte\/\">https:\/\/philosophia-perennis.com\/2026\/08\/22\/die-lebensluege-der-mitte\/<\/a><\/p>\n<p><a href=\"https:\/\/www.kinderprojekt-arche.de\">https:\/\/www.kinderprojekt-arche.de<\/a><\/p>\n<p><em>Frank-Christian Hansel ist Fachpolitischer Sprecher der AfD im Berliner Abgeordnetenhaus f\u00fcr Wirtschaft, Energie, Klima, Flughafen<\/em><\/p>\n","protected":false},"excerpt":{"rendered":"<p>Home\u00a0&gt;Religion\u00a0&gt;Islam\u00a0&gt;Islamisierung\u00a0&gt;Schulen-Islam &gt;Islam-M\u00e4dchen &gt;Islam-Kinder Listenauswahl eines Beitrags: anklicken (falls unterstrichen) oder scrollen\u00a0 Wolfgang B\u00fcscher (Arche): Integration gescheitert &#8211; Die Lebensl\u00fcge der Mitte (22.8.2026) Wolfgang B\u00fcscher (Arche): Integration gescheitert &#8211; Die Lebensl\u00fcge der Mitte Wolfgang B\u00fcscher ist seit einem Vierteljahrhundert Sprecher des &hellip; <a href=\"https:\/\/www.freiburg-schwarzwald.de\/blog\/religion\/islam\/islam-kinder\/\">Weiterlesen <span class=\"meta-nav\">&rarr;<\/span><\/a><\/p>\n","protected":false},"author":2,"featured_media":0,"parent":12111,"menu_order":0,"comment_status":"closed","ping_status":"closed","template":"","meta":{"footnotes":""},"class_list":["post-153070","page","type-page","status-publish","hentry"],"_links":{"self":[{"href":"https:\/\/www.freiburg-schwarzwald.de\/blog\/wp-json\/wp\/v2\/pages\/153070","targetHints":{"allow":["GET"]}}],"collection":[{"href":"https:\/\/www.freiburg-schwarzwald.de\/blog\/wp-json\/wp\/v2\/pages"}],"about":[{"href":"https:\/\/www.freiburg-schwarzwald.de\/blog\/wp-json\/wp\/v2\/types\/page"}],"author":[{"embeddable":true,"href":"https:\/\/www.freiburg-schwarzwald.de\/blog\/wp-json\/wp\/v2\/users\/2"}],"replies":[{"embeddable":true,"href":"https:\/\/www.freiburg-schwarzwald.de\/blog\/wp-json\/wp\/v2\/comments?post=153070"}],"version-history":[{"count":4,"href":"https:\/\/www.freiburg-schwarzwald.de\/blog\/wp-json\/wp\/v2\/pages\/153070\/revisions"}],"predecessor-version":[{"id":153074,"href":"https:\/\/www.freiburg-schwarzwald.de\/blog\/wp-json\/wp\/v2\/pages\/153070\/revisions\/153074"}],"up":[{"embeddable":true,"href":"https:\/\/www.freiburg-schwarzwald.de\/blog\/wp-json\/wp\/v2\/pages\/12111"}],"wp:attachment":[{"href":"https:\/\/www.freiburg-schwarzwald.de\/blog\/wp-json\/wp\/v2\/media?parent=153070"}],"curies":[{"name":"wp","href":"https:\/\/api.w.org\/{rel}","templated":true}]}}

<p><a href="https://freiburg-schwarzwald.de/blog">Home</a> &gt;<a title="Religion" href="https://www.freiburg-schwarzwald.de/blog/religion/">Religion</a> &gt;<a title="Islam" href="https://www.freiburg-schwarzwald.de/blog/religion/islam/">Islam</a> &gt;<a href="https://www.freiburg-schwarzwald.de/blog/religion/islam/islamisierung/">Islamisierung</a> &gt;<a href="https://www.freiburg-schwarzwald.de/blog/bildung/schulen/schulen-islam/">Schulen-Islam</a> &gt;<a href="https://www.freiburg-schwarzwald.de/blog/religion/islam/islam-maedchen/">Islam-Mädchen</a> &gt;Islam-Kinder</p>
<div id="attachment_140435" style="width: 649px" class="wp-caption alignnone"><a href="https://www.freiburg-schwarzwald.de/blog/wp-content/uploads/2025/10/Stadtbild-linksdemo-berlin-pan251019.jpg"><img loading="lazy" decoding="async" aria-describedby="caption-attachment-140435" class="size-full wp-image-140435" src="https://www.freiburg-schwarzwald.de/blog/wp-content/uploads/2025/10/Stadtbild-linksdemo-berlin-pan251019.jpg" alt="" width="639" height="434" srcset="https://www.freiburg-schwarzwald.de/blog/wp-content/uploads/2025/10/Stadtbild-linksdemo-berlin-pan251019.jpg 639w, https://www.freiburg-schwarzwald.de/blog/wp-content/uploads/2025/10/Stadtbild-linksdemo-berlin-pan251019-180x122.jpg 180w" sizes="auto, (max-width: 639px) 100vw, 639px" /></a><p id="caption-attachment-140435" class="wp-caption-text">&#8222;Wir sind das Stadtbild&#8220;-Demo 19.10.2025: Ältere, weiße Berliner</p></div>
<ul>
<li><em>Listenauswahl eines Beitrags: <span style="text-decoration: underline;">anklicken (falls unterstrichen)</span> oder scrollen </em></li>
<li>Wolfgang Büscher (Arche): Integration gescheitert &#8211; Die Lebenslüge der Mitte (22.8.2026)</li>
</ul>
<p><strong>Wolfgang Büscher (Arche): Integration gescheitert &#8211; Die Lebenslüge der Mitte</strong><br />
<a href="https://www.freiburg-schwarzwald.de/blog/religion/islam/islam-maedchen/">Wolfgang Büscher</a> ist seit einem Vierteljahrhundert Sprecher des christlichen Kinder- und Jugendwerks ARCHE. Sein Arbeitsplatz liegt in Marzahn-Hellersdorf, wo seine Einrichtung rund fünfzehnhundert Menschen betreut. Er ist kein Publizist und kein Parteistratege. Was er sagt, sagt er aus Anschauung und Erfahrung — und gegen das eigene Milieu:<br />
Elfjährige, die mit Messern herumlaufen. Jugendliche, die in Moscheen radikalisiert und von kriminellen Clans angeworben werden.<br />
Ein Zwölfjähriger, der ihm ins Gesicht sagt: „Ich hasse dich. Das Land holen wir uns zurück.“<br />
Mädchen, die als „deutsche Nutte“ beschimpft werden, wenn sie geschminkt sind oder bauchfrei tragen.<br />
Eltern, die ihren Töchtern den Besuch der Einrichtung verbieten, weil westliche Werte auf sie übergreifen könnten — die Familien, sagt Büscher, erreiche man nicht mehr.<br />
Ein Foto, auf dem ein Dutzend seiner Schützlinge den Tauhid-Finger zeigt, das Erkennungszeichen des Islamischen Staates. Schulklassen mit fünfundneunzig Prozent Migrationsanteil.<br />
Brennpunktschulen, in denen dreißig Prozent der Erstklässler kein einziges Wort Deutsch sprechen. Antisemitismus. Zwangsverheiratungen. Sozialarbeiter, die bedroht werden.</p>
<p>Seine Schlussfolgerungen sind klar:<br />
<em><strong>Integration sei gescheitert. Die deutsche Migrationspolitik nennt er verlogen.</strong></em> Bereits vor zwei Jahren forderte er einen Aufnahmestopp und erklärte, das System sei kollabiert. In diesem Sommer sagt er, ein Teil dieser Jugendlichen sei nicht mehr demokratisierbar, und wir verlören die Kontrolle.<br />
Nun lese man diese Liste noch einmal — und stelle sich vor, sie stünde nicht in einem Zeitungsinterview, sondern in einer AfD-Rede im Berliner Abgeordnetenhaus. Jeder weiß, was dann passiert: Pauschalisierung. Skandalisierung. Ausländerfeindlichkeit. Schüren von Ängsten. Instrumentalisierung von Kindern. Die Debatte wäre binnen einer Stunde nicht mehr die Debatte über Messer, Moscheen und Erstklässler ohne Deutschkenntnisse, sondern eine Debatte über die AfD. Leider ist das keine Spekulation, sondern der Normalvorgang der letzten zehn Jahre.</p>
<p>Genau diese Gegenstände — Islamismus an Schulen, Clanstrukturen, importierter Antisemitismus, Sprachdefizite bei der Einschulung, Gewalt unter Kindern, Integrationsverweigerung — sind seit Jahren Anfragen, Anträge und Redebeiträge der AfD-Fraktion. Und das sie sind die Standardbegründung dafür, dass diese Fraktion angeblich außerhalb des demokratischen Diskurses stehe. Der Unterschied liegt also nicht im Satz. Er liegt im Absender. Ein Befund, der bei einem Sozialarbeiter als alarmierender Hilferuf aus der Praxis gilt, gilt bei der AfD als Beleg für Extremismus. Wer Aussagen nicht danach beurteilt, ob sie zutreffen, sondern danach, wer sie ausspricht, hat den Boden der Sachauseinandersetzung verlassen.</p>
<p>Der Bruch in Büschers eigenem Argument<br />
Büscher selbst bleibt an dieser Stelle in dem Muster hängen. Nach seinem Lagebild folgt der Satz, die Linke sei genauso gefährlich wie die AfD. Zur Begründung: Die Linke verweigere die kritische Diskussion, die AfD spitze die Probleme zu.</p>
<p>Wie passen beide Vorwürfe nebeneinander? Der eine betrifft das Verhältnis zur Wirklichkeit, der andere die Lautstärke der Rede über sie. Büscher hat den Maßstab, an dem die Gleichsetzung zerbricht, selbst geliefert: Bewusstes Schweigen, sagt er über die Kirchen, mache schuldig. Wer das ernst meint, kann das Verschweigen nicht neben das Benennen stellen. Sein eigener Satz zerstört seine eigene Symmetrie.</p>
<p>Bleibt die offene, nicht gestellte Frage: Was genau eigentlich verschärft angeblich die AfD? Die Wirklichkeit oder deren Wahrnehmung? Ein Drittes gibt es nicht. Wer das erste behauptet, schuldet eine Kausalkette , liefert sie aber nicht. Die AfD hat in Berlin seit zehn Jahren keine Senatsverwaltung geführt, keinen Haushalt verantwortet, keine aufenthaltsrechtliche Entscheidung getroffen und keine Messer in die Taschen von Elfjährigen gesteckt. Bleibt das zweite. Dann aber ist Zuspitzung keine Ursachenbeschreibung mehr, sondern eine Stilnote.</p>
<p>&#8230; Alles vom 22..8.2026 von Frank-Christian Hansel bitte lesen auf<br />
<a href="https://philosophia-perennis.com/2026/08/22/die-lebensluege-der-mitte/">https://philosophia-perennis.com/2026/08/22/die-lebensluege-der-mitte/</a></p>
<p><a href="https://www.kinderprojekt-arche.de">https://www.kinderprojekt-arche.de</a></p>
<p><em>Frank-Christian Hansel ist Fachpolitischer Sprecher der AfD im Berliner Abgeordnetenhaus für Wirtschaft, Energie, Klima, Flughafen</em></p>

<p>Home &gt;Religion &gt;Islam &gt;Islamisierung &gt;Schulen-Islam &gt;Islam-Mädchen &gt;Islam-Kinder Listenauswahl eines Beitrags: anklicken (falls unterstrichen) oder scrollen  Wolfgang Büscher (Arche): Integration gescheitert &#8211; Die Lebenslüge der Mitte (22.8.2026) Wolfgang Büscher (Arche): Integration gescheitert &#8211; Die Lebenslüge der Mitte Wolfgang Büscher ist seit einem Vierteljahrhundert Sprecher des &hellip; <a href="https://www.freiburg-schwarzwald.de/blog/religion/islam/islam-kinder/">Weiterlesen <span class="meta-nav">&rarr;</span></a></p>
