{"id":15278,"date":"2012-11-13T11:03:50","date_gmt":"2012-11-13T10:03:50","guid":{"rendered":"https:\/\/www.freiburg-schwarzwald.de\/blog\/?page_id=15278"},"modified":"2022-08-02T17:39:38","modified_gmt":"2022-08-02T15:39:38","slug":"konflikte","status":"publish","type":"page","link":"https:\/\/www.freiburg-schwarzwald.de\/blog\/selbsthilfe\/krise\/konflikte\/","title":{"rendered":"Konflikte"},"content":{"rendered":"<p>Home &gt;<a title=\"Selbsthilfe\" href=\"https:\/\/www.freiburg-schwarzwald.de\/blog\/selbsthilfe\/\">Selbsthilfe<\/a> &gt;<a title=\"Krise\" href=\"https:\/\/www.freiburg-schwarzwald.de\/blog\/selbsthilfe\/krise\/\">Krise<\/a> &gt;Konflikte<\/p>\n<div id=\"attachment_15649\" style=\"width: 647px\" class=\"wp-caption alignnone\"><a href=\"https:\/\/www.freiburg-schwarzwald.de\/blog\/selbsthilfe\/krise\/konflikte\/schauinsland6bergstation-pan121115\/\" rel=\"attachment wp-att-15649\"><img loading=\"lazy\" decoding=\"async\" aria-describedby=\"caption-attachment-15649\" class=\"size-full wp-image-15649\" title=\"schauinsland6bergstation-pan121115\" src=\"https:\/\/www.freiburg-schwarzwald.de\/blog\/wp-content\/uploads\/2012\/11\/schauinsland6bergstation-pan121115.jpg\" alt=\"\" width=\"637\" height=\"237\" srcset=\"https:\/\/www.freiburg-schwarzwald.de\/blog\/wp-content\/uploads\/2012\/11\/schauinsland6bergstation-pan121115.jpg 637w, https:\/\/www.freiburg-schwarzwald.de\/blog\/wp-content\/uploads\/2012\/11\/schauinsland6bergstation-pan121115-180x66.jpg 180w\" sizes=\"auto, (max-width: 637px) 100vw, 637px\" \/><\/a><p id=\"caption-attachment-15649\" class=\"wp-caption-text\">Blick von der Bergstation am Schauinsland nach Westen \u00fcber den Rheintalnebel zu den Vogesen am 15.11.2012<\/p><\/div>\n<p><a href=\"https:\/\/www.freiburg-schwarzwald.de\/blog\/konflikte-am-arbeitsplatz-preis-an-unternehmensberatung-balance\/\">https:\/\/www.freiburg-schwarzwald.de\/blog\/konflikte-am-arbeitsplatz-preis-an-unternehmensberatung-balance\/<\/a><\/p>\n<ul>\n<li><a href=\"https:\/\/www.freiburg-schwarzwald.de\/blog\/business\/gesund\/corona-virus\/corona-wissenschaft\/\">John Ioannidis: The Pandemic as of<\/a> (28.7.2022)<\/li>\n<li><a href=\"https:\/\/www.freiburg-schwarzwald.de\/blog\/mensch-virus-mensch-mensch\/\">Mensch gegen Virus sowie Mensch gegen Mensch<\/a>\u00a0(12.12.2020)<\/li>\n<li><a href=\"https:\/\/www.freiburg-schwarzwald.de\/blog\/mediation-freiburg-nachfrage\/\">https:\/\/www.freiburg-schwarzwald.de\/blog\/mediation-freiburg-nachfrage\/<\/a>\u00a0(23.4.2019)<\/li>\n<li>balance &#8211; Unternehmensberatung in Freiburg<\/li>\n<li>Konflikte in der Familie &#8211; Konflikte in der Firma<\/li>\n<\/ul>\n<p>&nbsp;<\/p>\n<div><\/div>\n<div><\/div>\n<div><strong>balance &#8211; Unternehmensberatung in Freiburg<\/strong><\/div>\n<div>Lenz (56) ist gelernter Au\u00dfenhandelskaufmann, Diplomp\u00e4dagoge, Diplomsozialarbeiter, Dozent beim Bundesamt f\u00fcr Zivildienst, Psychotherapeut, Lehrbeauftragter an der P\u00e4dagogischen Hochschule, autorisierter DISG-Trainer; Mediator und systemischer Organisationsberater. Hans-J\u00fcrgen Lenz hat die Balance-Unternehmensberatung 1991 gegr\u00fcndet. Er lebt in Freiburg und hat drei erwachsene Kinder.<br \/>\nMoser (58) hat Examen in Theologie und Sport gemacht, ist Einzel- und Gruppencoach, Psychotherapeut, langj\u00e4hriger Leiter einer Beratungsstelle f\u00fcr Ehe-, Familien- und Lebensfragen, Dozent an der Uni-Akademie Freiburg, DISG &amp; LIFO Trainer, Konflikttrainer, Ausbildung in systemischer Organisationsaufstellung, Supervisor an der Uniklinik Freiburg. Auch Moser lebt in Freiburg und hat drei erwachsene Kinder.\u00a0<!-- RSPEAK_STOP -->\u00a0balance Unternehmensberatung, Training &amp; Coaching<br \/>\nZasiusstra\u00dfe 78, 79102 Freiburg, Tel\u00a00761 72387, <a href=\"https:\/\/www.balance-beratung.de\/\" target=\"_blank\" rel=\"noopener\">www.balance-beratung.de<\/a><\/div>\n<div><\/div>\n<div><\/div>\n<div><\/div>\n<div><strong>Konflikte in der Familie &#8211; Konflikte in der Firma<\/strong><br \/>\nBZ: Seinen Ehepartner sucht man sich Jahre lang aus, bei Kollegen geht das nicht. Das d\u00fcrfte Konflikte erschweren?<br \/>\nLenz: Wir haben vor zehn, zw\u00f6lf Jahren begonnen, von der Liebe im Management zu sprechen. Die ersten Male war es so, dass wir uns der L\u00e4cherlichkeit preisgeben mussten. Wollen Sie hier Watteb\u00e4llchen werfen, wurden wir gefragt. Oder auch: Sind Sie eine Sekte? Angesichts dieser Fragen entgegne ich: Da stimmt doch das ganze Wertesystem nicht mehr. Es geht doch darum, dass wir uns gegenseitig dienen. Uns, den Kollegen, den Kunden. Es geht darum, dass wir hilfsbereit und freundlich sind, ein gutes Miteinander ein\u00fcben, das macht doch die Gesellschaft aus. Und nicht der st\u00e4ndige wachsende Profit. &#8230; Alles vom 12.11.2012 bitte lesen auf<br \/>\n<a href=\"https:\/\/www.badische-zeitung.de\/liebe-familie\/ein-konflikt-ist-chefsache--65528546.html\">https:\/\/www.badische-zeitung.de\/liebe-familie\/ein-konflikt-ist-chefsache&#8211;65528546.html<\/a><\/div>\n","protected":false},"excerpt":{"rendered":"<p>Home &gt;Selbsthilfe &gt;Krise &gt;Konflikte https:\/\/www.freiburg-schwarzwald.de\/blog\/konflikte-am-arbeitsplatz-preis-an-unternehmensberatung-balance\/ John Ioannidis: The Pandemic as of (28.7.2022) Mensch gegen Virus sowie Mensch gegen Mensch\u00a0(12.12.2020) https:\/\/www.freiburg-schwarzwald.de\/blog\/mediation-freiburg-nachfrage\/\u00a0(23.4.2019) balance &#8211; Unternehmensberatung in Freiburg Konflikte in der Familie &#8211; Konflikte in der Firma &nbsp; balance &#8211; Unternehmensberatung in Freiburg &hellip; <a href=\"https:\/\/www.freiburg-schwarzwald.de\/blog\/selbsthilfe\/krise\/konflikte\/\">Weiterlesen <span class=\"meta-nav\">&rarr;<\/span><\/a><\/p>\n","protected":false},"author":4,"featured_media":0,"parent":1138,"menu_order":0,"comment_status":"open","ping_status":"closed","template":"","meta":{"footnotes":""},"class_list":["post-15278","page","type-page","status-publish","hentry"],"_links":{"self":[{"href":"https:\/\/www.freiburg-schwarzwald.de\/blog\/wp-json\/wp\/v2\/pages\/15278","targetHints":{"allow":["GET"]}}],"collection":[{"href":"https:\/\/www.freiburg-schwarzwald.de\/blog\/wp-json\/wp\/v2\/pages"}],"about":[{"href":"https:\/\/www.freiburg-schwarzwald.de\/blog\/wp-json\/wp\/v2\/types\/page"}],"author":[{"embeddable":true,"href":"https:\/\/www.freiburg-schwarzwald.de\/blog\/wp-json\/wp\/v2\/users\/4"}],"replies":[{"embeddable":true,"href":"https:\/\/www.freiburg-schwarzwald.de\/blog\/wp-json\/wp\/v2\/comments?post=15278"}],"version-history":[{"count":2,"href":"https:\/\/www.freiburg-schwarzwald.de\/blog\/wp-json\/wp\/v2\/pages\/15278\/revisions"}],"predecessor-version":[{"id":103051,"href":"https:\/\/www.freiburg-schwarzwald.de\/blog\/wp-json\/wp\/v2\/pages\/15278\/revisions\/103051"}],"up":[{"embeddable":true,"href":"https:\/\/www.freiburg-schwarzwald.de\/blog\/wp-json\/wp\/v2\/pages\/1138"}],"wp:attachment":[{"href":"https:\/\/www.freiburg-schwarzwald.de\/blog\/wp-json\/wp\/v2\/media?parent=15278"}],"curies":[{"name":"wp","href":"https:\/\/api.w.org\/{rel}","templated":true}]}}

<p>Home &gt;<a title="Selbsthilfe" href="https://www.freiburg-schwarzwald.de/blog/selbsthilfe/">Selbsthilfe</a> &gt;<a title="Krise" href="https://www.freiburg-schwarzwald.de/blog/selbsthilfe/krise/">Krise</a> &gt;Konflikte</p>
<div id="attachment_15649" style="width: 647px" class="wp-caption alignnone"><a href="https://www.freiburg-schwarzwald.de/blog/selbsthilfe/krise/konflikte/schauinsland6bergstation-pan121115/" rel="attachment wp-att-15649"><img loading="lazy" decoding="async" aria-describedby="caption-attachment-15649" class="size-full wp-image-15649" title="schauinsland6bergstation-pan121115" src="https://www.freiburg-schwarzwald.de/blog/wp-content/uploads/2012/11/schauinsland6bergstation-pan121115.jpg" alt="" width="637" height="237" srcset="https://www.freiburg-schwarzwald.de/blog/wp-content/uploads/2012/11/schauinsland6bergstation-pan121115.jpg 637w, https://www.freiburg-schwarzwald.de/blog/wp-content/uploads/2012/11/schauinsland6bergstation-pan121115-180x66.jpg 180w" sizes="auto, (max-width: 637px) 100vw, 637px" /></a><p id="caption-attachment-15649" class="wp-caption-text">Blick von der Bergstation am Schauinsland nach Westen über den Rheintalnebel zu den Vogesen am 15.11.2012</p></div>
<p><a href="https://www.freiburg-schwarzwald.de/blog/konflikte-am-arbeitsplatz-preis-an-unternehmensberatung-balance/">https://www.freiburg-schwarzwald.de/blog/konflikte-am-arbeitsplatz-preis-an-unternehmensberatung-balance/</a></p>
<ul>
<li><a href="https://www.freiburg-schwarzwald.de/blog/business/gesund/corona-virus/corona-wissenschaft/">John Ioannidis: The Pandemic as of</a> (28.7.2022)</li>
<li><a href="https://www.freiburg-schwarzwald.de/blog/mensch-virus-mensch-mensch/">Mensch gegen Virus sowie Mensch gegen Mensch</a> (12.12.2020)</li>
<li><a href="https://www.freiburg-schwarzwald.de/blog/mediation-freiburg-nachfrage/">https://www.freiburg-schwarzwald.de/blog/mediation-freiburg-nachfrage/</a> (23.4.2019)</li>
<li>balance &#8211; Unternehmensberatung in Freiburg</li>
<li>Konflikte in der Familie &#8211; Konflikte in der Firma</li>
</ul>
<p>&nbsp;</p>
<div></div>
<div></div>
<div><strong>balance &#8211; Unternehmensberatung in Freiburg</strong></div>
<div>Lenz (56) ist gelernter Außenhandelskaufmann, Diplompädagoge, Diplomsozialarbeiter, Dozent beim Bundesamt für Zivildienst, Psychotherapeut, Lehrbeauftragter an der Pädagogischen Hochschule, autorisierter DISG-Trainer; Mediator und systemischer Organisationsberater. Hans-Jürgen Lenz hat die Balance-Unternehmensberatung 1991 gegründet. Er lebt in Freiburg und hat drei erwachsene Kinder.<br />
Moser (58) hat Examen in Theologie und Sport gemacht, ist Einzel- und Gruppencoach, Psychotherapeut, langjähriger Leiter einer Beratungsstelle für Ehe-, Familien- und Lebensfragen, Dozent an der Uni-Akademie Freiburg, DISG &amp; LIFO Trainer, Konflikttrainer, Ausbildung in systemischer Organisationsaufstellung, Supervisor an der Uniklinik Freiburg. Auch Moser lebt in Freiburg und hat drei erwachsene Kinder. <!-- RSPEAK_STOP --> balance Unternehmensberatung, Training &amp; Coaching<br />
Zasiusstraße 78, 79102 Freiburg, Tel 0761 72387, <a href="https://www.balance-beratung.de/" target="_blank" rel="noopener">www.balance-beratung.de</a></div>
<div></div>
<div></div>
<div></div>
<div><strong>Konflikte in der Familie &#8211; Konflikte in der Firma</strong><br />
BZ: Seinen Ehepartner sucht man sich Jahre lang aus, bei Kollegen geht das nicht. Das dürfte Konflikte erschweren?<br />
Lenz: Wir haben vor zehn, zwölf Jahren begonnen, von der Liebe im Management zu sprechen. Die ersten Male war es so, dass wir uns der Lächerlichkeit preisgeben mussten. Wollen Sie hier Wattebällchen werfen, wurden wir gefragt. Oder auch: Sind Sie eine Sekte? Angesichts dieser Fragen entgegne ich: Da stimmt doch das ganze Wertesystem nicht mehr. Es geht doch darum, dass wir uns gegenseitig dienen. Uns, den Kollegen, den Kunden. Es geht darum, dass wir hilfsbereit und freundlich sind, ein gutes Miteinander einüben, das macht doch die Gesellschaft aus. Und nicht der ständige wachsende Profit. &#8230; Alles vom 12.11.2012 bitte lesen auf<br />
<a href="https://www.badische-zeitung.de/liebe-familie/ein-konflikt-ist-chefsache--65528546.html">https://www.badische-zeitung.de/liebe-familie/ein-konflikt-ist-chefsache&#8211;65528546.html</a></div>
