{"id":152732,"date":"2026-08-17T06:47:10","date_gmt":"2026-08-17T04:47:10","guid":{"rendered":"https:\/\/www.freiburg-schwarzwald.de\/blog\/?page_id=152732"},"modified":"2026-08-17T07:24:18","modified_gmt":"2026-08-17T05:24:18","slug":"energiemix","status":"publish","type":"page","link":"https:\/\/www.freiburg-schwarzwald.de\/blog\/energie\/energiemix\/","title":{"rendered":"Energiemix"},"content":{"rendered":"<p><a href=\"https:\/\/www.freiburg-schwarzwald.de\/blog\">Home<\/a>\u00a0&gt;<a title=\"Energie\" href=\"https:\/\/www.freiburg-schwarzwald.de\/blog\/energie\/\">Energie<\/a>\u00a0&gt;<a title=\"Energiepolitik\" href=\"https:\/\/www.freiburg-schwarzwald.de\/blog\/energie\/energiepolitik\/\">Energiepolitik<\/a>\u00a0&gt;<a href=\"https:\/\/www.freiburg-schwarzwald.de\/blog\/energie\/energiewende\/\">Energiewende<\/a> &gt;<a href=\"https:\/\/www.freiburg-schwarzwald.de\/blog\/energie\/erneuerbare\/\">Erneuerbare<\/a> &gt;Energiemix<\/p>\n<div id=\"attachment_152748\" style=\"width: 649px\" class=\"wp-caption alignnone\"><a href=\"https:\/\/www.freiburg-schwarzwald.de\/blog\/wp-content\/uploads\/2026\/08\/baumhalb-und-halb-pan280816.jpg\"><img loading=\"lazy\" decoding=\"async\" aria-describedby=\"caption-attachment-152748\" class=\"size-full wp-image-152748\" src=\"https:\/\/www.freiburg-schwarzwald.de\/blog\/wp-content\/uploads\/2026\/08\/baumhalb-und-halb-pan280816.jpg\" alt=\"\" width=\"639\" height=\"402\" srcset=\"https:\/\/www.freiburg-schwarzwald.de\/blog\/wp-content\/uploads\/2026\/08\/baumhalb-und-halb-pan280816.jpg 639w, https:\/\/www.freiburg-schwarzwald.de\/blog\/wp-content\/uploads\/2026\/08\/baumhalb-und-halb-pan280816-180x113.jpg 180w\" sizes=\"auto, (max-width: 639px) 100vw, 639px\" \/><\/a><p id=\"caption-attachment-152748\" class=\"wp-caption-text\">Baum halb lebend und halb morsch gefallen am 15.8.2025<\/p><\/div>\n<ul>\n<li><em>Listenauswahl eines Beitrags: Entweder <span style=\"text-decoration: underline;\">anklicken<\/span> oder nach unten scrollen\u00a0<\/em><\/li>\n<li><a href=\"https:\/\/www.freiburg-schwarzwald.de\/blog\/izw-warnt-vor-energie-endgame\/\">IZW warnt vor Energie Endgame<\/a>\u00a0(16.8.2026)<\/li>\n<li>Zur Sicherheitsplattform Strom &#8211; Stellungnahme EZW Energieversorgung (5.8.2026)<\/li>\n<li><a href=\"https:\/\/www.freiburg-schwarzwald.de\/blog\/energiemix-statt-ideologie\/\">Energiemix statt Ideologie<\/a> (1.1.2025)<\/li>\n<\/ul>\n<ul>\n<li><a href=\"https:\/\/www.freiburg-schwarzwald.de\/blog\/energie\/akw\/atomausstieg\/\">Atomausstieg<\/a><\/li>\n<li><a title=\"Biomasse\" href=\"https:\/\/www.freiburg-schwarzwald.de\/blog\/energie\/biomasse\/\">Biomasse\u00a0<\/a><\/li>\n<li><a title=\"Blackout\" href=\"https:\/\/www.freiburg-schwarzwald.de\/blog\/energie\/strom\/blackout\/\">Blackout<\/a><\/li>\n<li><a title=\"Contracting\" href=\"https:\/\/www.freiburg-schwarzwald.de\/blog\/energie\/contracting\/\">Contracting<\/a><\/li>\n<li><a href=\"https:\/\/www.freiburg-schwarzwald.de\/blog\/energie\/strom\/dunkelflaute\/\">Dunkelflaute<\/a><\/li>\n<li><a title=\"EEG\" href=\"https:\/\/www.freiburg-schwarzwald.de\/blog\/energie\/strom\/eeg\/\">EEG<\/a><\/li>\n<li><a href=\"https:\/\/www.freiburg-schwarzwald.de\/blog\/energie\/energiepolitik\/eike\/\">EIKE<\/a><\/li>\n<li><a title=\"E-Mobil\" href=\"https:\/\/www.freiburg-schwarzwald.de\/blog\/regio\/verkehr\/e-mobil\/\">E-Mobil<\/a><\/li>\n<li><a href=\"https:\/\/www.freiburg-schwarzwald.de\/blog\/energie\/energietechnik\/\">Energietechnik<\/a><\/li>\n<li><a href=\"https:\/\/www.freiburg-schwarzwald.de\/blog\/energie\/energiepolitik\/erneuerbare100prozent\/\">Erneuerbare100Prozent<\/a><\/li>\n<li><a href=\"https:\/\/www.freiburg-schwarzwald.de\/blog\/energie\/energiemix\/\">Energiemix<\/a><\/li>\n<li><a title=\"Energiepolitik\" href=\"https:\/\/www.freiburg-schwarzwald.de\/blog\/energie\/energiepolitik\/\">Energiepolitik<\/a><\/li>\n<li><a title=\"Energiesparen\" href=\"https:\/\/www.freiburg-schwarzwald.de\/blog\/energie\/energiesparen\/\">Energiesparen<\/a><\/li>\n<li><a href=\"https:\/\/www.freiburg-schwarzwald.de\/blog\/energie\/energiewende\/energiewende-gescheitert\/\">Energiewende-gescheitert<\/a><\/li>\n<li><a href=\"https:\/\/www.freiburg-schwarzwald.de\/blog\/energie\/energiewende\/energie-kurskorrektur\/\">Energie-Kurskorrektur<\/a><\/li>\n<li><a title=\"Exergie\" href=\"https:\/\/www.freiburg-schwarzwald.de\/blog\/energie\/exergie\/\">Exergie<\/a><\/li>\n<li><a title=\"Fracking\" href=\"https:\/\/www.freiburg-schwarzwald.de\/blog\/energie\/fracking\/\">Fracking<\/a><\/li>\n<li><a href=\"https:\/\/www.freiburg-schwarzwald.de\/blog\/energie\/heizung\/\">Heizung<\/a><\/li>\n<li><a href=\"https:\/\/www.freiburg-schwarzwald.de\/blog\/energie\/akw\/kernkraft\/\">Kernkraft<\/a><\/li>\n<li><a title=\"Klimawandel\" href=\"https:\/\/www.freiburg-schwarzwald.de\/blog\/natur\/klima\/klimawandel\/\">Klimawandel<\/a><\/li>\n<li><a href=\"https:\/\/www.freiburg-schwarzwald.de\/blog\/energie\/strom\/licht-statt-strom\/\">Licht-statt-Strom<\/a><\/li>\n<li><a title=\"LOHC\" href=\"https:\/\/www.freiburg-schwarzwald.de\/blog\/energie\/wasserstoff\/lohc\/\">LOHC \u2013 Tr\u00e4gerfl\u00fcssigkeit f\u00fcr H2<\/a><\/li>\n<li><a href=\"https:\/\/www.freiburg-schwarzwald.de\/blog\/natur\/klima\/nachhaltigkeit\/\">Nachhaltigkeit<\/a><\/li>\n<li><a href=\"https:\/\/www.freiburg-schwarzwald.de\/blog\/energie\/energiewende\/oekorealismus\/\">\u00d6korealismus<\/a><\/li>\n<li><a href=\"https:\/\/www.freiburg-schwarzwald.de\/blog\/energie\/strom\/stromzeitalter\/\">Stromzeitalter<\/a><\/li>\n<li><a href=\"https:\/\/www.freiburg-schwarzwald.de\/blog\/energie\/wind\/windkraft\/\">Windkraft<\/a><\/li>\n<\/ul>\n<p><strong>Energiemix<\/strong><br \/>\n<strong>&#8230;. aus erneuerbaren Energien, Kernkraft und fossilen Energien<\/strong><br \/>\n=============================================================<\/p>\n<p>&#8211;<\/p>\n<p><strong>Zur Sicherheitsplattform Strom &#8211; Stellungnahme EZW Energieversorgung<\/strong><br \/>\n<strong>Krisenvorsorge ja. Staatlich verwalteter Strommangel nein.<\/strong><br \/>\nEinordnung der <a href=\"https:\/\/www.freiburg-schwarzwald.de\/blog\/izw-warnt-vor-energie-endgame\/\">IZW<\/a> Kurzfassung<\/p>\n<p>Eine Industrienation braucht belastbare Vorsorge f\u00fcr Stromausf\u00e4lle und Versorgungskrisen \u2013 unabh\u00e4ngig von ihrer Ursache. Es ist eher verwunderlich, dass Deutschland bislang \u00fcber keine zentrale Plattform verf\u00fcgte, um Beh\u00f6rden, Netzbetreiber und Gro\u00dfverbraucher im Ernstfall zu koordinieren. Eine solche Vorsorge h\u00e4tte es l\u00e4ngst geben m\u00fcssen. Doch notwendige Krisenvorsorge darf nicht zum Beruhigungsteppich \u00fcber einem strukturellen Versorgungsproblem werden. Die Sicherheitsplattform Strom verhindert keinen Mangel. Sie organisiert seine staatliche Bewirtschaftung.<\/p>\n<p><em>Die wirtschaftspolitische Fehlreihenfolge<\/em><br \/>\nDeutschland hat gesicherte, jederzeit verf\u00fcgbare Kraftwerksleistung abgeschaltet, ohne rechtzeitig gleichwertigen Ersatz zu schaffen. Gleichzeitig wurde wetterabh\u00e4ngige Erzeugung massiv ausgebaut und der Strombedarf durch Elektrifizierung, Digitalisierung, Rechenzentren und K\u00fcnstliche Intelligenz weiter erh\u00f6ht.<br \/>\n\u2022 Gesicherte Leistung abschalten.<br \/>\n\u2022 Den Ersatz verschleppen.<br \/>\n\u2022 Den Strombedarf erh\u00f6hen.<br \/>\n\u2022 Netzanschl\u00fcsse priorisieren.<br \/>\n\u2022 Im Mangelfall industrielle Produktion reduzieren.<br \/>\nWenn man ein Drehbuch f\u00fcr Wohlstandsvernichtung und Deindustrialisierung schreiben wollte, s\u00e4he es genau so aus.<\/p>\n<p><em>Was auf dem Spiel steht<\/em><br \/>\nDie heute betonte Versorgungssicherheit beantwortet nicht die entscheidende Frage: Wird Deutschland auch k\u00fcnftig zu jeder Zeit \u00fcber ausreichend gesicherte Leistung verf\u00fcgen?<br \/>\nEnergie ist das Lebenselixier jeder Volkswirtschaft. Das Angebot an Energie muss sich nach der Nachfrage von Wirtschaft und Gesellschaft richten \u2013 nicht umgekehrt. F\u00fcr eine Industrienation darf Energie niemals zum limitierenden Faktor werden.<\/p>\n<p><em>Folgen f\u00fcr Unternehmen<\/em><br \/>\nDer Strompreis ist das eine. Die Verf\u00fcgbarkeit ist das andere. Unternehmen m\u00fcssen sich k\u00fcnftig fragen: Erhalten wir rechtzeitig einen Netzanschluss? Steht ausreichend gesicherte Leistung zur Verf\u00fcgung? K\u00f6nnen wir produzieren, wenn Kunden bestellen? Nach den vorliegenden Informationen verbleiben die wirtschaftlichen Folgen angeordneter Produktionsreduzierungen grunds\u00e4tzlich beim Unternehmen. Der Staat verteilt den Mangel und privatisiert dessen Sch\u00e4den.<\/p>\n<p><em>Signal an den Standort<\/em><br \/>\nDas sendet mitten in der Wirtschaftskrise ein toxisches Signal nach innen und nach au\u00dfen. Investoren lesen keine Sonntagsreden. Sie bewerten Strompreise, Netzanschl\u00fcsse, Energieverf\u00fcgbarkeit, Abschaltrisiken und die Verl\u00e4sslichkeit eines Standorts. Internationale Kunden bewerten Lieferf\u00e4higkeit. Energieknappheit als dauerhaftes Betriebsmodell kennt man aus Schwellen- und Entwicklungsl\u00e4ndern \u2013 nicht aus einer der f\u00fchrenden Industrienationen der Welt.<\/p>\n<p><em>Forderungen<\/em><br \/>\nNetzanschluss und Energieversorgung d\u00fcrfen kein politisches Gnadenrecht werden. Die Aufgabe des Staates ist es, eine jederzeit sichere Energieversorgung als Teil der \u00f6ffentlichen Daseinsvorsorge zu gew\u00e4hrleisten. Deshalb darf kein weiteres steuerbares Kraftwerk endg\u00fcltig vom Netz gehen, bevor gleichwertiger Ersatz tats\u00e4chlich verf\u00fcgbar ist. Der Kohleausstieg muss angesichts der beschriebenen Risiken verschoben werden, bis ausreichend gesicherte Ersatzkapazit\u00e4ten bereitstehen.<br \/>\nEs darf keine ideologischen Denkverbote mehr geben. Alle Optionen m\u00fcssen auf den Tisch.<br \/>\nErst Ersatz schaffen. Dann abschalten. Nicht umgekehrt. Jetzt sind Unternehmen, Wirtschaftsverb\u00e4nde, Kammern und Gewerkschaften gefordert. Wer heute schweigt, darf sich morgen nicht \u00fcber Produktionsstillst\u00e4nde, Investitionsverlagerungen und verlorene Arbeitspl\u00e4tze beklagen. Man hat diesem Land die Energie genommen \u2013 im wahrsten Sinne des Wortes.<br \/>\n5.8.2026<br \/>\n<a href=\"https:\/\/media.base44.com\/files\/public\/6a43b2cab09c1ecb920b5abb\/31e47d547_IZW_Stellungnahme_Sicherheitsplattform_Strom_Kurzfassung.pdf\">https:\/\/media.base44.com\/files\/public\/6a43b2cab09c1ecb920b5abb\/31e47d547_IZW_Stellungnahme_Sicherheitsplattform_Strom_Kurzfassung.pdf<\/a><br \/>\n<a href=\"https:\/\/zukunft-wirtschaft.de\/medien-positionen\">https:\/\/zukunft-wirtschaft.de\/medien-positionen<\/a><br \/>\n.<br \/>\nInitiative Zukunft Wirtschaft IZW<br \/>\n<a href=\"https:\/\/zukunft-wirtschaft.de\/\">https:\/\/zukunft-wirtschaft.de\/<\/a><\/p>\n<p>&nbsp;<\/p>\n","protected":false},"excerpt":{"rendered":"<p>Home\u00a0&gt;Energie\u00a0&gt;Energiepolitik\u00a0&gt;Energiewende &gt;Erneuerbare &gt;Energiemix Listenauswahl eines Beitrags: Entweder anklicken oder nach unten scrollen\u00a0 IZW warnt vor Energie Endgame\u00a0(16.8.2026) Zur Sicherheitsplattform Strom &#8211; Stellungnahme EZW Energieversorgung (5.8.2026) Energiemix statt Ideologie (1.1.2025) Atomausstieg Biomasse\u00a0 Blackout Contracting Dunkelflaute EEG EIKE E-Mobil Energietechnik Erneuerbare100Prozent Energiemix &hellip; <a href=\"https:\/\/www.freiburg-schwarzwald.de\/blog\/energie\/energiemix\/\">Weiterlesen <span class=\"meta-nav\">&rarr;<\/span><\/a><\/p>\n","protected":false},"author":2,"featured_media":0,"parent":15,"menu_order":0,"comment_status":"closed","ping_status":"closed","template":"","meta":{"footnotes":""},"class_list":["post-152732","page","type-page","status-publish","hentry"],"_links":{"self":[{"href":"https:\/\/www.freiburg-schwarzwald.de\/blog\/wp-json\/wp\/v2\/pages\/152732","targetHints":{"allow":["GET"]}}],"collection":[{"href":"https:\/\/www.freiburg-schwarzwald.de\/blog\/wp-json\/wp\/v2\/pages"}],"about":[{"href":"https:\/\/www.freiburg-schwarzwald.de\/blog\/wp-json\/wp\/v2\/types\/page"}],"author":[{"embeddable":true,"href":"https:\/\/www.freiburg-schwarzwald.de\/blog\/wp-json\/wp\/v2\/users\/2"}],"replies":[{"embeddable":true,"href":"https:\/\/www.freiburg-schwarzwald.de\/blog\/wp-json\/wp\/v2\/comments?post=152732"}],"version-history":[{"count":5,"href":"https:\/\/www.freiburg-schwarzwald.de\/blog\/wp-json\/wp\/v2\/pages\/152732\/revisions"}],"predecessor-version":[{"id":152751,"href":"https:\/\/www.freiburg-schwarzwald.de\/blog\/wp-json\/wp\/v2\/pages\/152732\/revisions\/152751"}],"up":[{"embeddable":true,"href":"https:\/\/www.freiburg-schwarzwald.de\/blog\/wp-json\/wp\/v2\/pages\/15"}],"wp:attachment":[{"href":"https:\/\/www.freiburg-schwarzwald.de\/blog\/wp-json\/wp\/v2\/media?parent=152732"}],"curies":[{"name":"wp","href":"https:\/\/api.w.org\/{rel}","templated":true}]}}

<p><a href="https://www.freiburg-schwarzwald.de/blog">Home</a> &gt;<a title="Energie" href="https://www.freiburg-schwarzwald.de/blog/energie/">Energie</a> &gt;<a title="Energiepolitik" href="https://www.freiburg-schwarzwald.de/blog/energie/energiepolitik/">Energiepolitik</a> &gt;<a href="https://www.freiburg-schwarzwald.de/blog/energie/energiewende/">Energiewende</a> &gt;<a href="https://www.freiburg-schwarzwald.de/blog/energie/erneuerbare/">Erneuerbare</a> &gt;Energiemix</p>
<div id="attachment_152748" style="width: 649px" class="wp-caption alignnone"><a href="https://www.freiburg-schwarzwald.de/blog/wp-content/uploads/2026/08/baumhalb-und-halb-pan280816.jpg"><img loading="lazy" decoding="async" aria-describedby="caption-attachment-152748" class="size-full wp-image-152748" src="https://www.freiburg-schwarzwald.de/blog/wp-content/uploads/2026/08/baumhalb-und-halb-pan280816.jpg" alt="" width="639" height="402" srcset="https://www.freiburg-schwarzwald.de/blog/wp-content/uploads/2026/08/baumhalb-und-halb-pan280816.jpg 639w, https://www.freiburg-schwarzwald.de/blog/wp-content/uploads/2026/08/baumhalb-und-halb-pan280816-180x113.jpg 180w" sizes="auto, (max-width: 639px) 100vw, 639px" /></a><p id="caption-attachment-152748" class="wp-caption-text">Baum halb lebend und halb morsch gefallen am 15.8.2025</p></div>
<ul>
<li><em>Listenauswahl eines Beitrags: Entweder <span style="text-decoration: underline;">anklicken</span> oder nach unten scrollen </em></li>
<li><a href="https://www.freiburg-schwarzwald.de/blog/izw-warnt-vor-energie-endgame/">IZW warnt vor Energie Endgame</a> (16.8.2026)</li>
<li>Zur Sicherheitsplattform Strom &#8211; Stellungnahme EZW Energieversorgung (5.8.2026)</li>
<li><a href="https://www.freiburg-schwarzwald.de/blog/energiemix-statt-ideologie/">Energiemix statt Ideologie</a> (1.1.2025)</li>
</ul>
<ul>
<li><a href="https://www.freiburg-schwarzwald.de/blog/energie/akw/atomausstieg/">Atomausstieg</a></li>
<li><a title="Biomasse" href="https://www.freiburg-schwarzwald.de/blog/energie/biomasse/">Biomasse </a></li>
<li><a title="Blackout" href="https://www.freiburg-schwarzwald.de/blog/energie/strom/blackout/">Blackout</a></li>
<li><a title="Contracting" href="https://www.freiburg-schwarzwald.de/blog/energie/contracting/">Contracting</a></li>
<li><a href="https://www.freiburg-schwarzwald.de/blog/energie/strom/dunkelflaute/">Dunkelflaute</a></li>
<li><a title="EEG" href="https://www.freiburg-schwarzwald.de/blog/energie/strom/eeg/">EEG</a></li>
<li><a href="https://www.freiburg-schwarzwald.de/blog/energie/energiepolitik/eike/">EIKE</a></li>
<li><a title="E-Mobil" href="https://www.freiburg-schwarzwald.de/blog/regio/verkehr/e-mobil/">E-Mobil</a></li>
<li><a href="https://www.freiburg-schwarzwald.de/blog/energie/energietechnik/">Energietechnik</a></li>
<li><a href="https://www.freiburg-schwarzwald.de/blog/energie/energiepolitik/erneuerbare100prozent/">Erneuerbare100Prozent</a></li>
<li><a href="https://www.freiburg-schwarzwald.de/blog/energie/energiemix/">Energiemix</a></li>
<li><a title="Energiepolitik" href="https://www.freiburg-schwarzwald.de/blog/energie/energiepolitik/">Energiepolitik</a></li>
<li><a title="Energiesparen" href="https://www.freiburg-schwarzwald.de/blog/energie/energiesparen/">Energiesparen</a></li>
<li><a href="https://www.freiburg-schwarzwald.de/blog/energie/energiewende/energiewende-gescheitert/">Energiewende-gescheitert</a></li>
<li><a href="https://www.freiburg-schwarzwald.de/blog/energie/energiewende/energie-kurskorrektur/">Energie-Kurskorrektur</a></li>
<li><a title="Exergie" href="https://www.freiburg-schwarzwald.de/blog/energie/exergie/">Exergie</a></li>
<li><a title="Fracking" href="https://www.freiburg-schwarzwald.de/blog/energie/fracking/">Fracking</a></li>
<li><a href="https://www.freiburg-schwarzwald.de/blog/energie/heizung/">Heizung</a></li>
<li><a href="https://www.freiburg-schwarzwald.de/blog/energie/akw/kernkraft/">Kernkraft</a></li>
<li><a title="Klimawandel" href="https://www.freiburg-schwarzwald.de/blog/natur/klima/klimawandel/">Klimawandel</a></li>
<li><a href="https://www.freiburg-schwarzwald.de/blog/energie/strom/licht-statt-strom/">Licht-statt-Strom</a></li>
<li><a title="LOHC" href="https://www.freiburg-schwarzwald.de/blog/energie/wasserstoff/lohc/">LOHC – Trägerflüssigkeit für H2</a></li>
<li><a href="https://www.freiburg-schwarzwald.de/blog/natur/klima/nachhaltigkeit/">Nachhaltigkeit</a></li>
<li><a href="https://www.freiburg-schwarzwald.de/blog/energie/energiewende/oekorealismus/">Ökorealismus</a></li>
<li><a href="https://www.freiburg-schwarzwald.de/blog/energie/strom/stromzeitalter/">Stromzeitalter</a></li>
<li><a href="https://www.freiburg-schwarzwald.de/blog/energie/wind/windkraft/">Windkraft</a></li>
</ul>
<p><strong>Energiemix</strong><br />
<strong>&#8230;. aus erneuerbaren Energien, Kernkraft und fossilen Energien</strong><br />
=============================================================</p>
<p>&#8211;</p>
<p><strong>Zur Sicherheitsplattform Strom &#8211; Stellungnahme EZW Energieversorgung</strong><br />
<strong>Krisenvorsorge ja. Staatlich verwalteter Strommangel nein.</strong><br />
Einordnung der <a href="https://www.freiburg-schwarzwald.de/blog/izw-warnt-vor-energie-endgame/">IZW</a> Kurzfassung</p>
<p>Eine Industrienation braucht belastbare Vorsorge für Stromausfälle und Versorgungskrisen – unabhängig von ihrer Ursache. Es ist eher verwunderlich, dass Deutschland bislang über keine zentrale Plattform verfügte, um Behörden, Netzbetreiber und Großverbraucher im Ernstfall zu koordinieren. Eine solche Vorsorge hätte es längst geben müssen. Doch notwendige Krisenvorsorge darf nicht zum Beruhigungsteppich über einem strukturellen Versorgungsproblem werden. Die Sicherheitsplattform Strom verhindert keinen Mangel. Sie organisiert seine staatliche Bewirtschaftung.</p>
<p><em>Die wirtschaftspolitische Fehlreihenfolge</em><br />
Deutschland hat gesicherte, jederzeit verfügbare Kraftwerksleistung abgeschaltet, ohne rechtzeitig gleichwertigen Ersatz zu schaffen. Gleichzeitig wurde wetterabhängige Erzeugung massiv ausgebaut und der Strombedarf durch Elektrifizierung, Digitalisierung, Rechenzentren und Künstliche Intelligenz weiter erhöht.<br />
• Gesicherte Leistung abschalten.<br />
• Den Ersatz verschleppen.<br />
• Den Strombedarf erhöhen.<br />
• Netzanschlüsse priorisieren.<br />
• Im Mangelfall industrielle Produktion reduzieren.<br />
Wenn man ein Drehbuch für Wohlstandsvernichtung und Deindustrialisierung schreiben wollte, sähe es genau so aus.</p>
<p><em>Was auf dem Spiel steht</em><br />
Die heute betonte Versorgungssicherheit beantwortet nicht die entscheidende Frage: Wird Deutschland auch künftig zu jeder Zeit über ausreichend gesicherte Leistung verfügen?<br />
Energie ist das Lebenselixier jeder Volkswirtschaft. Das Angebot an Energie muss sich nach der Nachfrage von Wirtschaft und Gesellschaft richten – nicht umgekehrt. Für eine Industrienation darf Energie niemals zum limitierenden Faktor werden.</p>
<p><em>Folgen für Unternehmen</em><br />
Der Strompreis ist das eine. Die Verfügbarkeit ist das andere. Unternehmen müssen sich künftig fragen: Erhalten wir rechtzeitig einen Netzanschluss? Steht ausreichend gesicherte Leistung zur Verfügung? Können wir produzieren, wenn Kunden bestellen? Nach den vorliegenden Informationen verbleiben die wirtschaftlichen Folgen angeordneter Produktionsreduzierungen grundsätzlich beim Unternehmen. Der Staat verteilt den Mangel und privatisiert dessen Schäden.</p>
<p><em>Signal an den Standort</em><br />
Das sendet mitten in der Wirtschaftskrise ein toxisches Signal nach innen und nach außen. Investoren lesen keine Sonntagsreden. Sie bewerten Strompreise, Netzanschlüsse, Energieverfügbarkeit, Abschaltrisiken und die Verlässlichkeit eines Standorts. Internationale Kunden bewerten Lieferfähigkeit. Energieknappheit als dauerhaftes Betriebsmodell kennt man aus Schwellen- und Entwicklungsländern – nicht aus einer der führenden Industrienationen der Welt.</p>
<p><em>Forderungen</em><br />
Netzanschluss und Energieversorgung dürfen kein politisches Gnadenrecht werden. Die Aufgabe des Staates ist es, eine jederzeit sichere Energieversorgung als Teil der öffentlichen Daseinsvorsorge zu gewährleisten. Deshalb darf kein weiteres steuerbares Kraftwerk endgültig vom Netz gehen, bevor gleichwertiger Ersatz tatsächlich verfügbar ist. Der Kohleausstieg muss angesichts der beschriebenen Risiken verschoben werden, bis ausreichend gesicherte Ersatzkapazitäten bereitstehen.<br />
Es darf keine ideologischen Denkverbote mehr geben. Alle Optionen müssen auf den Tisch.<br />
Erst Ersatz schaffen. Dann abschalten. Nicht umgekehrt. Jetzt sind Unternehmen, Wirtschaftsverbände, Kammern und Gewerkschaften gefordert. Wer heute schweigt, darf sich morgen nicht über Produktionsstillstände, Investitionsverlagerungen und verlorene Arbeitsplätze beklagen. Man hat diesem Land die Energie genommen – im wahrsten Sinne des Wortes.<br />
5.8.2026<br />
<a href="https://media.base44.com/files/public/6a43b2cab09c1ecb920b5abb/31e47d547_IZW_Stellungnahme_Sicherheitsplattform_Strom_Kurzfassung.pdf">https://media.base44.com/files/public/6a43b2cab09c1ecb920b5abb/31e47d547_IZW_Stellungnahme_Sicherheitsplattform_Strom_Kurzfassung.pdf</a><br />
<a href="https://zukunft-wirtschaft.de/medien-positionen">https://zukunft-wirtschaft.de/medien-positionen</a><br />
.<br />
Initiative Zukunft Wirtschaft IZW<br />
<a href="https://zukunft-wirtschaft.de/">https://zukunft-wirtschaft.de/</a></p>
<p>&nbsp;</p>
