{"id":148594,"date":"2026-05-03T08:36:16","date_gmt":"2026-05-03T06:36:16","guid":{"rendered":"https:\/\/www.freiburg-schwarzwald.de\/blog\/?page_id=148594"},"modified":"2026-05-03T08:57:53","modified_gmt":"2026-05-03T06:57:53","slug":"schuldunfaehigkeit","status":"publish","type":"page","link":"https:\/\/www.freiburg-schwarzwald.de\/blog\/selbsthilfe\/psyche\/psychiatrie\/schuldunfaehigkeit\/","title":{"rendered":"Schuldunf\u00e4higkeit"},"content":{"rendered":"<p>Home &gt;<a title=\"Business\" href=\"https:\/\/www.freiburg-schwarzwald.de\/blog\/business\">Business<\/a>\u00a0&gt;<a title=\"Selbsthilfe\" href=\"https:\/\/www.freiburg-schwarzwald.de\/blog\/selbsthilfe\/\">Selbsthilfe<\/a>\u00a0&gt;<a title=\"Gesund\" href=\"https:\/\/www.freiburg-schwarzwald.de\/blog\/business\/gesund\/\">Gesund<\/a>\u00a0&gt;<a title=\"Psyche\" href=\"https:\/\/www.freiburg-schwarzwald.de\/blog\/selbsthilfe\/psyche\/\">Psyche<\/a> &gt;<a href=\"https:\/\/www.freiburg-schwarzwald.de\/blog\/selbsthilfe\/psyche\/psychiatrie\/\">Psychiatrie<\/a> &gt;Schuldunf\u00e4higkeit<\/p>\n<div id=\"attachment_138926\" style=\"width: 648px\" class=\"wp-caption alignnone\"><a href=\"https:\/\/www.freiburg-schwarzwald.de\/blog\/wp-content\/uploads\/2025\/08\/liana-bahnmord-friedlend-pan250907.jpg\"><img loading=\"lazy\" decoding=\"async\" aria-describedby=\"caption-attachment-138926\" class=\"size-full wp-image-138926\" src=\"https:\/\/www.freiburg-schwarzwald.de\/blog\/wp-content\/uploads\/2025\/08\/liana-bahnmord-friedlend-pan250907.jpg\" alt=\"\" width=\"638\" height=\"415\" srcset=\"https:\/\/www.freiburg-schwarzwald.de\/blog\/wp-content\/uploads\/2025\/08\/liana-bahnmord-friedlend-pan250907.jpg 638w, https:\/\/www.freiburg-schwarzwald.de\/blog\/wp-content\/uploads\/2025\/08\/liana-bahnmord-friedlend-pan250907-180x117.jpg 180w\" sizes=\"auto, (max-width: 638px) 100vw, 638px\" \/><\/a><p id=\"caption-attachment-138926\" class=\"wp-caption-text\">Mutter der ins Bahngleis gestossenen Liana K. in Friedland 4.9.2025<\/p><\/div>\n<p>&nbsp;<\/p>\n<ul>\n<li><em>Listenauswahl eines Beitrags (Artikel\/Datum, Seite\/Inhalt): <span style=\"text-decoration: underline;\">Klicken<\/span> oder scrollen<\/em><\/li>\n<li>Liana K. (16) ist tot, Ihr M\u00f6rder in der Psychiatrie: Warum sch\u00fctzt unser Staat seine B\u00fcrger nicht vor importierter Gewalt? (30.4.2026)<\/li>\n<li><a href=\"https:\/\/www.freiburg-schwarzwald.de\/blog\/iraker-stoesst-liana-16-vor-zug\/\">Iraker st\u00f6\u00dft Liane (16) vor Zug<\/a> (30.8.2025)<\/li>\n<li><a href=\"https:\/\/www.freiburg-schwarzwald.de\/blog\/selbsthilfe\/psyche\/psychiatrie\/\">Holger Meins: Die Krankheiten der Attent\u00e4ter von W\u00fcrzburg und Hanau<\/a> (7.8.2021)<\/li>\n<li><\/li>\n<li><a href=\"https:\/\/www.freiburg-schwarzwald.de\/blog\/global\/integration\/fluechtlinge-kriminalitaet\/\">Fl\u00fcchtlinge-Kriminalit\u00e4t<\/a><\/li>\n<\/ul>\n<p>&nbsp;<\/p>\n<p><strong>Liana K. (16) ist tot, Ihr M\u00f6rder in der Psychiatrie: Warum sch\u00fctzt unser Staat seine B\u00fcrger nicht vor importierter Gewalt?<\/strong><br \/>\nWenn ein Mensch krank ist, dann ist er krank. Basta! Das gilt auch f\u00fcr Straft\u00e4ter. Die Diskussion ist gestern wieder hochgekocht, nachdem ein Gericht den Mann, der im Sommer 2025 die 16-j\u00e4hrige Liana K. vor einen Zug gesto\u00dfen und damit get\u00f6tet hat, in die Psychiatrie statt ins Gef\u00e4ngnis eingewiesen hat.<br \/>\nDie minderj\u00e4hrige Ukrainerin, die zusammen mit ihrer Mutter 2022 nach dem russischen Angriff auf ihre Heimat nach Deutschland geflohen ist, war zur falschen Zeit am falschen Ort. Liana K. starb am 11. August gegen 16 Uhr am Bahnhof in Friedland (Landkreis G\u00f6ttingen). Sie war mit dem Kopf gegen einen durchfahrenden G\u00fcterzug gesto\u00dfen worden und auf der Stelle tot.<br \/>\nDas G\u00f6ttinger Tageblatt schrieb damals in der \u00dcberschrift: \u201eT\u00f6dlicher Unfall: 16-J\u00e4hrige am Bahnhof Friedland von Zug erfasst\u201c. Aber es war gar kein \u201eUnfall\u201c.<br \/>\nDas M\u00e4dchen hatte zuvor eine Ausbildung zur Zahnarzthelferin begonnen. Wie w\u00e4hrend der Verhandlung deutlich wurde, hatte sie an ihrem Todestag gerade eine Wohnung in Friedland gefunden. T\u00e4ter ist der 31-j\u00e4hrige Mohammed A.. Er stellte im Jahr 2022 einen Asylantrag in Deutschland, der z\u00fcgig abgelehnt wurde. Zum Tatzeitpunkt war er \u201evollziehbar ausreisepflichtig\u201c \u2013 wie so viele.<br \/>\nF\u00fcr die Polizei war der Mann kein Unbekannter. Wegen eines Sexualdelikts war er bereits vorbestraft. Als er das M\u00e4dchen t\u00f6tete, liefen drei weitere Strafverfahren gegen A., was den Beh\u00f6rden aber damals nicht klar war, da er falsche Namen benutzte.<\/p>\n<p><em>Ein Fall, wie es sie in Deutschland immer wieder gibt<\/em><br \/>\nDenken Sie an den staatenlosen Pal\u00e4stinenser Ibrahim A., der 2023 in einem Regionalzug zwei junge Menschen (17 und 19) mit einem Messer t\u00f6tete und weitere schwer verletzte. Mehrfach vorbestraft. Er h\u00e4tte eigentlich l\u00e4ngst abgeschoben werden m\u00fcssen, aber es fehlten Adressdaten.<br \/>\nDenken Sie an Anis Amri, der bei einem islamistischen Terroranschlag auf den Berlner Breitscheidplatz 12 Menschen t\u00f6tete und Dutzende weitere schwer verletzte. Der Tunesier h\u00e4tte abgeschoben werden m\u00fcssen, aber Tunesien hatte \u00fcber Monate die Ausstellung von Ersatzpapieren verweigert.<br \/>\nDenken Sie an Abdul D., abgelehnter Asylbewerber aus Afghanistan, der die 15-j\u00e4hrige Mia V. vor einem Drogeriemarkt in Kandel erstach. L\u00e4ngst ausreisepflichtig, aber wie Hunderttausende weitere von unserem gro\u00dfz\u00fcgigen und ach so toleranten Land geduldet.<br \/>\n\u201eWir gehen davon aus, dass Herr A. gef\u00e4hrlich ist f\u00fcr die Allgemeinheit\u201c, sagte der Vorsitzende Richter bei der Urteilsverk\u00fcndung im Fall Liana K. am Mittwoch. F\u00fcr ihn werde die Unterbringung in einem psychiatrischen Krankenhaus angeordnet.<br \/>\nJa, davon gehen wir alle aus. Aber es gibt weitere Gef\u00e4hrliche f\u00fcr die Allgemeinheit da drau\u00dfen.<br \/>\nUnd es gibt auch bedauerliche Einzelf\u00e4lle, in denen geb\u00fcrtige Einheimische psychisch erkrankt waren und schwere Gewalttaten ver\u00fcbten. Wer an Schizophrenie und anderen Psychosen oder schweren Pers\u00f6nlichkeitsst\u00f6rungen leidet, vielleicht noch Drogen oder Alkohol konsumiert hat, ist eine tickende Zeitbombe. Und man sieht es den Menschen ja nicht an. Absolute Sicherheit kann es (leider) nicht geben.<br \/>\nAber Liana K. w\u00fcrde noch leben, wenn unser Staat einfach die eigenen Gesetze durchgesetzt h\u00e4tte. So wie die Toten vom Breitscheidplatz oder Mia V. noch leben w\u00fcrden. Es geht in diesem Fall nicht um ein Krankheitsbild, es geht um Staats-, mindestens aber Beh\u00f6rdenversagen.<br \/>\nUnd es geht um Vertuschung, betrieben von linken politischen Parteien und NGOs, die wir auch noch mit unseren Steuergeldern finanzieren m\u00fcssen.<br \/>\nIn der Polizeilichen Kriminalstatistik (PKS) werden n\u00e4mlich Gewaltdelikte durch psychisch kranke T\u00e4ter nicht gesondert ausgewiesen. Offizieller Grund ist der Datenschutz. Man wolle psychisch kranke Menschen schlie\u00dflich nicht stigmatisieren. Dass M\u00f6rder und Totschl\u00e4ger \u00fcberhaupt als psychisch gest\u00f6rt eingestuft werden, erf\u00e4hrt die \u00d6ffentlichkeit in der Regel \u00fcberhaupt erst im Gerichtsverfahren, wenn Verteidiger von ihren Gutachtern forensische Expertise vortragen lassen.<br \/>\nMein Thema ist hier aber nicht die Frage, weshalb Menschen die Kontrolle \u00fcber sich verlieren und t\u00f6ten. Oder ob sie vorher Frustrationen erlebten oder ihre vorherige Flucht kompensieren mussten.<br \/>\nIch will, dass diese Leute am besten gar nicht in dieses Land einreisen d\u00fcrfen, und wenn sie abgelehnt wurden, weil sie nach unseren Gesetzen kein Asylrecht in Anspruch nehmen k\u00f6nnen, dass sie dann wenigstens z\u00fcgig und konsequent abgeschoben werden.<br \/>\n.<br \/>\n<em>Und wenn ihre Herkunftsl\u00e4nder sie nicht wieder aufnehmen wollen?<\/em><br \/>\nIst mir egal, dann mietet ein Reservat irgendwo in einer d\u00fcnn besiedelten Enklave. Versorgt sie, betreut sie, gebt ihnen meinetwegen eine Lebensperspektive, wenn sie daran mitarbeiten wollen. Aber sch\u00fctzt endlich die Menschen vor M\u00f6rdern wie Amri oder psychisch gest\u00f6rten Totschl\u00e4gern wie Mohammed A.! Sch\u00fctzt sie vor massenweise importierter Gewalt!<br \/>\nLiana K. hat niemandem etwas zuleide getan \u2013 ein junges M\u00e4dchen, dem schrecklichen Krieg entkommen. Sie hat unsere Sprache gelernt, eine Ausbildung begonnen. Sie hatte das ganze Leben vor sich. Und nun ist sie tot, und ihre Mutter wird bis ans Lebensende nie wieder unbeschwert sein k\u00f6nnen.<br \/>\nWeil dieser Staat, weil Politik und Beh\u00f6rden nicht f\u00e4hig sind, das Richtige zu tun.<br \/>\n&#8230; Alles vom 30.4.2026 von Klaus Kelle bitte lesen auf<br \/>\n<a href=\"https:\/\/denken-erwuenscht.com\/liana-k-16-ist-tot-ihr-moerder-in-der-psychiatrie-warum-schuetzt-unser-staat-seine-buerger-nicht-vor-importierter-gewalt\/\">https:\/\/denken-erwuenscht.com\/liana-k-16-ist-tot-ihr-moerder-in-der-psychiatrie-warum-schuetzt-unser-staat-seine-buerger-nicht-vor-importierter-gewalt\/<\/a><\/p>\n<p>&nbsp;<\/p>\n","protected":false},"excerpt":{"rendered":"<p>Home &gt;Business\u00a0&gt;Selbsthilfe\u00a0&gt;Gesund\u00a0&gt;Psyche &gt;Psychiatrie &gt;Schuldunf\u00e4higkeit &nbsp; Listenauswahl eines Beitrags (Artikel\/Datum, Seite\/Inhalt): Klicken oder scrollen Liana K. (16) ist tot, Ihr M\u00f6rder in der Psychiatrie: Warum sch\u00fctzt unser Staat seine B\u00fcrger nicht vor importierter Gewalt? (30.4.2026) Iraker st\u00f6\u00dft Liane (16) vor Zug &hellip; <a href=\"https:\/\/www.freiburg-schwarzwald.de\/blog\/selbsthilfe\/psyche\/psychiatrie\/schuldunfaehigkeit\/\">Weiterlesen <span class=\"meta-nav\">&rarr;<\/span><\/a><\/p>\n","protected":false},"author":2,"featured_media":0,"parent":17369,"menu_order":0,"comment_status":"closed","ping_status":"closed","template":"","meta":{"footnotes":""},"class_list":["post-148594","page","type-page","status-publish","hentry"],"_links":{"self":[{"href":"https:\/\/www.freiburg-schwarzwald.de\/blog\/wp-json\/wp\/v2\/pages\/148594","targetHints":{"allow":["GET"]}}],"collection":[{"href":"https:\/\/www.freiburg-schwarzwald.de\/blog\/wp-json\/wp\/v2\/pages"}],"about":[{"href":"https:\/\/www.freiburg-schwarzwald.de\/blog\/wp-json\/wp\/v2\/types\/page"}],"author":[{"embeddable":true,"href":"https:\/\/www.freiburg-schwarzwald.de\/blog\/wp-json\/wp\/v2\/users\/2"}],"replies":[{"embeddable":true,"href":"https:\/\/www.freiburg-schwarzwald.de\/blog\/wp-json\/wp\/v2\/comments?post=148594"}],"version-history":[{"count":5,"href":"https:\/\/www.freiburg-schwarzwald.de\/blog\/wp-json\/wp\/v2\/pages\/148594\/revisions"}],"predecessor-version":[{"id":148617,"href":"https:\/\/www.freiburg-schwarzwald.de\/blog\/wp-json\/wp\/v2\/pages\/148594\/revisions\/148617"}],"up":[{"embeddable":true,"href":"https:\/\/www.freiburg-schwarzwald.de\/blog\/wp-json\/wp\/v2\/pages\/17369"}],"wp:attachment":[{"href":"https:\/\/www.freiburg-schwarzwald.de\/blog\/wp-json\/wp\/v2\/media?parent=148594"}],"curies":[{"name":"wp","href":"https:\/\/api.w.org\/{rel}","templated":true}]}}