{"id":145177,"date":"2026-02-02T21:40:54","date_gmt":"2026-02-02T20:40:54","guid":{"rendered":"https:\/\/www.freiburg-schwarzwald.de\/blog\/?page_id=145177"},"modified":"2026-02-02T22:09:34","modified_gmt":"2026-02-02T21:09:34","slug":"kontrollwahn","status":"publish","type":"page","link":"https:\/\/www.freiburg-schwarzwald.de\/blog\/engagement\/zukunft\/demokratie\/staatsversagen\/kontrollwahn\/","title":{"rendered":"Kontrollwahn"},"content":{"rendered":"<p><a href=\"https:\/\/freiburg-schwarzwald.de\/blog\">Home<\/a>\u00a0&gt;<a title=\"Engagement\" href=\"https:\/\/www.freiburg-schwarzwald.de\/blog\/engagement\/\">Engagement<\/a> &gt;<a title=\"Demokratie\" href=\"https:\/\/www.freiburg-schwarzwald.de\/blog\/engagement\/zukunft\/demokratie\/\">Demokratie<\/a>\u00a0&gt;<a title=\"Staatsversagen\" href=\"https:\/\/www.freiburg-schwarzwald.de\/blog\/engagement\/zukunft\/demokratie\/staatsversagen\/\">Staatsversagen<\/a> &gt;<a href=\"https:\/\/www.freiburg-schwarzwald.de\/blog\/engagement\/zukunft\/demokratie\/kontrollverlust\/\">Kontrollverlust<\/a> &gt;Kontrollwahn<\/p>\n<div id=\"attachment_134852\" style=\"width: 650px\" class=\"wp-caption alignnone\"><a href=\"https:\/\/www.freiburg-schwarzwald.de\/blog\/wp-content\/uploads\/2025\/06\/migration-renten-2015-2025-pan.jpg\"><img loading=\"lazy\" decoding=\"async\" aria-describedby=\"caption-attachment-134852\" class=\"size-full wp-image-134852\" src=\"https:\/\/www.freiburg-schwarzwald.de\/blog\/wp-content\/uploads\/2025\/06\/migration-renten-2015-2025-pan.jpg\" alt=\"\" width=\"640\" height=\"406\" srcset=\"https:\/\/www.freiburg-schwarzwald.de\/blog\/wp-content\/uploads\/2025\/06\/migration-renten-2015-2025-pan.jpg 640w, https:\/\/www.freiburg-schwarzwald.de\/blog\/wp-content\/uploads\/2025\/06\/migration-renten-2015-2025-pan-180x114.jpg 180w\" sizes=\"auto, (max-width: 640px) 100vw, 640px\" \/><\/a><p id=\"caption-attachment-134852\" class=\"wp-caption-text\">Einwanderung\/Migration und Renten\/Demografie 2015 und 2025<\/p><\/div>\n<ul>\n<li><em>Listenauswahl eines Beitrags (Artikel\/Datum, Seite\/Inhalt): <span style=\"text-decoration: underline;\">Klicken<\/span> oder scrollen<\/em><\/li>\n<li>20 Euro Strafe \u2013 f\u00fcr die falsche Farbe der Parkscheibe (2.2.2026)<\/li>\n<li><a href=\"https:\/\/www.freiburg-schwarzwald.de\/blog\/global\/migration\/arbeitsmigration\/\">Migration: Fachkr\u00e4fte vergraulen, Schmarotzer hofieren<\/a>\u00a0(2.2.2026)<\/li>\n<\/ul>\n<p>&nbsp;<\/p>\n<p><strong>20 Euro Strafe \u2013 f\u00fcr die falsche Farbe der Parkscheibe<\/strong><br \/>\n&#8230; \u201eServicepost: In Deutschland bekommt man f\u00fcr eine pinke Parkscheibe 20\u20ac Verwarnungsgeld. Meiner Tochter in der Stadt Braunschweig so passiert.\u201c<br \/>\n&#8230;<br \/>\nDie Parkscheibe \u201eist 110 mm breit, 150 mm hoch und besteht aus zwei Bildebenen\u201c. Und: \u201eZiffern und Schrift sind nach DIN 1451, Teil 2 \u201aSchrift f\u00fcr den Stra\u00dfenverkehr\u2018, die Farben nach DIN 6171 \u201aAufsichtsfarben f\u00fcr Verkehrszeichen\u2018 auszuf\u00fchren.\u201c Bedeutet: In der DIN-Norm wird der Blauton genau vorgegeben.<br \/>\nWas f\u00fcr eine Welt. <strong><em>Da gibt es im deutschen Recht keine klar definierte<\/em> <a href=\"https:\/\/www.freiburg-schwarzwald.de\/blog\/global\/integration\/obergrenze\/\">Obergrenze<\/a> f\u00fcr illegale Einwanderung \u2013 aber einen exakt vorgeschriebenen Blauton f\u00fcr Parkscheiben.<\/strong> Ziffern nach DIN 1451. Farbe nach DIN 6171. Format: 110 mal 150 Millimeter. Wer dagegen verst\u00f6\u00dft, ist ein Fall f\u00fcr die Ordnungsmacht. Wer dagegen das Aufenthaltsrecht verletzt, ist ein Fall f\u00fcr die Duldung.<br \/>\n&#8230;<br \/>\nIn weiten Teilen Deutschlands regiert der Kontrollwahn \u2013 solange es risikolos ist. Kein Wunder: Ordnungsh\u00fcter, die bei Maskenpflicht Rentner ma\u00dfregeln oder Apfelbisse stoppen, sind weniger gef\u00e4hrdet als jene, die sich mit Clans oder Gef\u00e4hrdern anlegen. Also w\u00e4hlt man den sicheren Weg: H\u00e4rte gegen Harmlosigkeit. Diese Priorit\u00e4ten sind kein Zufall, sie zeigen ein System. Eine B\u00fcrokratie, die blind zuschl\u00e4gt, wo sie keine Gefahr wittert \u2013 und blind bleibt, wo ihr eigentlicher Auftrag w\u00e4re. Eine Verschiebung der Verantwortung: Weg vom Schutz der Gesellschaft \u2013 hin zur Kontrolle des B\u00fcrgers.<br \/>\nWarum ist das so? Weil das Formaljuristische als sicherer Hafen gilt. Weil Paragraphen Halt geben in einer Zeit, in der alles andere ins Rutschen ger\u00e4t. Und weil sich Mut am besten dort zeigt, wo er nichts kostet.<br \/>\nDiese Kombination aus Mutlosigkeit im Gro\u00dfen und Prinzipienreiterei im Kleinen hat System. Sie ist die neue deutsche Staatsraison. Eine Verwaltung, die nicht mehr dient, sondern g\u00e4ngelt \u2013 im rot-gr\u00fcnen Duktus statt im reaktion\u00e4ren von fr\u00fcher. Ein Recht, das sich von der Gerechtigkeit emanzipiert hat. Ein Geist, der l\u00e4ngst kein freiheitlicher mehr ist \u2013 sondern ein hygienisch-normativer, wie aus einem schlechten Verwaltungscomic.<br \/>\nUnd wenn Sie jetzt denken, das alles sei \u00fcbertrieben: Dann fragen Sie sich ehrlich, was wohl passiert w\u00e4re, wenn dieselbe Frau mit einer Regenbogen-Parkscheibe geparkt h\u00e4tte. Ich behaupte: Kein Ordnungsh\u00fcter h\u00e4tte sich getraut, ihr einen Strafzettel zu verpassen. Denn in Deutschland gilt ein neues ungeschriebenes Gesetz: Alles ist erlaubt \u2013 solange es dem <a href=\"https:\/\/www.freiburg-schwarzwald.de\/blog\/engagement\/zeitgeist\/\">Zeitgeist<\/a> gef\u00e4llt<br \/>\n&#8230; Alles vom 2.2.2026 bitte lesen au<br \/>\n<a href=\"https:\/\/reitschuster.de\/post\/20-euro-strafe-fuer-die-falsche-farbe-der-parkscheibe\/\">https:\/\/reitschuster.de\/post\/20-euro-strafe-fuer-die-falsche-farbe-der-parkscheibe\/<\/a><br \/>\n&#8212;&#8212;&#8212;&#8212;&#8212;&#8212;&#8212;&#8211;<\/p>\n","protected":false},"excerpt":{"rendered":"<p>Home\u00a0&gt;Engagement &gt;Demokratie\u00a0&gt;Staatsversagen &gt;Kontrollverlust &gt;Kontrollwahn Listenauswahl eines Beitrags (Artikel\/Datum, Seite\/Inhalt): Klicken oder scrollen 20 Euro Strafe \u2013 f\u00fcr die falsche Farbe der Parkscheibe (2.2.2026) Migration: Fachkr\u00e4fte vergraulen, Schmarotzer hofieren\u00a0(2.2.2026) &nbsp; 20 Euro Strafe \u2013 f\u00fcr die falsche Farbe der Parkscheibe &#8230; &hellip; <a href=\"https:\/\/www.freiburg-schwarzwald.de\/blog\/engagement\/zukunft\/demokratie\/staatsversagen\/kontrollwahn\/\">Weiterlesen <span class=\"meta-nav\">&rarr;<\/span><\/a><\/p>\n","protected":false},"author":2,"featured_media":0,"parent":63939,"menu_order":0,"comment_status":"closed","ping_status":"closed","template":"","meta":{"footnotes":""},"class_list":["post-145177","page","type-page","status-publish","hentry"],"_links":{"self":[{"href":"https:\/\/www.freiburg-schwarzwald.de\/blog\/wp-json\/wp\/v2\/pages\/145177","targetHints":{"allow":["GET"]}}],"collection":[{"href":"https:\/\/www.freiburg-schwarzwald.de\/blog\/wp-json\/wp\/v2\/pages"}],"about":[{"href":"https:\/\/www.freiburg-schwarzwald.de\/blog\/wp-json\/wp\/v2\/types\/page"}],"author":[{"embeddable":true,"href":"https:\/\/www.freiburg-schwarzwald.de\/blog\/wp-json\/wp\/v2\/users\/2"}],"replies":[{"embeddable":true,"href":"https:\/\/www.freiburg-schwarzwald.de\/blog\/wp-json\/wp\/v2\/comments?post=145177"}],"version-history":[{"count":5,"href":"https:\/\/www.freiburg-schwarzwald.de\/blog\/wp-json\/wp\/v2\/pages\/145177\/revisions"}],"predecessor-version":[{"id":145201,"href":"https:\/\/www.freiburg-schwarzwald.de\/blog\/wp-json\/wp\/v2\/pages\/145177\/revisions\/145201"}],"up":[{"embeddable":true,"href":"https:\/\/www.freiburg-schwarzwald.de\/blog\/wp-json\/wp\/v2\/pages\/63939"}],"wp:attachment":[{"href":"https:\/\/www.freiburg-schwarzwald.de\/blog\/wp-json\/wp\/v2\/media?parent=145177"}],"curies":[{"name":"wp","href":"https:\/\/api.w.org\/{rel}","templated":true}]}}