{"id":145152,"date":"2026-02-02T17:14:41","date_gmt":"2026-02-02T16:14:41","guid":{"rendered":"https:\/\/www.freiburg-schwarzwald.de\/blog\/?page_id=145152"},"modified":"2026-03-15T15:40:11","modified_gmt":"2026-03-15T14:40:11","slug":"kulturkampf-d","status":"publish","type":"page","link":"https:\/\/www.freiburg-schwarzwald.de\/blog\/kultur\/kulturkampf\/kulturkampf-d\/","title":{"rendered":"Kulturkampf-D"},"content":{"rendered":"<p><a href=\"https:\/\/www.freiburg-schwarzwald.de\/blog\">Home<\/a>\u00a0&gt;<a title=\"Kultur\" href=\"https:\/\/www.freiburg-schwarzwald.de\/blog\/kultur\/\">Kultur<\/a>\u00a0&gt;<a href=\"https:\/\/www.freiburg-schwarzwald.de\/blog\/kultur\/leitkultur\/\">Leitkultur<\/a>\u00a0&gt;<a href=\"https:\/\/www.freiburg-schwarzwald.de\/blog\/global\/migration\/migration2021\/\">Migration<\/a>\u00a0&gt;<a href=\"https:\/\/www.freiburg-schwarzwald.de\/blog\/kultur\/kulturkampf\/\">Kulturkampf<\/a> &gt;<a href=\"https:\/\/www.freiburg-schwarzwald.de\/blog\/kultur\/kulturkampf\/landnahme\/\">Landnahme<\/a> &gt;Kulturkampf-D<\/p>\n<div id=\"attachment_145046\" style=\"width: 649px\" class=\"wp-caption alignnone\"><a href=\"https:\/\/www.freiburg-schwarzwald.de\/blog\/wp-content\/uploads\/2026\/02\/jueterbog-brandenburg-remigration262901pan.jpg\"><img loading=\"lazy\" decoding=\"async\" aria-describedby=\"caption-attachment-145046\" class=\"size-full wp-image-145046\" src=\"https:\/\/www.freiburg-schwarzwald.de\/blog\/wp-content\/uploads\/2026\/02\/jueterbog-brandenburg-remigration262901pan.jpg\" alt=\"\" width=\"639\" height=\"394\" srcset=\"https:\/\/www.freiburg-schwarzwald.de\/blog\/wp-content\/uploads\/2026\/02\/jueterbog-brandenburg-remigration262901pan.jpg 639w, https:\/\/www.freiburg-schwarzwald.de\/blog\/wp-content\/uploads\/2026\/02\/jueterbog-brandenburg-remigration262901pan-180x111.jpg 180w\" sizes=\"auto, (max-width: 639px) 100vw, 639px\" \/><\/a><p id=\"caption-attachment-145046\" class=\"wp-caption-text\">J\u00fcterborg in Brandenburg 29.1.2026: Remigration braucht Diskussionskultur<\/p><\/div>\n<ul>\n<li><em>Listenauswahl eines Beitrags: Bitte\u00a0anklicken\u00a0oder runterscrollen<\/em><\/li>\n<li><a href=\"https:\/\/www.freiburg-schwarzwald.de\/blog\/kultur\/kunst\/kuenstler-proteste\/\">Sarah Maria Sander. Die Schauspielerin hat sich zu einer der h\u00e4rtesten Ankl\u00e4gerinnen der linken Kulturszene entwickelt<\/a> (13.3.2026)<\/li>\n<li>Verwaltungsgericht K\u00f6ln: Verbot von Muezzinruf und Kopftuch gegen Menschenw\u00fcrde (28.2.2025)<\/li>\n<li><a href=\"https:\/\/www.freiburg-schwarzwald.de\/blog\/kulturkampf-minnesota-usa-eu\/\">Kulturkampf: Minnesota USA EU<\/a>\u00a0(2.2.2026)<\/li>\n<li><a href=\"https:\/\/www.freiburg-schwarzwald.de\/blog\/kultur\/kulturkampf\/kulturkampf-usa\/\">AstroTurf-Gruppen: Professionell organisierte linke US-Proteste<\/a>\u00a0(1.2.2026)<\/li>\n<li><a href=\"https:\/\/www.freiburg-schwarzwald.de\/blog\/kultur\/kulturkampf\/kulturkampf-usa\/\">Wenn Trump scheitert, ist der Westen Geschichte<\/a>\u00a0(31.1.2026)<\/li>\n<\/ul>\n<ul>\n<li><a href=\"https:\/\/www.freiburg-schwarzwald.de\/blog\/global\/deutschland\/deutschenhass\/\">Deutschenhass<\/a><\/li>\n<li><a href=\"https:\/\/www.freiburg-schwarzwald.de\/blog\/engagement\/zukunft\/demokratie\/volk\/einheimische\/\">Einheimische<\/a><\/li>\n<li><a href=\"https:\/\/www.freiburg-schwarzwald.de\/blog\/bildung\/hochschulen\/hochschulen-links\/\">Hochschulen-links<\/a><\/li>\n<li><a href=\"https:\/\/www.freiburg-schwarzwald.de\/blog\/engagement\/zukunft\/demokratie\/islamogauchisme\/\">islamoGauchisme<\/a><\/li>\n<li><a href=\"https:\/\/www.freiburg-schwarzwald.de\/blog\/kultur\/kulturelle-aneignung\/\">Kulturelle-Aneignung<\/a><\/li>\n<li><a href=\"https:\/\/www.freiburg-schwarzwald.de\/blog\/kultur\/kulturkampf\/kulturkampf-usa\/\">Kulturkampf-USA<\/a><\/li>\n<li><a href=\"https:\/\/www.freiburg-schwarzwald.de\/blog\/kultur\/kulturkampf\/kulturkampf-d\/\">Kulturkampf-D<\/a><\/li>\n<li><a href=\"https:\/\/www.freiburg-schwarzwald.de\/blog\/kultur\/kulturstaatsminister\/\">Kulturstaatsminister<\/a><\/li>\n<li><a href=\"https:\/\/www.freiburg-schwarzwald.de\/blog\/kultur\/kulturkampf\/landnahme\/\">Landnahme<\/a><\/li>\n<li><a href=\"https:\/\/www.freiburg-schwarzwald.de\/blog\/kultur\/kulturkampf\/migranten-deutsche\/\">Migranten-Deutsche<\/a><\/li>\n<li><a href=\"https:\/\/www.freiburg-schwarzwald.de\/blog\/kultur\/kulturverlust\/prole-drift\/\">Prole-Drift<\/a><\/li>\n<li><a href=\"https:\/\/www.freiburg-schwarzwald.de\/blog\/kultur\/musik\/rap\/\">Rap<\/a><\/li>\n<li><a href=\"https:\/\/www.freiburg-schwarzwald.de\/blog\/global\/deutschland\/verwahrlosung\/\">Verwahrlosung<\/a><\/li>\n<\/ul>\n<p>&nbsp;<\/p>\n<p><strong>Verwaltungsgericht K\u00f6ln: Verbot von Muezzinruf und Kopftuch gegen Menschenw\u00fcrde<\/strong><br \/>\nWelche AfD-Forderungen widersprechen nun aber in menschenw\u00fcrdewidriger Weise den Grundrechten der Glaubensfreiheit und der ungest\u00f6rten Religionsaus\u00fcbung?<br \/>\nTextauszug des Gerichtsurteils zur Aufhebung\u00a0 <a href=\"https:\/\/www.freiburg-schwarzwald.de\/blog\/nicht-gesichert-rechtsextrem\/\">AfD gesichert-rechtsextrem<\/a>:<br \/>\n<em>\u201eIn das Bundestagswahlprogramm 2025 der Antragstellerin (also der AfD) wurden zumindest zwei konkrete Forderungen im Sinne einer Diskriminierung von Personen islamischen Glaubens aufgenommen. So sind nach dem Bundestagswahlprogramm der Antragstellerin \u201ader Bau von Minaretten und der Muezzinruf [\u2026] zu untersagen\u2019 und ein \u201aKopftuchverbot in \u00f6ffentlichen Einrichtungen und insbesondere in Schulen nach dem Vorbild anderer europ\u00e4ischer L\u00e4nder\u2019 anzustreben. Diese Forderungen aus dem Bundestagswahlprogramm 2025 der Antragstellerin ber\u00fchren die verfassungsrechtlich gew\u00e4hrleistete Menschenw\u00fcrde von Personen islamischen Glaubens, da diese im Sinne einer geschlossenen Gruppe besonderen Verbotsregeln unterworfen werden sollen, welche auf Personen au\u00dferhalb dieser Gruppe keine Anwendung finden. Der dahingehend bestehende starke Verdacht wird auch durch der Antragstellerin zurechenbare abwertende \u00c4u\u00dferungen begr\u00fcndet, die kein konkretes Ziel benennen, aber zu dem Schluss n\u00f6tigen, dass auch deutsche Staatsangeh\u00f6rige islamischen Glaubens nicht als gleichwertige Mitglieder der Gesellschaft angesehen werden.\u201d<br \/>\n<\/em><br \/>\nDas Grundgesetz sch\u00fctzt also angeblich religi\u00f6s begr\u00fcndete Praktiken wie den Muezzinruf und das Kopftuch, die beide die Unterwerfung unter den einzigen wahren Gott fordern bzw. bezeugen und \u00fcberdies die kulturelle Nichtzugeh\u00f6rigkeit derer, die diesem Ruf folgen und das Tuch tragen, zu den urspr\u00fcnglichen Bewohnern Deutschlands signalisieren, seien es nun Christen, Juden oder Heiden. Eine kopftuchtragende Frau teilt ihrer Umwelt mit, dass sie (in 99,9 Prozent der F\u00e4lle) f\u00fcr Un- bzw. Falschgl\u00e4ubige als Partnerin nicht in Frage kommt und nur muslimische Kinder geb\u00e4ren will; der Muezzin seinerseits verk\u00fcndet, dass es keinen Gott au\u00dfer Allah gibt und Mohammed sein Prophet ist; wer das anders sieht, wird im H\u00f6rbereich dieser frommen Melismen und exkludierenden Portamenti fr\u00fcher oder sp\u00e4ter Probleme bekommen. Es gibt keinen Ort der Welt, wo der Muezzin regelm\u00e4\u00dfig zum Gebet jodelt und zugleich unver\u00e4u\u00dferliche Grundrechte gelten, wo Gewaltenteilung herrscht und die Frauen den M\u00e4nnern gleichberechtigt sind.<br \/>\nMarkiert die Verh\u00fcllung der Frauen eine optische Landnahme, so durchdringt der exotische Muezzinruf erobernd den akustischen Raum.<br \/>\n&#8230;<br \/>\nWer nun, mitten in Europa, versucht, diese theokratische Bewegung wenigstens an der Verbreitung ihrer Machtanspruchssymbole zu hindern, ist also nach neuester bundesdeutscher Rechtsauffassung ein Verfassungsfeind. Das Grundgesetz gebietet folglich seinem immer mehr, aber grundgesetzkonform in Aufl\u00f6sung begriffenen einstigen Souver\u00e4n, die Ausbreitung des Islam, mit all den entz\u00fcckenden Begleiterscheinungen wie etwa dem zunehmenden Missionierungsmobbing und erzwungenen Ramadanmithungern an den Schulen, beflissen hinzunehmen und nach Kr\u00e4ften zu f\u00f6rdern. Die Frage, ob Minarett und Muezzin f\u00fcr die private Praktizierung des islamischen Glaubens tats\u00e4chlich notwendig sind, schert die Bundesregierung so wenig wie die nach der Kompatibilit\u00e4t dieser sogenannten Religion mit dem Hl. Grundgesetz. Vielmehr biwakiert der Parteienstaat hinter der Rechtsauffassung, Islam und Christentum seien ebenb\u00fcrtig und in jedem Detail als gleichwertig zu behandeln, obwohl das Christentum die Voraussetzung des westlichen Verst\u00e4ndnisses von Individualit\u00e4t, Recht und Freiheit ist, w\u00e4hrend der Islam mit dieser Trias nichts an der Takke hat, im Gegenteil. Zwar sch\u00fctzt der Islam nirgends auf der Welt das s\u00e4kulare Recht, aber das s\u00e4kulare Recht sch\u00fctzt den Islam.<br \/>\n&#8230;<br \/>\nMit anderen Worten: Deutsche Juristen und Politiker verstehen das Grundgesetz inzwischen als einen Mechanismus der nationalen, kulturellen und zivilisatorischen Selbstzerst\u00f6rung und behandeln jeden, der sich politisch organisiert, um dieser Selbstzerst\u00f6rung Einhalt zu gebieten, als Verfassungsfeind. Ich bin geneigt, das teuflisch zu finden.<br \/>\n&#8230; Alles vom 28.2.2026 von Michael Klonovsky bitte lesen auf<br \/>\n<a href=\"https:\/\/www.klonovsky.de\/2026\/02\/28-februar-2026\/\">https:\/\/www.klonovsky.de\/2026\/02\/28-februar-2026\/<\/a><\/p>\n<p>&nbsp;<\/p>\n","protected":false},"excerpt":{"rendered":"<p>Home\u00a0&gt;Kultur\u00a0&gt;Leitkultur\u00a0&gt;Migration\u00a0&gt;Kulturkampf &gt;Landnahme &gt;Kulturkampf-D Listenauswahl eines Beitrags: Bitte\u00a0anklicken\u00a0oder runterscrollen Sarah Maria Sander. Die Schauspielerin hat sich zu einer der h\u00e4rtesten Ankl\u00e4gerinnen der linken Kulturszene entwickelt (13.3.2026) Verwaltungsgericht K\u00f6ln: Verbot von Muezzinruf und Kopftuch gegen Menschenw\u00fcrde (28.2.2025) Kulturkampf: Minnesota USA EU\u00a0(2.2.2026) AstroTurf-Gruppen: &hellip; <a href=\"https:\/\/www.freiburg-schwarzwald.de\/blog\/kultur\/kulturkampf\/kulturkampf-d\/\">Weiterlesen <span class=\"meta-nav\">&rarr;<\/span><\/a><\/p>\n","protected":false},"author":2,"featured_media":0,"parent":91729,"menu_order":0,"comment_status":"closed","ping_status":"closed","template":"","meta":{"footnotes":""},"class_list":["post-145152","page","type-page","status-publish","hentry"],"_links":{"self":[{"href":"https:\/\/www.freiburg-schwarzwald.de\/blog\/wp-json\/wp\/v2\/pages\/145152","targetHints":{"allow":["GET"]}}],"collection":[{"href":"https:\/\/www.freiburg-schwarzwald.de\/blog\/wp-json\/wp\/v2\/pages"}],"about":[{"href":"https:\/\/www.freiburg-schwarzwald.de\/blog\/wp-json\/wp\/v2\/types\/page"}],"author":[{"embeddable":true,"href":"https:\/\/www.freiburg-schwarzwald.de\/blog\/wp-json\/wp\/v2\/users\/2"}],"replies":[{"embeddable":true,"href":"https:\/\/www.freiburg-schwarzwald.de\/blog\/wp-json\/wp\/v2\/comments?post=145152"}],"version-history":[{"count":6,"href":"https:\/\/www.freiburg-schwarzwald.de\/blog\/wp-json\/wp\/v2\/pages\/145152\/revisions"}],"predecessor-version":[{"id":146763,"href":"https:\/\/www.freiburg-schwarzwald.de\/blog\/wp-json\/wp\/v2\/pages\/145152\/revisions\/146763"}],"up":[{"embeddable":true,"href":"https:\/\/www.freiburg-schwarzwald.de\/blog\/wp-json\/wp\/v2\/pages\/91729"}],"wp:attachment":[{"href":"https:\/\/www.freiburg-schwarzwald.de\/blog\/wp-json\/wp\/v2\/media?parent=145152"}],"curies":[{"name":"wp","href":"https:\/\/api.w.org\/{rel}","templated":true}]}}

<p><a href="https://www.freiburg-schwarzwald.de/blog">Home</a> &gt;<a title="Kultur" href="https://www.freiburg-schwarzwald.de/blog/kultur/">Kultur</a> &gt;<a href="https://www.freiburg-schwarzwald.de/blog/kultur/leitkultur/">Leitkultur</a> &gt;<a href="https://www.freiburg-schwarzwald.de/blog/global/migration/migration2021/">Migration</a> &gt;<a href="https://www.freiburg-schwarzwald.de/blog/kultur/kulturkampf/">Kulturkampf</a> &gt;<a href="https://www.freiburg-schwarzwald.de/blog/kultur/kulturkampf/landnahme/">Landnahme</a> &gt;Kulturkampf-D</p>
<div id="attachment_145046" style="width: 649px" class="wp-caption alignnone"><a href="https://www.freiburg-schwarzwald.de/blog/wp-content/uploads/2026/02/jueterbog-brandenburg-remigration262901pan.jpg"><img loading="lazy" decoding="async" aria-describedby="caption-attachment-145046" class="size-full wp-image-145046" src="https://www.freiburg-schwarzwald.de/blog/wp-content/uploads/2026/02/jueterbog-brandenburg-remigration262901pan.jpg" alt="" width="639" height="394" srcset="https://www.freiburg-schwarzwald.de/blog/wp-content/uploads/2026/02/jueterbog-brandenburg-remigration262901pan.jpg 639w, https://www.freiburg-schwarzwald.de/blog/wp-content/uploads/2026/02/jueterbog-brandenburg-remigration262901pan-180x111.jpg 180w" sizes="auto, (max-width: 639px) 100vw, 639px" /></a><p id="caption-attachment-145046" class="wp-caption-text">Jüterborg in Brandenburg 29.1.2026: Remigration braucht Diskussionskultur</p></div>
<ul>
<li><em>Listenauswahl eines Beitrags: Bitte anklicken oder runterscrollen</em></li>
<li><a href="https://www.freiburg-schwarzwald.de/blog/kultur/kunst/kuenstler-proteste/">Sarah Maria Sander. Die Schauspielerin hat sich zu einer der härtesten Anklägerinnen der linken Kulturszene entwickelt</a> (13.3.2026)</li>
<li>Verwaltungsgericht Köln: Verbot von Muezzinruf und Kopftuch gegen Menschenwürde (28.2.2025)</li>
<li><a href="https://www.freiburg-schwarzwald.de/blog/kulturkampf-minnesota-usa-eu/">Kulturkampf: Minnesota USA EU</a> (2.2.2026)</li>
<li><a href="https://www.freiburg-schwarzwald.de/blog/kultur/kulturkampf/kulturkampf-usa/">AstroTurf-Gruppen: Professionell organisierte linke US-Proteste</a> (1.2.2026)</li>
<li><a href="https://www.freiburg-schwarzwald.de/blog/kultur/kulturkampf/kulturkampf-usa/">Wenn Trump scheitert, ist der Westen Geschichte</a> (31.1.2026)</li>
</ul>
<ul>
<li><a href="https://www.freiburg-schwarzwald.de/blog/global/deutschland/deutschenhass/">Deutschenhass</a></li>
<li><a href="https://www.freiburg-schwarzwald.de/blog/engagement/zukunft/demokratie/volk/einheimische/">Einheimische</a></li>
<li><a href="https://www.freiburg-schwarzwald.de/blog/bildung/hochschulen/hochschulen-links/">Hochschulen-links</a></li>
<li><a href="https://www.freiburg-schwarzwald.de/blog/engagement/zukunft/demokratie/islamogauchisme/">islamoGauchisme</a></li>
<li><a href="https://www.freiburg-schwarzwald.de/blog/kultur/kulturelle-aneignung/">Kulturelle-Aneignung</a></li>
<li><a href="https://www.freiburg-schwarzwald.de/blog/kultur/kulturkampf/kulturkampf-usa/">Kulturkampf-USA</a></li>
<li><a href="https://www.freiburg-schwarzwald.de/blog/kultur/kulturkampf/kulturkampf-d/">Kulturkampf-D</a></li>
<li><a href="https://www.freiburg-schwarzwald.de/blog/kultur/kulturstaatsminister/">Kulturstaatsminister</a></li>
<li><a href="https://www.freiburg-schwarzwald.de/blog/kultur/kulturkampf/landnahme/">Landnahme</a></li>
<li><a href="https://www.freiburg-schwarzwald.de/blog/kultur/kulturkampf/migranten-deutsche/">Migranten-Deutsche</a></li>
<li><a href="https://www.freiburg-schwarzwald.de/blog/kultur/kulturverlust/prole-drift/">Prole-Drift</a></li>
<li><a href="https://www.freiburg-schwarzwald.de/blog/kultur/musik/rap/">Rap</a></li>
<li><a href="https://www.freiburg-schwarzwald.de/blog/global/deutschland/verwahrlosung/">Verwahrlosung</a></li>
</ul>
<p>&nbsp;</p>
<p><strong>Verwaltungsgericht Köln: Verbot von Muezzinruf und Kopftuch gegen Menschenwürde</strong><br />
Welche AfD-Forderungen widersprechen nun aber in menschenwürdewidriger Weise den Grundrechten der Glaubensfreiheit und der ungestörten Religionsausübung?<br />
Textauszug des Gerichtsurteils zur Aufhebung  <a href="https://www.freiburg-schwarzwald.de/blog/nicht-gesichert-rechtsextrem/">AfD gesichert-rechtsextrem</a>:<br />
<em>„In das Bundestagswahlprogramm 2025 der Antragstellerin (also der AfD) wurden zumindest zwei konkrete Forderungen im Sinne einer Diskriminierung von Personen islamischen Glaubens aufgenommen. So sind nach dem Bundestagswahlprogramm der Antragstellerin ‚der Bau von Minaretten und der Muezzinruf […] zu untersagen’ und ein ‚Kopftuchverbot in öffentlichen Einrichtungen und insbesondere in Schulen nach dem Vorbild anderer europäischer Länder’ anzustreben. Diese Forderungen aus dem Bundestagswahlprogramm 2025 der Antragstellerin berühren die verfassungsrechtlich gewährleistete Menschenwürde von Personen islamischen Glaubens, da diese im Sinne einer geschlossenen Gruppe besonderen Verbotsregeln unterworfen werden sollen, welche auf Personen außerhalb dieser Gruppe keine Anwendung finden. Der dahingehend bestehende starke Verdacht wird auch durch der Antragstellerin zurechenbare abwertende Äußerungen begründet, die kein konkretes Ziel benennen, aber zu dem Schluss nötigen, dass auch deutsche Staatsangehörige islamischen Glaubens nicht als gleichwertige Mitglieder der Gesellschaft angesehen werden.”<br />
</em><br />
Das Grundgesetz schützt also angeblich religiös begründete Praktiken wie den Muezzinruf und das Kopftuch, die beide die Unterwerfung unter den einzigen wahren Gott fordern bzw. bezeugen und überdies die kulturelle Nichtzugehörigkeit derer, die diesem Ruf folgen und das Tuch tragen, zu den ursprünglichen Bewohnern Deutschlands signalisieren, seien es nun Christen, Juden oder Heiden. Eine kopftuchtragende Frau teilt ihrer Umwelt mit, dass sie (in 99,9 Prozent der Fälle) für Un- bzw. Falschgläubige als Partnerin nicht in Frage kommt und nur muslimische Kinder gebären will; der Muezzin seinerseits verkündet, dass es keinen Gott außer Allah gibt und Mohammed sein Prophet ist; wer das anders sieht, wird im Hörbereich dieser frommen Melismen und exkludierenden Portamenti früher oder später Probleme bekommen. Es gibt keinen Ort der Welt, wo der Muezzin regelmäßig zum Gebet jodelt und zugleich unveräußerliche Grundrechte gelten, wo Gewaltenteilung herrscht und die Frauen den Männern gleichberechtigt sind.<br />
Markiert die Verhüllung der Frauen eine optische Landnahme, so durchdringt der exotische Muezzinruf erobernd den akustischen Raum.<br />
&#8230;<br />
Wer nun, mitten in Europa, versucht, diese theokratische Bewegung wenigstens an der Verbreitung ihrer Machtanspruchssymbole zu hindern, ist also nach neuester bundesdeutscher Rechtsauffassung ein Verfassungsfeind. Das Grundgesetz gebietet folglich seinem immer mehr, aber grundgesetzkonform in Auflösung begriffenen einstigen Souverän, die Ausbreitung des Islam, mit all den entzückenden Begleiterscheinungen wie etwa dem zunehmenden Missionierungsmobbing und erzwungenen Ramadanmithungern an den Schulen, beflissen hinzunehmen und nach Kräften zu fördern. Die Frage, ob Minarett und Muezzin für die private Praktizierung des islamischen Glaubens tatsächlich notwendig sind, schert die Bundesregierung so wenig wie die nach der Kompatibilität dieser sogenannten Religion mit dem Hl. Grundgesetz. Vielmehr biwakiert der Parteienstaat hinter der Rechtsauffassung, Islam und Christentum seien ebenbürtig und in jedem Detail als gleichwertig zu behandeln, obwohl das Christentum die Voraussetzung des westlichen Verständnisses von Individualität, Recht und Freiheit ist, während der Islam mit dieser Trias nichts an der Takke hat, im Gegenteil. Zwar schützt der Islam nirgends auf der Welt das säkulare Recht, aber das säkulare Recht schützt den Islam.<br />
&#8230;<br />
Mit anderen Worten: Deutsche Juristen und Politiker verstehen das Grundgesetz inzwischen als einen Mechanismus der nationalen, kulturellen und zivilisatorischen Selbstzerstörung und behandeln jeden, der sich politisch organisiert, um dieser Selbstzerstörung Einhalt zu gebieten, als Verfassungsfeind. Ich bin geneigt, das teuflisch zu finden.<br />
&#8230; Alles vom 28.2.2026 von Michael Klonovsky bitte lesen auf<br />
<a href="https://www.klonovsky.de/2026/02/28-februar-2026/">https://www.klonovsky.de/2026/02/28-februar-2026/</a></p>
<p>&nbsp;</p>

<p>Home &gt;Kultur &gt;Leitkultur &gt;Migration &gt;Kulturkampf &gt;Landnahme &gt;Kulturkampf-D Listenauswahl eines Beitrags: Bitte anklicken oder runterscrollen Sarah Maria Sander. Die Schauspielerin hat sich zu einer der härtesten Anklägerinnen der linken Kulturszene entwickelt (13.3.2026) Verwaltungsgericht Köln: Verbot von Muezzinruf und Kopftuch gegen Menschenwürde (28.2.2025) Kulturkampf: Minnesota USA EU (2.2.2026) AstroTurf-Gruppen: &hellip; <a href="https://www.freiburg-schwarzwald.de/blog/kultur/kulturkampf/kulturkampf-d/">Weiterlesen <span class="meta-nav">&rarr;</span></a></p>
