{"id":144994,"date":"2026-01-30T14:24:57","date_gmt":"2026-01-30T13:24:57","guid":{"rendered":"https:\/\/www.freiburg-schwarzwald.de\/blog\/?page_id=144994"},"modified":"2026-02-01T09:01:10","modified_gmt":"2026-02-01T08:01:10","slug":"aufschwung","status":"publish","type":"page","link":"https:\/\/www.freiburg-schwarzwald.de\/blog\/business\/volkswirtschaft\/aufschwung\/","title":{"rendered":"Aufschwung"},"content":{"rendered":"<p><a href=\"https:\/\/www.freiburg-schwarzwald.de\/blog\">Home<\/a> \u00a0&gt;<a title=\"Business\" href=\"https:\/\/www.freiburg-schwarzwald.de\/blog\/business\/\">Business<\/a>\u00a0&gt;<a title=\"Wachstum\" href=\"https:\/\/www.freiburg-schwarzwald.de\/blog\/engagement\/zukunft\/wachstum\/\">Wachstum<\/a>\u00a0&gt;<a href=\"https:\/\/www.freiburg-schwarzwald.de\/blog\/business\/volkswirtschaft\/\">Volkswirtschaft<\/a>\u00a0&gt;<a href=\"https:\/\/www.freiburg-schwarzwald.de\/blog\/business\/rezession\/\">Rezession<\/a> &gt;<a href=\"https:\/\/www.freiburg-schwarzwald.de\/blog\/business\/volkswirtschaft\/niedergang\/\">Niedergang<\/a> &gt;Aufschwung<\/p>\n<div id=\"attachment_144971\" style=\"width: 650px\" class=\"wp-caption alignnone\"><a href=\"https:\/\/www.freiburg-schwarzwald.de\/blog\/wp-content\/uploads\/2026\/01\/beschaeftigung-privat-staat2016-2025pan.jpg\"><img loading=\"lazy\" decoding=\"async\" aria-describedby=\"caption-attachment-144971\" class=\"size-full wp-image-144971\" src=\"https:\/\/www.freiburg-schwarzwald.de\/blog\/wp-content\/uploads\/2026\/01\/beschaeftigung-privat-staat2016-2025pan.jpg\" alt=\"\" width=\"640\" height=\"440\" srcset=\"https:\/\/www.freiburg-schwarzwald.de\/blog\/wp-content\/uploads\/2026\/01\/beschaeftigung-privat-staat2016-2025pan.jpg 640w, https:\/\/www.freiburg-schwarzwald.de\/blog\/wp-content\/uploads\/2026\/01\/beschaeftigung-privat-staat2016-2025pan-180x124.jpg 180w\" sizes=\"auto, (max-width: 640px) 100vw, 640px\" \/><\/a><p id=\"caption-attachment-144971\" class=\"wp-caption-text\">Besch\u00e4ftigung 2016-2025: Verlust im privaten und Zunahme im staatlichen Sektor<\/p><\/div>\n<p>Merz verkauft uns die gelbe Linie als als Aufschwung und die gr\u00fcne Linie als stabile Gesamtbesch\u00e4ftigung. Das ist <a href=\"https:\/\/www.freiburg-schwarzwald.de\/blog\/kultur\/medien\/desinformation\/\">Desinformation<\/a>! Wirtschaftsaufschwung ist nur \u00fcber eine Trendumkehr der blauen Linie m\u00f6glich, d.h. \u00fcber das Wachstum der wertsch\u00f6pfenden Privatwirtschaft.<br \/>\nDerzeit w\u00e4chst die Kluft zwischen gelb und blau, immer mehr Menschen wechseln vom wertsch\u00f6pfenden Industriesektor (blau) in den von diesem (oder Schulden) finanzierten staatlichen Sektor. Eine katastrophale Entwicklung in 2026.<br \/>\n==============================================================<\/p>\n<ul>\n<li><em>Listenauswahl eines Beitrags (Artikel\/Datum, Seite\/Inhalt): <span style=\"text-decoration: underline;\">Klicken<\/span> oder scrollen<\/em><\/li>\n<li><a href=\"https:\/\/www.freiburg-schwarzwald.de\/blog\/global\/deutschland\/deutschland-russland\/\">Deutschland braucht Energie aus Russland!<\/a>\u00a0(27.1.2026)<\/li>\n<li>Der Wirtschaftsaufschwung funktioniert nur \u00fcber die Mittelstandsunternehmen (29.1.2026)<\/li>\n<\/ul>\n<ul>\n<li><a href=\"https:\/\/www.freiburg-schwarzwald.de\/blog\/regio\/verkehr\/auto\/\">Autoindustrie<\/a><\/li>\n<li><a href=\"https:\/\/www.freiburg-schwarzwald.de\/blog\/global\/globalisierung\/bigtech\/\">BigTech<\/a><\/li>\n<li><a href=\"https:\/\/www.freiburg-schwarzwald.de\/blog\/chemie\/\">Chemieindustrie<\/a><\/li>\n<li><a title=\"Corona-Virus\" href=\"https:\/\/www.freiburg-schwarzwald.de\/blog\/business\/gesund\/corona-virus\/\">Corona-Virus<\/a><\/li>\n<li><a href=\"https:\/\/www.freiburg-schwarzwald.de\/blog\/energie\/energiekosten\/\">Energiekosten<\/a><\/li>\n<li><a href=\"https:\/\/www.freiburg-schwarzwald.de\/blog\/energie\/rohstoffe\/fossil\/\">fossil<\/a><\/li>\n<li><a href=\"https:\/\/www.freiburg-schwarzwald.de\/blog\/business\/volkswirtschaft\/gruene-oekonomie\/\">Gruene-Oekonomie<\/a><\/li>\n<li><a href=\"https:\/\/www.freiburg-schwarzwald.de\/blog\/business\/industrie\/industrie-lobby\/\">Industrie-Lobby<\/a><\/li>\n<li><a href=\"https:\/\/www.freiburg-schwarzwald.de\/blog\/business\/industrie\/industrie2024\/\">Industrie2024<\/a><\/li>\n<li><a href=\"https:\/\/www.freiburg-schwarzwald.de\/blog\/global\/deutschland\/klimarettung\/\">Klimarettung<\/a><\/li>\n<li><a href=\"https:\/\/www.freiburg-schwarzwald.de\/blog\/business\/volkswirtschaft\/oekonomie\/\">Oekonomie<\/a><\/li>\n<li><a href=\"https:\/\/www.freiburg-schwarzwald.de\/blog\/business\/industrie\/produktionsverlagerung\/\">Produktionsverlagerung<\/a><\/li>\n<li><a href=\"https:\/\/www.freiburg-schwarzwald.de\/blog\/business\/industrie\/deindustrialisierung\/reindustrialisierung\/\">Reindustrialisierung<\/a><\/li>\n<li><a href=\"https:\/\/www.freiburg-schwarzwald.de\/blog\/tourismus\/gastro\/gasthaus\/stahl\/\">Stahlindustrie<\/a><\/li>\n<li><a href=\"https:\/\/www.freiburg-schwarzwald.de\/blog\/energie\/strom\/strommangel\/\">Strommangel<\/a><\/li>\n<li><a href=\"https:\/\/www.freiburg-schwarzwald.de\/blog\/business\/industrie\/mittelstand\/unternehmer\/\">Unternehmer<\/a><\/li>\n<li><a href=\"https:\/\/www.freiburg-schwarzwald.de\/blog\/engagement\/zukunft\/demokratie\/unterschicht\/\">Unterschicht<\/a><\/li>\n<li><a title=\"Wirtschaft\" href=\"https:\/\/www.freiburg-schwarzwald.de\/blog\/business\/wirtschaft\/\">Wirtschaft<\/a><\/li>\n<li><a href=\"https:\/\/www.freiburg-schwarzwald.de\/blog\/global\/globalisierung\/world-ranking\/\">World-Ranking<\/a><\/li>\n<\/ul>\n<p>&nbsp;<\/p>\n<p><strong>Der Wirtschaftsaufschwung funktioniert nur \u00fcber die Mittelstandsunternehmen<\/strong><br \/>\nAlles reden von Politikwende und propagieren den Wirtschaftsaufschwung, aber er kommt nicht.\u00a0 Wie Eberhard Hamer in seinem Beitrag &#8222;Gibt es ein Zur\u00fcck aus der <a href=\"https:\/\/www.freiburg-schwarzwald.de\/blog\/global\/deutschland\/gesellschaft\/anspruchsgesellschaft\/\">Anspruchsgesellschaft<\/a>?&#8220; vom 10.10.2025 beschreibt, kann der Aufschwung nicht \u00fcber sozialistisch zentralisierte <a href=\"https:\/\/www.freiburg-schwarzwald.de\/blog\/engagement\/zukunft\/planwirtschaft\/\">Planwirtschaft<\/a> (SPD, Edzard Reuter) , Gro\u00dfkonzerne (Helmut Kohl) oder\u00a0 Kriegswirtschaft (Friedrich Merz) angesto\u00dfen werden, sondern nur \u00fcber die F\u00f6rderung der <a href=\"https:\/\/www.freiburg-schwarzwald.de\/blog\/business\/industrie\/mittelstand\/mittelstandsunternehmen\/\">Mittelstandsunternehmer<\/a> (<a href=\"https:\/\/www.freiburg-schwarzwald.de\/blog\/engagement\/zukunft\/demokratie\/freie-marktwirtschaft\/\">Ludwig Erhard<\/a>):<br \/>\n.<br \/>\n&#8222;Ludwig Erhard wusste, dass Wirtschaftsaufschwung mit Begeisterung und Leistungswillen der Unternehmer anf\u00e4ngt, also eine pers\u00f6nliche Einstellung der Unternehmer ist. Mit seiner \u201eSeelenmassage\u201c hat er versucht, den Unternehmern Optimismus zu vermitteln, ihre Rahmendaten zu verbessern und hat auf diese Weise ein einmaliges \u201eWirtschaftswunder\u201c geschaffen.<br \/>\nKohl hat die Wiedervereinigung mit Kapital-Milliarden an die \u2013 meist ausl\u00e4ndischen \u2013 Gro\u00dfkonzern in den neuen Bundesl\u00e4ndern zu erreichen versucht und ist gescheitert. Ein ausreichender Mittelstand ist dort heute noch nicht aufgebaut.<br \/>\nDie neue Bundesregierung unter Merz hat ebenfalls Milliarden Subventionen nur f\u00fcr die Konzerne vorgesehen und glaubt, damit Wirtschaftsaufschwung erreichen zu k\u00f6nnen.<\/p>\n<p>Mittelstandsf\u00f6rderung ist im neuen Koalitionsvertrag nicht vorgesehen und f\u00fcr den Mittelstand glaubhafte Politiker noch weniger. Die Rezession wird deshalb weitergehen, weil der Leistungswille aller Bev\u00f6lkerungsgruppen bis zum Unternehmer durch die wie eine Krake in die Gesellschaft gedrungene Staatsmentalit\u00e4t und Staatsverantwortung abgel\u00f6st wurde.<br \/>\nDie Masse der Menschen glaubt nicht mehr, ihr Gl\u00fcck aus eigener Kraft und durch eigene Leistung erreichen zu k\u00f6nnen, sondern erhofft ihre Existenz vom Staat; entweder ohne Arbeit (B\u00fcrgergeld) oder mit staatsfinanzierter Besch\u00e4ftigung (\u00f6ffentlicher Dienst) oder durch Reduktion von Arbeit (Vier Tage-Woche) und Leistung (innere K\u00fcndigung).&#8220;<br \/>\n29.1.2026<\/p>\n<p>&nbsp;<\/p>\n<p>&nbsp;<\/p>\n","protected":false},"excerpt":{"rendered":"<p>Home \u00a0&gt;Business\u00a0&gt;Wachstum\u00a0&gt;Volkswirtschaft\u00a0&gt;Rezession &gt;Niedergang &gt;Aufschwung Merz verkauft uns die gelbe Linie als als Aufschwung und die gr\u00fcne Linie als stabile Gesamtbesch\u00e4ftigung. Das ist Desinformation! Wirtschaftsaufschwung ist nur \u00fcber eine Trendumkehr der blauen Linie m\u00f6glich, d.h. \u00fcber das Wachstum der wertsch\u00f6pfenden Privatwirtschaft. &hellip; <a href=\"https:\/\/www.freiburg-schwarzwald.de\/blog\/business\/volkswirtschaft\/aufschwung\/\">Weiterlesen <span class=\"meta-nav\">&rarr;<\/span><\/a><\/p>\n","protected":false},"author":2,"featured_media":0,"parent":86107,"menu_order":0,"comment_status":"closed","ping_status":"closed","template":"","meta":{"footnotes":""},"class_list":["post-144994","page","type-page","status-publish","hentry"],"_links":{"self":[{"href":"https:\/\/www.freiburg-schwarzwald.de\/blog\/wp-json\/wp\/v2\/pages\/144994","targetHints":{"allow":["GET"]}}],"collection":[{"href":"https:\/\/www.freiburg-schwarzwald.de\/blog\/wp-json\/wp\/v2\/pages"}],"about":[{"href":"https:\/\/www.freiburg-schwarzwald.de\/blog\/wp-json\/wp\/v2\/types\/page"}],"author":[{"embeddable":true,"href":"https:\/\/www.freiburg-schwarzwald.de\/blog\/wp-json\/wp\/v2\/users\/2"}],"replies":[{"embeddable":true,"href":"https:\/\/www.freiburg-schwarzwald.de\/blog\/wp-json\/wp\/v2\/comments?post=144994"}],"version-history":[{"count":5,"href":"https:\/\/www.freiburg-schwarzwald.de\/blog\/wp-json\/wp\/v2\/pages\/144994\/revisions"}],"predecessor-version":[{"id":145058,"href":"https:\/\/www.freiburg-schwarzwald.de\/blog\/wp-json\/wp\/v2\/pages\/144994\/revisions\/145058"}],"up":[{"embeddable":true,"href":"https:\/\/www.freiburg-schwarzwald.de\/blog\/wp-json\/wp\/v2\/pages\/86107"}],"wp:attachment":[{"href":"https:\/\/www.freiburg-schwarzwald.de\/blog\/wp-json\/wp\/v2\/media?parent=144994"}],"curies":[{"name":"wp","href":"https:\/\/api.w.org\/{rel}","templated":true}]}}