{"id":144370,"date":"2026-01-17T13:33:40","date_gmt":"2026-01-17T12:33:40","guid":{"rendered":"https:\/\/www.freiburg-schwarzwald.de\/blog\/?page_id=144370"},"modified":"2026-01-17T13:41:04","modified_gmt":"2026-01-17T12:41:04","slug":"ddr-geschichte","status":"publish","type":"page","link":"https:\/\/www.freiburg-schwarzwald.de\/blog\/global\/deutschland\/ddr-geschichte\/","title":{"rendered":"DDR-Geschichte"},"content":{"rendered":"<p><a href=\"https:\/\/freiburg-schwarzwald.de\/blog\">Home<\/a> &gt;<a title=\"Demokratie\" href=\"https:\/\/www.freiburg-schwarzwald.de\/blog\/engagement\/zukunft\/demokratie\/\">Demokratie<\/a>\u00a0&gt;<a title=\"Global\" href=\"https:\/\/www.freiburg-schwarzwald.de\/blog\/global\/\">Global<\/a>\u00a0&gt;<a title=\"Deutschland\" href=\"https:\/\/www.freiburg-schwarzwald.de\/blog\/global\/deutschland\/\">Deutschland<\/a> &gt;<a href=\"https:\/\/www.freiburg-schwarzwald.de\/blog\/global\/deutschland\/deutsche-geschichte\/\">Deutsche-Geschichte<\/a> &gt;<a href=\"https:\/\/www.freiburg-schwarzwald.de\/blog\/global\/deutschland\/ddr2-0\/\">DDR2.0<\/a> &gt;DDR-Geschichte<\/p>\n<div id=\"attachment_143476\" style=\"width: 651px\" class=\"wp-caption alignnone\"><a href=\"https:\/\/www.freiburg-schwarzwald.de\/blog\/wp-content\/uploads\/2025\/12\/bildung-statt-panzer-pan251201.jpg\"><img loading=\"lazy\" decoding=\"async\" aria-describedby=\"caption-attachment-143476\" class=\"size-full wp-image-143476\" src=\"https:\/\/www.freiburg-schwarzwald.de\/blog\/wp-content\/uploads\/2025\/12\/bildung-statt-panzer-pan251201.jpg\" alt=\"\" width=\"641\" height=\"385\" srcset=\"https:\/\/www.freiburg-schwarzwald.de\/blog\/wp-content\/uploads\/2025\/12\/bildung-statt-panzer-pan251201.jpg 641w, https:\/\/www.freiburg-schwarzwald.de\/blog\/wp-content\/uploads\/2025\/12\/bildung-statt-panzer-pan251201-180x108.jpg 180w\" sizes=\"auto, (max-width: 641px) 100vw, 641px\" \/><\/a><p id=\"caption-attachment-143476\" class=\"wp-caption-text\">&#8222;Bildung statt Panzer&#8220;-Jugendbewegung gegen die Nachr\u00fcstung<\/p><\/div>\n<ul>\n<li><em>Listenauswahl eines Beitrags (Artikel\/Datum, Seite\/Inhalt): <span style=\"text-decoration: underline;\">Klicken<\/span> oder scrollen<\/em><\/li>\n<li>DDR-Geschichte soll im Lehrplan wegfallen k\u00f6nnen (16.1.2026)<\/li>\n<\/ul>\n<p>&nbsp;<\/p>\n<p>&#8222;Das Fach Geschichte w\u00e4re, seri\u00f6s unterrichtet,<br \/>\nein Bollwerk gegen Ideologien&#8220; (Josef Kraus)<br \/>\n===========================================================<\/p>\n<p><strong>DDR-Geschichte soll im Lehrplan wegfallen k\u00f6nnen<\/strong><br \/>\nAusgerechnet in Berlin, der Stadt, die wie keine andere f\u00fcr deutsche Zeitgeschichte der letzten 150 Jahre steht, in der man auf Schritt und Tritt den Hinterlassenschaften von zwei Diktaturen begegnet, sollte die Geschichte der DDR nicht mehr Pflichtgegenstand in der Oberstufe sein. Und das gef\u00f6rdert von einer CDU-gef\u00fchrten Berliner Schulbeh\u00f6rde. Die zust\u00e4ndige Senatorin rudert nun zur\u00fcck.<br \/>\n&#8230;<br \/>\n<em>Ein historischer Analphabetismus greift um sich <\/em><br \/>\n<em>\u201eBildungsnation\u201c Deutschland auf dem Weg zum Schwellenland?<\/em><br \/>\nErnsthaft: Deutschlands Sch\u00fcler sind historisch und zumal zeitgeschichtlich v\u00f6llig unterbelichtet. Sie sind zu historischen Analphabeten (gemacht) geworden. Warum? Aus ideologischen Gr\u00fcnden, denn das Fach Geschichte w\u00e4re, sofern es seri\u00f6s betrieben wird, ein Bollwerk gegen Ideologien. Das ist wohl ein Grund, warum Geschichte bei Ideologen in keinem guten Ruf steht. Sie ist unbequem, weil sie Skepsis gegen Utopien und Ideologien zu vermitteln vermag. Darum hat der Archivar Winston Smith in George Orwells 1984er Wahrheitsministerium ja die Aufgabe, Geschichte st\u00e4ndig umzuschreiben, damit sie sich den jeweils aktuellen politischen W\u00fcnschen f\u00fcgt. Geschichtspolitik nennt man so etwas.<br \/>\nFolge: Das Wissen um die DDR ist bei Alt und gerade bei Jung erschreckend defizit\u00e4r.<br \/>\n.<br \/>\nLaut fr\u00fcheren Studien des \u2013 im Dezember 2024 aufgel\u00f6sten (!) \u2013 \u201eForschungsverbundes SED-Staat\u201c der Freien Universit\u00e4t Berlin kennt mehr als die H\u00e4lfte der Sch\u00fcler das Jahr des Mauerbaus nicht. Nur jeder Dritte wei\u00df, dass die DDR die Mauer gebaut hat. Nur 27 Prozent der west- und 17 Prozent der ostdeutschen Sch\u00fcler haben Kenntnis von der Todesstrafe in der DDR. 71 Prozent aller Sch\u00fcler finden es gut, dass in der DDR jeder einen Arbeitsplatz gehabt habe. Au\u00dferdem sei es der Umwelt \u2013 und den Rentnern \u2013 dort besser gegangen als in der Bundesrepublik. An diesen Defiziten hat sich seit diesen Studien augenscheinlich nichts zu Besserem gewendet.<\/p>\n<p>Will etwa Berlin mit seiner Schulpolitik signalisieren, dass die DDR doch gar nicht schlimm war und durchaus dem Vergessen unterliegen darf? Und das in Zeiten, in der die real existierende Bundesrepublik sich Schritt f\u00fcr Schritt einer DDR 2.0 \u2013 mit Moment noch etwas mehr Wohlstand \u2013 n\u00e4hert. Und das in einer Zeit, in der die zur \u201eDIE LINKE\u201c geh\u00e4utete Rechtsnachfolgerin der vormaligen SED bundesweit jeden achten bis siebten W\u00e4hler anspricht.<br \/>\n&#8230; Alles vom 16.1.2026 von Josef Kraus bitte lesen auf<br \/>\n<a href=\"https:\/\/www.tichyseinblick.de\/kolumnen\/josef-kraus-lernen-und-bildung\/berlin-ddr-geschichte-lehrplan\/\">https:\/\/www.tichyseinblick.de\/kolumnen\/josef-kraus-lernen-und-bildung\/berlin-ddr-geschichte-lehrplan\/<\/a><\/p>\n<p>&nbsp;<\/p>\n<p>&nbsp;<\/p>\n","protected":false},"excerpt":{"rendered":"<p>Home &gt;Demokratie\u00a0&gt;Global\u00a0&gt;Deutschland &gt;Deutsche-Geschichte &gt;DDR2.0 &gt;DDR-Geschichte Listenauswahl eines Beitrags (Artikel\/Datum, Seite\/Inhalt): Klicken oder scrollen DDR-Geschichte soll im Lehrplan wegfallen k\u00f6nnen (16.1.2026) &nbsp; &#8222;Das Fach Geschichte w\u00e4re, seri\u00f6s unterrichtet, ein Bollwerk gegen Ideologien&#8220; (Josef Kraus) =========================================================== DDR-Geschichte soll im Lehrplan wegfallen k\u00f6nnen &hellip; <a href=\"https:\/\/www.freiburg-schwarzwald.de\/blog\/global\/deutschland\/ddr-geschichte\/\">Weiterlesen <span class=\"meta-nav\">&rarr;<\/span><\/a><\/p>\n","protected":false},"author":2,"featured_media":0,"parent":62490,"menu_order":0,"comment_status":"closed","ping_status":"closed","template":"","meta":{"footnotes":""},"class_list":["post-144370","page","type-page","status-publish","hentry"],"_links":{"self":[{"href":"https:\/\/www.freiburg-schwarzwald.de\/blog\/wp-json\/wp\/v2\/pages\/144370","targetHints":{"allow":["GET"]}}],"collection":[{"href":"https:\/\/www.freiburg-schwarzwald.de\/blog\/wp-json\/wp\/v2\/pages"}],"about":[{"href":"https:\/\/www.freiburg-schwarzwald.de\/blog\/wp-json\/wp\/v2\/types\/page"}],"author":[{"embeddable":true,"href":"https:\/\/www.freiburg-schwarzwald.de\/blog\/wp-json\/wp\/v2\/users\/2"}],"replies":[{"embeddable":true,"href":"https:\/\/www.freiburg-schwarzwald.de\/blog\/wp-json\/wp\/v2\/comments?post=144370"}],"version-history":[{"count":4,"href":"https:\/\/www.freiburg-schwarzwald.de\/blog\/wp-json\/wp\/v2\/pages\/144370\/revisions"}],"predecessor-version":[{"id":144374,"href":"https:\/\/www.freiburg-schwarzwald.de\/blog\/wp-json\/wp\/v2\/pages\/144370\/revisions\/144374"}],"up":[{"embeddable":true,"href":"https:\/\/www.freiburg-schwarzwald.de\/blog\/wp-json\/wp\/v2\/pages\/62490"}],"wp:attachment":[{"href":"https:\/\/www.freiburg-schwarzwald.de\/blog\/wp-json\/wp\/v2\/media?parent=144370"}],"curies":[{"name":"wp","href":"https:\/\/api.w.org\/{rel}","templated":true}]}}