{"id":143727,"date":"2026-01-06T09:29:32","date_gmt":"2026-01-06T08:29:32","guid":{"rendered":"https:\/\/www.freiburg-schwarzwald.de\/blog\/?page_id=143727"},"modified":"2026-03-17T18:34:47","modified_gmt":"2026-03-17T17:34:47","slug":"analphabetismus","status":"publish","type":"page","link":"https:\/\/www.freiburg-schwarzwald.de\/blog\/bildung\/analphabetismus\/","title":{"rendered":"Analphabetismus"},"content":{"rendered":"<p><a href=\"https:\/\/www.freiburg-schwarzwald.de\/blog\">Home<\/a>\u00a0&gt;<a title=\"Engagement\" href=\"https:\/\/www.freiburg-schwarzwald.de\/blog\/engagement\/\">Engagement<\/a>\u00a0&gt;<a title=\"Zukunft\" href=\"https:\/\/www.freiburg-schwarzwald.de\/blog\/engagement\/zukunft\/\">Zukunft\u00a0<\/a>&gt;<a title=\"Bildung\" href=\"https:\/\/www.freiburg-schwarzwald.de\/blog\/bildung\/\">Bildung<\/a> &gt;<a href=\"https:\/\/www.freiburg-schwarzwald.de\/blog\/engagement\/zukunft\/dummheit\/\">Dummheit<\/a> &gt;Analphabetismus<\/p>\n<div id=\"attachment_143729\" style=\"width: 650px\" class=\"wp-caption alignnone\"><a href=\"https:\/\/www.freiburg-schwarzwald.de\/blog\/wp-content\/uploads\/2026\/01\/dreisamtal-sonnenuntergang251231pan.jpg\"><img loading=\"lazy\" decoding=\"async\" aria-describedby=\"caption-attachment-143729\" class=\"size-full wp-image-143729\" src=\"https:\/\/www.freiburg-schwarzwald.de\/blog\/wp-content\/uploads\/2026\/01\/dreisamtal-sonnenuntergang251231pan.jpg\" alt=\"\" width=\"640\" height=\"396\" srcset=\"https:\/\/www.freiburg-schwarzwald.de\/blog\/wp-content\/uploads\/2026\/01\/dreisamtal-sonnenuntergang251231pan.jpg 640w, https:\/\/www.freiburg-schwarzwald.de\/blog\/wp-content\/uploads\/2026\/01\/dreisamtal-sonnenuntergang251231pan-180x111.jpg 180w\" sizes=\"auto, (max-width: 640px) 100vw, 640px\" \/><\/a><p id=\"caption-attachment-143729\" class=\"wp-caption-text\">Sonnenuntergang am 31.12.2025 im Dreisamtal bei Freiburg im Schwatzwald<\/p><\/div>\n<ul>\n<li><em>Listenauswahl eines Beitrags (Artikel\/Datum, Seite\/Inhalt): <span style=\"text-decoration: underline;\">Klicken <\/span>oder scrollen<\/em><\/li>\n<li><a href=\"https:\/\/www.freiburg-schwarzwald.de\/blog\/business\/dienste\/immobilien\/miete\/\">\u00d6ffentlich-rechtlicher wirtschaftlicher Analphabetismus: Miete deckt nur laufende Kosten<\/a>\u00a0(15.3.2026)<\/li>\n<li>Gering-Literalisierung statt Analphabetismus (31.12.2025)<\/li>\n<li><a href=\"https:\/\/www.freiburg-schwarzwald.de\/blog\/syrer-sind-zu-23-analphabeten\/\">Analphabetismus in Deutschland<\/a> (1.8.2018)<\/li>\n<li><a href=\"https:\/\/www.freiburg-schwarzwald.de\/blog\/syrer-sind-zu-23-analphabeten\/\">Syrer sind zu 2\/3 Analphabeten<\/a> (20.11.2015)<\/li>\n<li><a href=\"https:\/\/www.freiburg-schwarzwald.de\/blog\/oekonomie-analphabetentum\/\">\u00d6konomie-Analphabetentum<\/a> (15.2.2013)<\/li>\n<\/ul>\n<ul>\n<li><a title=\"Arroganz\" href=\"https:\/\/www.freiburg-schwarzwald.de\/blog\/engagement\/arroganz\/\">Arroganz<\/a><\/li>\n<li><a href=\"https:\/\/www.freiburg-schwarzwald.de\/blog\/bildung\/bildungsmisere\/\">Bildungsmisere<\/a><\/li>\n<li><a title=\"Consent-of-the-Governed\" href=\"https:\/\/www.freiburg-schwarzwald.de\/blog\/global\/deutschland\/consent-of-the-governed\/\">Consent of th Governed<\/a><\/li>\n<li><a title=\"Eliten\" href=\"https:\/\/www.freiburg-schwarzwald.de\/blog\/engagement\/zukunft\/demokratie\/eliten\/\">Eliten<\/a><\/li>\n<li><a title=\"Establishment\" href=\"https:\/\/www.freiburg-schwarzwald.de\/blog\/global\/deutschland\/gesellschaft\/establishment\/\">Establishment<\/a><\/li>\n<li><a title=\"Intellektuelle\" href=\"https:\/\/www.freiburg-schwarzwald.de\/blog\/global\/deutschland\/gesellschaft\/intellektuelle\/\">Intellektuelle<\/a><\/li>\n<li><a href=\"https:\/\/www.freiburg-schwarzwald.de\/blog\/bildung\/begabung\/intelligenz\/\">Intelligenz<\/a><\/li>\n<li><a href=\"https:\/\/www.freiburg-schwarzwald.de\/blog\/kultur\/medien\/kampf-gegen-rechts\/\">Kampf-gegen-rechts<\/a><\/li>\n<li><a href=\"https:\/\/www.freiburg-schwarzwald.de\/blog\/bildung\/wissenschaft\/mathematik\/\">Mathematik<\/a><\/li>\n<li><a title=\"Nation\" href=\"https:\/\/www.freiburg-schwarzwald.de\/blog\/engagement\/zukunft\/demokratie\/nation\/\">Nation<\/a><\/li>\n<li><a title=\"Moral2015\" href=\"https:\/\/www.freiburg-schwarzwald.de\/blog\/global\/deutschland\/moral2015\/\">Moral2015<\/a><\/li>\n<li><a title=\"One-World\" href=\"https:\/\/www.freiburg-schwarzwald.de\/blog\/global\/globalisierung\/one-world\/\">One-World<\/a><\/li>\n<li><a title=\"Repression\" href=\"https:\/\/www.freiburg-schwarzwald.de\/blog\/engagement\/zukunft\/demokratie\/repression\/\">Repression<\/a><\/li>\n<li><a href=\"https:\/\/www.freiburg-schwarzwald.de\/blog\/bildung\/schulen\/schulbildung\/\">Schulbildung<\/a><\/li>\n<li><a title=\"Spaltung\" href=\"https:\/\/www.freiburg-schwarzwald.de\/blog\/global\/deutschland\/spaltung\/\">Spaltung<\/a><\/li>\n<li><a href=\"https:\/\/www.freiburg-schwarzwald.de\/blog\/engagement\/zukunft\/demokratie\/staatsquote\/\">Staatsquote<\/a><\/li>\n<li><a href=\"https:\/\/www.freiburg-schwarzwald.de\/blog\/bildung\/verbloedung\/\">Verbl\u00f6dung<\/a><\/li>\n<\/ul>\n<p>&nbsp;<\/p>\n<p><strong>Gering-Literalisierung statt Analphabetismus<\/strong><br \/>\nNach der Messung des Instituts f\u00fcr Qualit\u00e4t (IQB) im Bildungswesen erreichten in diesem Jahr 34 Prozent der Neuntkl\u00e4ssler nicht einmal den ohnehin sehr niedrigen Mindeststandard in Mathematik, 25 Prozent verfehlen ihn in den Naturwissenschaften. Schon 2022 stellte das IQB fest, dass fast genauso viele Sch\u00fcler in der neunten Klasse die Minimalanforderungen an die Lesef\u00e4higkeit nicht erf\u00fcllen, 20 Prozent in Sachsen, 37,3 Prozent in Nordrhein-Westfalen und 45,8 Prozent in Bremen. Das nach Einwohnerzahl gr\u00f6\u00dfte deutsche Bundesland entl\u00e4sst also mehr als jeden dritten, der Stadtstaat fast jeden zweiten Jugendlichen als funktionellen Analphabeten. Die Analphabetenrate der Bundesrepublik liegt inzwischen bei 12 Prozent und damit nur noch knapp unter dem globalen Schnitt. Faktenfinder der ARD interviewten dazu schon 2024 eine Wissenschaftlerin, die empfahl, den Begriff \u201eAnalphabetismus\u201c nicht mehr zu benutzen und als Ersatz \u201egering literalisiert\u201c<br \/>\n<a href=\"https:\/\/www.tagesschau.de\/faktenfinder\/analphabetismus-studie-104.html\">https:\/\/www.tagesschau.de\/faktenfinder\/analphabetismus-studie-104.html<\/a><br \/>\nvorschlug. Der Hauptzweck des Interviews bestand in der gemeinsamen Aussage von Faktenfindern und Expertin, zwischen extrem schnell sinkenden Schulleistungen und Armutseinwanderung best\u00fcnde kein Zusammenhang, beziehungsweise, er sei nicht nachweisbar.<br \/>\n&#8230; Alles vom 31.12.2025 bitte lesen auf<br \/>\n<a href=\"https:\/\/www.publicomag.com\/2025\/12\/die-parallelwelt-der-anderen-als-chance-fuer-die-normalbuerger\/\">https:\/\/www.publicomag.com\/2025\/12\/die-parallelwelt-der-anderen-als-chance-fuer-die-normalbuerger\/<\/a><\/p>\n","protected":false},"excerpt":{"rendered":"<p>Home\u00a0&gt;Engagement\u00a0&gt;Zukunft\u00a0&gt;Bildung &gt;Dummheit &gt;Analphabetismus Listenauswahl eines Beitrags (Artikel\/Datum, Seite\/Inhalt): Klicken oder scrollen \u00d6ffentlich-rechtlicher wirtschaftlicher Analphabetismus: Miete deckt nur laufende Kosten\u00a0(15.3.2026) Gering-Literalisierung statt Analphabetismus (31.12.2025) Analphabetismus in Deutschland (1.8.2018) Syrer sind zu 2\/3 Analphabeten (20.11.2015) \u00d6konomie-Analphabetentum (15.2.2013) Arroganz Bildungsmisere Consent of th &hellip; <a href=\"https:\/\/www.freiburg-schwarzwald.de\/blog\/bildung\/analphabetismus\/\">Weiterlesen <span class=\"meta-nav\">&rarr;<\/span><\/a><\/p>\n","protected":false},"author":2,"featured_media":0,"parent":93,"menu_order":0,"comment_status":"closed","ping_status":"closed","template":"","meta":{"footnotes":""},"class_list":["post-143727","page","type-page","status-publish","hentry"],"_links":{"self":[{"href":"https:\/\/www.freiburg-schwarzwald.de\/blog\/wp-json\/wp\/v2\/pages\/143727","targetHints":{"allow":["GET"]}}],"collection":[{"href":"https:\/\/www.freiburg-schwarzwald.de\/blog\/wp-json\/wp\/v2\/pages"}],"about":[{"href":"https:\/\/www.freiburg-schwarzwald.de\/blog\/wp-json\/wp\/v2\/types\/page"}],"author":[{"embeddable":true,"href":"https:\/\/www.freiburg-schwarzwald.de\/blog\/wp-json\/wp\/v2\/users\/2"}],"replies":[{"embeddable":true,"href":"https:\/\/www.freiburg-schwarzwald.de\/blog\/wp-json\/wp\/v2\/comments?post=143727"}],"version-history":[{"count":6,"href":"https:\/\/www.freiburg-schwarzwald.de\/blog\/wp-json\/wp\/v2\/pages\/143727\/revisions"}],"predecessor-version":[{"id":146848,"href":"https:\/\/www.freiburg-schwarzwald.de\/blog\/wp-json\/wp\/v2\/pages\/143727\/revisions\/146848"}],"up":[{"embeddable":true,"href":"https:\/\/www.freiburg-schwarzwald.de\/blog\/wp-json\/wp\/v2\/pages\/93"}],"wp:attachment":[{"href":"https:\/\/www.freiburg-schwarzwald.de\/blog\/wp-json\/wp\/v2\/media?parent=143727"}],"curies":[{"name":"wp","href":"https:\/\/api.w.org\/{rel}","templated":true}]}}

<p><a href="https://www.freiburg-schwarzwald.de/blog">Home</a> &gt;<a title="Engagement" href="https://www.freiburg-schwarzwald.de/blog/engagement/">Engagement</a> &gt;<a title="Zukunft" href="https://www.freiburg-schwarzwald.de/blog/engagement/zukunft/">Zukunft </a>&gt;<a title="Bildung" href="https://www.freiburg-schwarzwald.de/blog/bildung/">Bildung</a> &gt;<a href="https://www.freiburg-schwarzwald.de/blog/engagement/zukunft/dummheit/">Dummheit</a> &gt;Analphabetismus</p>
<div id="attachment_143729" style="width: 650px" class="wp-caption alignnone"><a href="https://www.freiburg-schwarzwald.de/blog/wp-content/uploads/2026/01/dreisamtal-sonnenuntergang251231pan.jpg"><img loading="lazy" decoding="async" aria-describedby="caption-attachment-143729" class="size-full wp-image-143729" src="https://www.freiburg-schwarzwald.de/blog/wp-content/uploads/2026/01/dreisamtal-sonnenuntergang251231pan.jpg" alt="" width="640" height="396" srcset="https://www.freiburg-schwarzwald.de/blog/wp-content/uploads/2026/01/dreisamtal-sonnenuntergang251231pan.jpg 640w, https://www.freiburg-schwarzwald.de/blog/wp-content/uploads/2026/01/dreisamtal-sonnenuntergang251231pan-180x111.jpg 180w" sizes="auto, (max-width: 640px) 100vw, 640px" /></a><p id="caption-attachment-143729" class="wp-caption-text">Sonnenuntergang am 31.12.2025 im Dreisamtal bei Freiburg im Schwatzwald</p></div>
<ul>
<li><em>Listenauswahl eines Beitrags (Artikel/Datum, Seite/Inhalt): <span style="text-decoration: underline;">Klicken </span>oder scrollen</em></li>
<li><a href="https://www.freiburg-schwarzwald.de/blog/business/dienste/immobilien/miete/">Öffentlich-rechtlicher wirtschaftlicher Analphabetismus: Miete deckt nur laufende Kosten</a> (15.3.2026)</li>
<li>Gering-Literalisierung statt Analphabetismus (31.12.2025)</li>
<li><a href="https://www.freiburg-schwarzwald.de/blog/syrer-sind-zu-23-analphabeten/">Analphabetismus in Deutschland</a> (1.8.2018)</li>
<li><a href="https://www.freiburg-schwarzwald.de/blog/syrer-sind-zu-23-analphabeten/">Syrer sind zu 2/3 Analphabeten</a> (20.11.2015)</li>
<li><a href="https://www.freiburg-schwarzwald.de/blog/oekonomie-analphabetentum/">Ökonomie-Analphabetentum</a> (15.2.2013)</li>
</ul>
<ul>
<li><a title="Arroganz" href="https://www.freiburg-schwarzwald.de/blog/engagement/arroganz/">Arroganz</a></li>
<li><a href="https://www.freiburg-schwarzwald.de/blog/bildung/bildungsmisere/">Bildungsmisere</a></li>
<li><a title="Consent-of-the-Governed" href="https://www.freiburg-schwarzwald.de/blog/global/deutschland/consent-of-the-governed/">Consent of th Governed</a></li>
<li><a title="Eliten" href="https://www.freiburg-schwarzwald.de/blog/engagement/zukunft/demokratie/eliten/">Eliten</a></li>
<li><a title="Establishment" href="https://www.freiburg-schwarzwald.de/blog/global/deutschland/gesellschaft/establishment/">Establishment</a></li>
<li><a title="Intellektuelle" href="https://www.freiburg-schwarzwald.de/blog/global/deutschland/gesellschaft/intellektuelle/">Intellektuelle</a></li>
<li><a href="https://www.freiburg-schwarzwald.de/blog/bildung/begabung/intelligenz/">Intelligenz</a></li>
<li><a href="https://www.freiburg-schwarzwald.de/blog/kultur/medien/kampf-gegen-rechts/">Kampf-gegen-rechts</a></li>
<li><a href="https://www.freiburg-schwarzwald.de/blog/bildung/wissenschaft/mathematik/">Mathematik</a></li>
<li><a title="Nation" href="https://www.freiburg-schwarzwald.de/blog/engagement/zukunft/demokratie/nation/">Nation</a></li>
<li><a title="Moral2015" href="https://www.freiburg-schwarzwald.de/blog/global/deutschland/moral2015/">Moral2015</a></li>
<li><a title="One-World" href="https://www.freiburg-schwarzwald.de/blog/global/globalisierung/one-world/">One-World</a></li>
<li><a title="Repression" href="https://www.freiburg-schwarzwald.de/blog/engagement/zukunft/demokratie/repression/">Repression</a></li>
<li><a href="https://www.freiburg-schwarzwald.de/blog/bildung/schulen/schulbildung/">Schulbildung</a></li>
<li><a title="Spaltung" href="https://www.freiburg-schwarzwald.de/blog/global/deutschland/spaltung/">Spaltung</a></li>
<li><a href="https://www.freiburg-schwarzwald.de/blog/engagement/zukunft/demokratie/staatsquote/">Staatsquote</a></li>
<li><a href="https://www.freiburg-schwarzwald.de/blog/bildung/verbloedung/">Verblödung</a></li>
</ul>
<p>&nbsp;</p>
<p><strong>Gering-Literalisierung statt Analphabetismus</strong><br />
Nach der Messung des Instituts für Qualität (IQB) im Bildungswesen erreichten in diesem Jahr 34 Prozent der Neuntklässler nicht einmal den ohnehin sehr niedrigen Mindeststandard in Mathematik, 25 Prozent verfehlen ihn in den Naturwissenschaften. Schon 2022 stellte das IQB fest, dass fast genauso viele Schüler in der neunten Klasse die Minimalanforderungen an die Lesefähigkeit nicht erfüllen, 20 Prozent in Sachsen, 37,3 Prozent in Nordrhein-Westfalen und 45,8 Prozent in Bremen. Das nach Einwohnerzahl größte deutsche Bundesland entlässt also mehr als jeden dritten, der Stadtstaat fast jeden zweiten Jugendlichen als funktionellen Analphabeten. Die Analphabetenrate der Bundesrepublik liegt inzwischen bei 12 Prozent und damit nur noch knapp unter dem globalen Schnitt. Faktenfinder der ARD interviewten dazu schon 2024 eine Wissenschaftlerin, die empfahl, den Begriff „Analphabetismus“ nicht mehr zu benutzen und als Ersatz „gering literalisiert“<br />
<a href="https://www.tagesschau.de/faktenfinder/analphabetismus-studie-104.html">https://www.tagesschau.de/faktenfinder/analphabetismus-studie-104.html</a><br />
vorschlug. Der Hauptzweck des Interviews bestand in der gemeinsamen Aussage von Faktenfindern und Expertin, zwischen extrem schnell sinkenden Schulleistungen und Armutseinwanderung bestünde kein Zusammenhang, beziehungsweise, er sei nicht nachweisbar.<br />
&#8230; Alles vom 31.12.2025 bitte lesen auf<br />
<a href="https://www.publicomag.com/2025/12/die-parallelwelt-der-anderen-als-chance-fuer-die-normalbuerger/">https://www.publicomag.com/2025/12/die-parallelwelt-der-anderen-als-chance-fuer-die-normalbuerger/</a></p>

<p>Home &gt;Engagement &gt;Zukunft &gt;Bildung &gt;Dummheit &gt;Analphabetismus Listenauswahl eines Beitrags (Artikel/Datum, Seite/Inhalt): Klicken oder scrollen Öffentlich-rechtlicher wirtschaftlicher Analphabetismus: Miete deckt nur laufende Kosten (15.3.2026) Gering-Literalisierung statt Analphabetismus (31.12.2025) Analphabetismus in Deutschland (1.8.2018) Syrer sind zu 2/3 Analphabeten (20.11.2015) Ökonomie-Analphabetentum (15.2.2013) Arroganz Bildungsmisere Consent of th &hellip; <a href="https://www.freiburg-schwarzwald.de/blog/bildung/analphabetismus/">Weiterlesen <span class="meta-nav">&rarr;</span></a></p>
