{"id":142614,"date":"2025-12-07T19:51:06","date_gmt":"2025-12-07T18:51:06","guid":{"rendered":"https:\/\/www.freiburg-schwarzwald.de\/blog\/?page_id=142614"},"modified":"2026-04-14T09:54:54","modified_gmt":"2026-04-14T07:54:54","slug":"generation-deutschland","status":"publish","type":"page","link":"https:\/\/www.freiburg-schwarzwald.de\/blog\/vereine\/partei\/afd\/generation-deutschland\/","title":{"rendered":"Generation-Deutschland"},"content":{"rendered":"<p><a href=\"https:\/\/www.freiburg-schwarzwald.de\/blog\">Home<\/a>\u00a0&gt;<a title=\"Engagement\" href=\"https:\/\/www.freiburg-schwarzwald.de\/blog\/engagement\/\">Engagement<\/a>\u00a0&gt;<a title=\"Partei\" href=\"https:\/\/www.freiburg-schwarzwald.de\/blog\/vereine\/partei\/\">Partei<\/a> &gt;<a href=\"https:\/\/www.freiburg-schwarzwald.de\/blog\/selbsthilfe\/jugend\/jugend-zukunft\/\">Jugend-Zukunft<\/a> &gt;<a href=\"https:\/\/www.freiburg-schwarzwald.de\/blog\/vereine\/partei\/parteijugend\/\">Parteijugend<\/a> &gt;Generation-Deutschland<\/p>\n<div id=\"attachment_114936\" style=\"width: 649px\" class=\"wp-caption alignnone\"><a href=\"https:\/\/www.freiburg-schwarzwald.de\/blog\/wp-content\/uploads\/2023\/08\/bazmstamm-weg-treppe-pan202307.jpg\"><img loading=\"lazy\" decoding=\"async\" aria-describedby=\"caption-attachment-114936\" class=\"size-full wp-image-114936\" src=\"https:\/\/www.freiburg-schwarzwald.de\/blog\/wp-content\/uploads\/2023\/08\/bazmstamm-weg-treppe-pan202307.jpg\" alt=\"\" width=\"639\" height=\"373\" srcset=\"https:\/\/www.freiburg-schwarzwald.de\/blog\/wp-content\/uploads\/2023\/08\/bazmstamm-weg-treppe-pan202307.jpg 639w, https:\/\/www.freiburg-schwarzwald.de\/blog\/wp-content\/uploads\/2023\/08\/bazmstamm-weg-treppe-pan202307-180x105.jpg 180w\" sizes=\"auto, (max-width: 639px) 100vw, 639px\" \/><\/a><p id=\"caption-attachment-114936\" class=\"wp-caption-text\">Baumstamm \u00fcber Wanderweg mit Treppe im Schwarzwald 7\/2023<\/p><\/div>\n<ul>\n<li><em>Listenauswahl eines Beitrags (Artikel\/Datum, Seite\/Inhalt): <span style=\"text-decoration: underline;\">Klicken<\/span> oder scrollen<\/em><\/li>\n<li><a href=\"https:\/\/www.freiburg-schwarzwald.de\/blog\/selbsthilfe\/jugend\/jugend-zukunft\/\">Pulverfass Boomer-Republik Deutschland: Warum die Jugend mit diesem Land bricht<\/a>\u00a0(3.4.2026)<\/li>\n<li>Nafiur Rahman: Mit Migrationshintergrund in der AfD-Jugendorganisation (6.12.2025)<\/li>\n<li><a href=\"https:\/\/www.freiburg-schwarzwald.de\/blog\/selbsthilfe\/krise\/gewalt\/linke-gewalt\/giessen29nov2025linkegewalt\/\">Jean-Pascal Hohm: \u201eIch bin ein ganz normaler Mensch aus Cottbus\u201c<\/a>\u00a0(5.12.2025)<\/li>\n<li><\/li>\n<li><a href=\"https:\/\/www.freiburg-schwarzwald.de\/blog\/vereine\/partei\/afd\/afd-opposition\/\">AfD-Opposition<\/a><\/li>\n<li><a href=\"https:\/\/www.freiburg-schwarzwald.de\/blog\/vereine\/partei\/afd\/afd-konservativ\/\">AfD-konservativ<\/a><\/li>\n<li><a href=\"https:\/\/www.freiburg-schwarzwald.de\/blog\/religion\/christen\/christen-afd\/\">Christen-AfD<\/a><\/li>\n<li><a href=\"https:\/\/www.freiburg-schwarzwald.de\/blog\/selbsthilfe\/krise\/gewalt\/linke-gewalt\/giessen29nov2025linkegewalt\/\">Giessen29Nov2025LinkeGewalt<\/a><\/li>\n<\/ul>\n<p>&nbsp;<\/p>\n<p><strong>Nafiur Rahman: Mit Migrationshintergrund in der AfD-Jugendorganisation<\/strong><br \/>\nNafiur Rahman ist in Gie\u00dfen in den Bundesvorstand der neugegr\u00fcndeten AfD-Jugendorganisation \u201eGeneration Deutschland\u201c gew\u00e4hlt worden. Rahman ist 27 Jahre, geboren in Dhaka, der Hauptstadt von Bangladesch, Ex-Muslim, mit abgeschlossenem Maschinenbaustudium. Pfarrer Achijah Zorn hat das folgende Interview mit ihm gef\u00fchrt, das eine \u00fcberraschende Wendung nimmt.<br \/>\n.<br \/>\nAchijah Zorn: Reicht Ihnen nicht, Migrant zu sein, um diskriminiert zu werden, oder warum sind Sie in der AfD aktiv?<br \/>\nNafiur Rahman (lacht): Ja, ich erlebe so manche Diskriminierung. Meine bengalischen Bekannten sehen mich als Verr\u00e4ter von Bangladesch, weil ich mich f\u00fcr Deutschland stark mache. Die Geimpften haben mich verachtet, weil ich mich nicht gegen Corona impfen lie\u00df. Manche Muslime hassen mich, weil ich dem muslimischen Glaubern abgesagt habe und Christ geworden bin. Und gr\u00fcne \u201eGutmenschen\u201c hetzen gegen meine vermeintliche \u201eDummheit\u201c, weil ich als Migrant die AfD st\u00e4rke, die mich angeblich sofort deportieren w\u00fcrde, wenn sie an die Regierung k\u00e4me. Ich halte vielfach den Kopf in den Sturm; und manchmal denke ich, ich h\u00e4tte es mir gewiss leichter machen k\u00f6nnen. Aber ich hoffe, dass dieser steinige Weg meinen Charakter st\u00e4rkt (lacht).<\/p>\n<p>Und Sie werden doch auch von AfDlern angegangen. \u201eDeutschland den Deutschen. Der hat nichts in der AfD zu suchen\u201c, so hat jemand unter ein Foto von Ihnen getwittert.<br \/>\nEs gibt sicherlich einige in der AfD, die mit mir als Deutschem mit Migrationshintergrund Probleme haben. Aber das ist nicht die Partei. Eher im Gegenteil. In der Partei versp\u00fcre ich R\u00fcckenwind. Die AfD in Hessen wirbt um B\u00fcrger mit Migrationshintergrund, deren Herz f\u00fcr Deutschland schl\u00e4gt und die auch unter dem Verfall dieses Landes leiden.<\/p>\n<p>Identifizieren Sie sich mit Deutschland?<br \/>\nJa, ganz klar. Ich bin mit 1,5 Jahren nach Deutschland gekommen. Dieses Land ist meine Heimat. Zu meiner Identit\u00e4t geh\u00f6rt aber nat\u00fcrlich auch, dass ich ethnisch ein Bengale bin; die bengalische Sprache beherrsche ich ebenfalls. Als Migrant kann und will ich meine Herkunft nicht leugnen. Das geh\u00f6rt zum Reichtum meiner Person. Aber Ethnie ist nicht alles. In der AfD ist der \u201epatriotische Volksbegriff\u201c unsere Leitlinie: Jeder ist deutsch, der die deutsche Sprache kann, der sich eindeutig dem deutschen Volk zugeh\u00f6rig f\u00fchlt und der sich mit Wort und Tat f\u00fcr unser Land engagiert.<\/p>\n<p>Ist die AfD nicht eine \u201ev\u00f6lkische Partei\u201c, in der die ethnische Zugeh\u00f6rigkeit \u00fcberbetont wird?<br \/>\nAls klar gew\u00e4hlter Mandatstr\u00e4ger der AfD bin ich der lebendige Gegenbeweis. Vielleicht \u00e4rgern sich deshalb viele linke \u201eGutmenschen\u201c \u00fcber mich, weil ich mit meiner blo\u00dfen Person das Vorurteil von der \u201ev\u00f6lkischen AfD\u201c widerlege. Die deutsche Sprache und Kultur ist weit st\u00e4rker als das deutsche Blut. Genau das macht die Kraft und den Reichtum der deutschen Kultur aus.<\/p>\n<p>Sie haben sich zum christlichen Glauben bekehrt. Wenn Sie Muslim geblieben w\u00e4ren, w\u00e4ren Ihnen dann die T\u00fcren in der AfD verschlossen geblieben?<br \/>\n\u201eIslam\u201c umfasst ein breites Spektrum: Von s\u00e4kularen Kulturmuslimen bis hin zu gewaltbereiten Glaubens-Dschihadisten, die die westliche Lebensart verachten und die friedlichen Muslime als Schutzschild missbrauchen, um dahinter ihre zersetzende Religiosit\u00e4t zu verbreiten. Die AfD zieht die Linie eindeutig bei Muslimien, die sich nicht zum Grundgesetz mit seinen Grundprinzipien bekennen: Trennung von Staat und Religion, Souver\u00e4nit\u00e4t beim Volk, Gewaltenteilung und Gewaltmonopol des Staates.<\/p>\n<p>Wie k\u00f6nnen Sie als Person mit Migrationshintergrund aus einem muslimischen Land in einer Partei aktiv sein, die migrations- und islamkritisch ist?<br \/>\nIch bin f\u00fcr eine Migration mit Augenma\u00df und Vernunft. Migrationsmassen, die nicht mehr in unsere Sozialsysteme, Schulen und St\u00e4dte integrierbar sind und die dar\u00fcber hinaus unsere finanziellen M\u00f6glichkeiten sprengen, werden mittelfristig weder den Deutschen noch den Migranten weiterhelfen. Genau darum bin ich in der AfD, um mich f\u00fcr eine nachhaltige Migration und Integration einzusetzen. Ich habe in der Coronazeit gemerkt: Es reicht nicht, auf die Politik zu schimpfen oder auf die Stra\u00dfe zu gehen. Die Entscheidungen fallen in den Parlamenten durch die Parteien. Wirklich bewegen kann man nur etwas in Parteien. Und die AfD hatte von Anfang an den Mut, Angela Merkels irrsinige Migrationspolitik anzuprangern.<\/p>\n<p>Sind Sie Christ geworden, um sich besser zu integrieren?<br \/>\n(lacht) Dann h\u00e4tte ich wohl Atheist oder Agnostiker werden m\u00fcssen. Nein, ich bin Christ geworden, aus pers\u00f6nlichen und theologischen Gr\u00fcnden. Im Islam habe ich gelernt, dass mein ganzes Leben ein Abw\u00e4gen von guten und schlechten Taten ist, wobei am Ende in Gottes Gericht hoffentlich die guten Taten \u00fcberwiegen. Aber das funktioniert nicht. Eine schlechte Tat kann man nicht durch gute Taten wiedergutmachen. Ein Richter spricht keinen M\u00f6rder frei, wenn dieser 10 Obdachlosen geholfen hat. Als ich in einem Spielzeugladen gejobbt habe, da hat mir eine Arbeitskollegin von ihrem christlichen Glauben erz\u00e4hlt. Nicht die G\u00fcte meiner Taten seien entscheidend, sondern die Liebe und Vergebung Jesu, die er mir schenkt, selbst wenn ich moralisch versage. Das ist etwas Wundersch\u00f6nes, was ich so im muslimischen Glauben nicht kennengelernt hatte, wo es immer auch um Furcht vor Gott und um das Niederwerfen unter Allah geht.<\/p>\n<p>Hilft ihnen der christliche Glaube in Ihrer politischen T\u00e4tigkeit?<br \/>\nJa, mehr als ich dachte. Politik hat in Deutschland manchmal richtig religi\u00f6se Z\u00fcge. Da wird gek\u00e4mpft, als ginge es um Himmel und H\u00f6lle. Ich bin da viel n\u00fcchterner. Politik ist ein Abw\u00e4gen von Argumenten. Nicht mehr, nicht weniger. Mein christlicher Glaube ist meine Religion, nicht die AfD. Und letzte Woche vor der aufregenden Neugr\u00fcndung unserer Jugendorganisation in Gie\u00dfen mit all den angek\u00fcndigten Krawallen hat mir der Glaube auch geholfen. Es gibt im Neuen Testament die Geschichte, wo Jesus mit seinen J\u00fcngern auf dem See Genezareth war und ein gro\u00dfer Sturm aufkam (Markus 4,35-41). Die J\u00fcnger sind total aufgeregt und haben Angst, dass ihr Boot untergeht. Doch Jesus liegt unter Deck und schl\u00e4ft ganz ruhig. Das hat mir imponiert. Und die Ruhe Jesu hat auf mich ausgestrahlt in Gie\u00dfen. Ich war gelassener gegen\u00fcber allen linken Krawallmachern und gelassener dar\u00fcber, ob ich gew\u00e4hlt werden w\u00fcrde oder nicht. Diese Gelassenheit habe ich nicht immer. Aber letzte Woche habe ich sie aus Gottes Hand geschenkt bekommen. Ich bin dann mit 72% gew\u00e4hlt worden. Das war ein toller Tag.<\/p>\n<p>Ist es gef\u00e4hrlich f\u00fcr Sie, sich als Ex-Muslim so zu Ihrem christlichen Glauben zu bekennen?<br \/>\nDas kann sein; und das ist nicht sch\u00f6n. Aber Jesus Christus macht im Neuen Testament Mut, zu seinen innersten \u00dcberzeugungen zu stehen, selbst wenn man daf\u00fcr schwere Nachteile in Kauf nehmen muss.<\/p>\n<p>Was hilft Ihnen noch neben dem Glauben, wenn Sie Ihren Kopf in den Sturm halten?<br \/>\nMeine privaten Freunde und wohl auch das Fitnessstudio, wo ich Spannungen abbauen kann. Um nur zwei Dinge zu nennen.<\/p>\n<p>Wie feiern Sie Weihnachten?<br \/>\nDas wei\u00df ich noch gar nicht. Eher wie ein normaler Tag. In meiner muslimischen Familie wird Weihnachten nicht gefeiert. Aber ich werde bestimmt einen Augenblick finden, Gott \u201eDanke\u201c zu sagen und vielleicht die Weihnachtsgeschichte zu lesen. Im letzten Jahr habe ich mich zu Heiligabend in der Nacht aus dem Haus geschlichen, um einen Mitternachtsgottesdienst zu besuchen. In der Innenstadt habe ich Kumpel getroffen, die gingen gerade zu einem Party-Club zum Feiern; ich wusste gar nicht, dass es so etwas zu Heiligabend gibt. Ich ging dann in eine Kirche, um dieses zentrale christliche Fest mit anderen Christen zusammen zu feiern.<br \/>\nVielen Dank f\u00fcr das offene Gespr\u00e4ch. Ich bin \u00fcberrascht, wie es durch Sie eine akzentuiert christliche Note bekommen hat. Es ist ein \u201eVorwort zum Sonntag\u201c geworden. Das freut mich, denn ich bin selber fr\u00f6hlicher Christ. Ich w\u00fcnsche Ihnen eine gesegnete Advents- und Weihnachtszeit.<br \/>\n&#8230; Alles vom 6.12.2025 von Achijah Zorn bitte lesen auf<br \/>\n<a href=\"https:\/\/www.tichyseinblick.de\/kolumnen\/vorwort-zum-sonntag\/gespraech-nafiur-rahman\/\">https:\/\/www.tichyseinblick.de\/kolumnen\/vorwort-zum-sonntag\/gespraech-nafiur-rahman\/<\/a><br \/>\n.<br \/>\n<em>Achijah Zorn (geboren 1965 in M\u00f6nchengladbach). Doppelstudium der Theologie und Psychologie in Bonn. Von 1996 bis 2021 Pfarrer in einem diakonischen Dorf in M\u00fclheim an der Ruhr f\u00fcr Menschen mit Behinderung, f\u00fcr Senioren und f\u00fcr sogenannte Nichtbehinderte.<br \/>\n<\/em><br \/>\n<a href=\"https:\/\/x.com\/nafiur_afd\">https:\/\/x.com\/nafiur_afd<\/a><br \/>\n<a href=\"https:\/\/www.instagram.com\/nafiur.rahman.afd\/\">https:\/\/www.instagram.com\/nafiur.rahman.afd\/<\/a><br \/>\n<a href=\"https:\/\/www.afd.de\/generation-deutschland\/\">https:\/\/www.afd.de\/generation-deutschland\/<\/a><br \/>\n<a href=\"https:\/\/www.youtube.com\/channel\/UCq2rogaxLtQFrYG3X3KYNww\">https:\/\/www.youtube.com\/channel\/UCq2rogaxLtQFrYG3X3KYNww<\/a><br \/>\n.<br \/>\nEinige Kommentare:<br \/>\nMan kann es in den Kommentaren unten lesen, die viel gescholtenen Rechtsextremen und Rassisten (die sich bei TE tummeln) sind alles andere als rassistisch. Es geht nicht um Rasse und Hautfarbe. Es geht darum, wie man f\u00fchlt und denkt, es geht darum, wie man sich bei seinen Gastgebern bzw. in den aufnehmenden L\u00e4ndern verhalte. Dieser junge Mann will sich integrieren, er will etwas zum besseren bewegen, er engagiert sich und gibt der Gesellschaft etwas zur\u00fcck. Das ist es doch, was z\u00e4hlt. Ich w\u00fcnsche ihm viel Kraft, Durchhalteverm\u00f6gen und Erfolg. Bei ihm k\u00f6nnte sich mancher Deutsche ein Scheibchen abschneiden, vor allem die linken Phrasendrescher. Waldschrat<br \/>\n.<br \/>\nRahman hier, Okamura in der Tschechei, Patel in England, Tesfaye in D\u00e4nemark \u2026 vielleicht haben Menschen mit Migrationshintergrund und ihren Vergleichsm\u00f6glichkeiten eher ein Gesp\u00fcr daf\u00fcr, was in Europa gerade den Bach runtergeht. Alles Gute f\u00fcr den mutigen jungen Mann! Metric<br \/>\nEnde Kommentare<\/p>\n<p>&nbsp;<\/p>\n","protected":false},"excerpt":{"rendered":"<p>Home\u00a0&gt;Engagement\u00a0&gt;Partei &gt;Jugend-Zukunft &gt;Parteijugend &gt;Generation-Deutschland Listenauswahl eines Beitrags (Artikel\/Datum, Seite\/Inhalt): Klicken oder scrollen Pulverfass Boomer-Republik Deutschland: Warum die Jugend mit diesem Land bricht\u00a0(3.4.2026) Nafiur Rahman: Mit Migrationshintergrund in der AfD-Jugendorganisation (6.12.2025) Jean-Pascal Hohm: \u201eIch bin ein ganz normaler Mensch aus Cottbus\u201c\u00a0(5.12.2025) &hellip; <a href=\"https:\/\/www.freiburg-schwarzwald.de\/blog\/vereine\/partei\/afd\/generation-deutschland\/\">Weiterlesen <span class=\"meta-nav\">&rarr;<\/span><\/a><\/p>\n","protected":false},"author":2,"featured_media":0,"parent":55512,"menu_order":0,"comment_status":"closed","ping_status":"closed","template":"","meta":{"footnotes":""},"class_list":["post-142614","page","type-page","status-publish","hentry"],"_links":{"self":[{"href":"https:\/\/www.freiburg-schwarzwald.de\/blog\/wp-json\/wp\/v2\/pages\/142614","targetHints":{"allow":["GET"]}}],"collection":[{"href":"https:\/\/www.freiburg-schwarzwald.de\/blog\/wp-json\/wp\/v2\/pages"}],"about":[{"href":"https:\/\/www.freiburg-schwarzwald.de\/blog\/wp-json\/wp\/v2\/types\/page"}],"author":[{"embeddable":true,"href":"https:\/\/www.freiburg-schwarzwald.de\/blog\/wp-json\/wp\/v2\/users\/2"}],"replies":[{"embeddable":true,"href":"https:\/\/www.freiburg-schwarzwald.de\/blog\/wp-json\/wp\/v2\/comments?post=142614"}],"version-history":[{"count":5,"href":"https:\/\/www.freiburg-schwarzwald.de\/blog\/wp-json\/wp\/v2\/pages\/142614\/revisions"}],"predecessor-version":[{"id":147877,"href":"https:\/\/www.freiburg-schwarzwald.de\/blog\/wp-json\/wp\/v2\/pages\/142614\/revisions\/147877"}],"up":[{"embeddable":true,"href":"https:\/\/www.freiburg-schwarzwald.de\/blog\/wp-json\/wp\/v2\/pages\/55512"}],"wp:attachment":[{"href":"https:\/\/www.freiburg-schwarzwald.de\/blog\/wp-json\/wp\/v2\/media?parent=142614"}],"curies":[{"name":"wp","href":"https:\/\/api.w.org\/{rel}","templated":true}]}}