{"id":141931,"date":"2025-11-23T09:15:31","date_gmt":"2025-11-23T08:15:31","guid":{"rendered":"https:\/\/www.freiburg-schwarzwald.de\/blog\/?page_id=141931"},"modified":"2025-11-24T18:55:36","modified_gmt":"2025-11-24T17:55:36","slug":"friedensangst","status":"publish","type":"page","link":"https:\/\/www.freiburg-schwarzwald.de\/blog\/engagement\/zukunft\/frieden\/friedensangst\/","title":{"rendered":"Friedensangst"},"content":{"rendered":"<p><a href=\"https:\/\/www.freiburg-schwarzwald.de\/blog\">Home<\/a>\u00a0&gt;<a title=\"Global\" href=\"https:\/\/www.freiburg-schwarzwald.de\/blog\/global\/\">Global<\/a>\u00a0 &gt;<a href=\"https:\/\/www.freiburg-schwarzwald.de\/blog\/global\/russland\/\">Russland<\/a>\u00a0&gt;<a href=\"https:\/\/www.freiburg-schwarzwald.de\/blog\/global\/ukraine\/\">Ukraine<\/a> &gt;<a href=\"https:\/\/www.freiburg-schwarzwald.de\/blog\/global\/ukraine\/ukraine-frieden\/\">Ukraine-Frieden<\/a> &gt;<a href=\"https:\/\/www.freiburg-schwarzwald.de\/blog\/global\/ukraine\/ukrainekrieg\/\">Ukrainekrieg<\/a> &gt;Friedensangst<\/p>\n<div id=\"attachment_141634\" style=\"width: 650px\" class=\"wp-caption alignnone\"><a href=\"https:\/\/www.freiburg-schwarzwald.de\/blog\/wp-content\/uploads\/2025\/11\/Ostpolitik1955-1970-1990pan.jpg\"><img loading=\"lazy\" decoding=\"async\" aria-describedby=\"caption-attachment-141634\" class=\"size-full wp-image-141634\" src=\"https:\/\/www.freiburg-schwarzwald.de\/blog\/wp-content\/uploads\/2025\/11\/Ostpolitik1955-1970-1990pan.jpg\" alt=\"\" width=\"640\" height=\"356\" srcset=\"https:\/\/www.freiburg-schwarzwald.de\/blog\/wp-content\/uploads\/2025\/11\/Ostpolitik1955-1970-1990pan.jpg 640w, https:\/\/www.freiburg-schwarzwald.de\/blog\/wp-content\/uploads\/2025\/11\/Ostpolitik1955-1970-1990pan-180x100.jpg 180w\" sizes=\"auto, (max-width: 640px) 100vw, 640px\" \/><\/a><p id=\"caption-attachment-141634\" class=\"wp-caption-text\"><a href=\"https:\/\/www.freiburg-schwarzwald.de\/blog\/global\/deutschland\/ostpolitik\/\">Ostpolitik<\/a> 1955 Konrad Adenauer 1970, Willy Brandt und 1990 Helmut Kohl &#8211; 3 mal ohne Friedensangst<\/p><\/div>\n<ul>\n<li><em>Listenauswahl eines Beitrags (Artikel\/Datum, Seite\/Inhalt): <span style=\"text-decoration: underline;\">Klicken<\/span> oder scrollen<\/em><\/li>\n<li><a href=\"https:\/\/www.freiburg-schwarzwald.de\/blog\/friedensangst\/\">Friedensangst<\/a> (24.11.2025)<\/li>\n<li>Ungarns Pr\u00e4sident Orban f\u00fcr Friedensplan von Trump (22.11.2025)<\/li>\n<li>Rheinmetall Aktie: Friedensangst schockt Anleger (21.11.2025)<\/li>\n<li><\/li>\n<li><a href=\"https:\/\/www.freiburg-schwarzwald.de\/blog\/engagement\/zukunft\/frieden\/\">Frieden<\/a><\/li>\n<\/ul>\n<p>&nbsp;<\/p>\n<p><strong>Ungarns Pr\u00e4sident Orban f\u00fcr Friedensplan von Trump<\/strong><br \/>\nOrb\u00e1n Viktor @PM_ViktorOrban<br \/>\nDer russisch-ukrainische Krieg hat Europa an einen historischen Wendepunkt gef\u00fchrt. Pr\u00e4sident Donald Trump hat die Hoffnung auf Frieden in der Ukraine nicht aufgegeben.<\/p>\n<p>Europa steht nun vor zwei Wegen.<br \/>\nWir k\u00f6nnen diesen Teufelskreis durchbrechen und uns endlich hinter Pr\u00e4sident Trumps Friedensinitiative vereinen, einschlie\u00dflich der Br\u00fcsseler B\u00fcrokraten. Dazu m\u00fcssten die kriegsbef\u00fcrwortenden F\u00fchrer jedoch einsehen, dass sie in den vergangenen dreieinhalb Jahren das hart verdiente Geld der Europ\u00e4er f\u00fcr einen Krieg verschwendet haben, der auf dem Schlachtfeld nicht gewonnen werden kann<br \/>\nDer andere Weg f\u00fchrt direkt in den Krieg. Wenn Europas kriegsbef\u00fcrwortende Politiker weiterhin ohne die Unterst\u00fctzung der Vereinigten Staaten Geld und Waffen in die Ukraine pumpen, ebnen sie den Weg f\u00fcr einen europ\u00e4isch-russischen Konflikt. Europa wei\u00df nur allzu gut, wohin dieser Weg f\u00fchrt, und die Folgen w\u00e4ren tragisch.<br \/>\nEs steht au\u00dfer Frage, welchen Weg Ungarn w\u00e4hlt: den Weg des Friedens. Dies ist der Auftrag, den uns das ungarische Volk erteilt hat, und es entspricht den Geboten der Moral und des gesunden Menschenverstands. In diesem Sinne sende ich heute einen Brief an den Pr\u00e4sidenten der Europ\u00e4ischen Kommission.<br \/>\n22.11.2025, <a href=\"https:\/\/x.com\/PM_ViktorOrban\/status\/1992145628659331496\">https:\/\/x.com\/PM_ViktorOrban\/status\/1992145628659331496<\/a><\/p>\n<p><strong>Rheinmetall Aktie: Friedensangst schockt Anleger<\/strong><br \/>\nEin Friedensplan f\u00fcr die Ukraine \u2013 und pl\u00f6tzlich bricht Panik aus. Was f\u00fcr die Welt eine gute Nachricht w\u00e4re, versetzt R\u00fcstungsaktion\u00e4re in Angst: &#8230;<br \/>\nDie B\u00f6rse kennt keine Gnade. Medienberichte \u00fcber einen konkreten Friedensplan der US-Regierung f\u00fcr den Ukraine-Konflikt reichen aus, um den gesamten europ\u00e4ischen Verteidigungssektor ins Mark zu treffen. Anleger ziehen sich fluchtartig aus den Highflyern der vergangenen Monate zur\u00fcck \u2013 die Bef\u00fcrchtung: prognostizierte Wachstumsraten und Auftragsvolumina k\u00f6nnten deutlich geringer ausfallen als eingepreist.<br \/>\nDie harten Fakten zum Ausverkauf:<br \/>\n&#8211; Rheinmetall verliert \u00fcber 4 Prozent an einem einzigen Handelstag<br \/>\n&#8211; Peer-Group-Schw\u00e4che: Hensoldt und Renk brechen ebenfalls deutlich ein<br \/>\n&#8211; Ausl\u00f6ser: US-Initiative zur Beendigung des Ukraine-Kriegs<br \/>\n&#8211; Technische Unterst\u00fctzungszonen wurden nach unten durchbrochen<br \/>\n&#8230; Alles vom 21.11.2025 bitte lesen auf<br \/>\n<a href=\"https:\/\/www.boerse-express.com\/news\/articles\/rheinmetall-aktie-friedensangst-schockt-anleger-842841\">https:\/\/www.boerse-express.com\/news\/articles\/rheinmetall-aktie-friedensangst-schockt-anleger-842841<\/a><\/p>\n","protected":false},"excerpt":{"rendered":"<p>Home\u00a0&gt;Global\u00a0 &gt;Russland\u00a0&gt;Ukraine &gt;Ukraine-Frieden &gt;Ukrainekrieg &gt;Friedensangst Listenauswahl eines Beitrags (Artikel\/Datum, Seite\/Inhalt): Klicken oder scrollen Friedensangst (24.11.2025) Ungarns Pr\u00e4sident Orban f\u00fcr Friedensplan von Trump (22.11.2025) Rheinmetall Aktie: Friedensangst schockt Anleger (21.11.2025) Frieden &nbsp; Ungarns Pr\u00e4sident Orban f\u00fcr Friedensplan von Trump Orb\u00e1n Viktor &hellip; <a href=\"https:\/\/www.freiburg-schwarzwald.de\/blog\/engagement\/zukunft\/frieden\/friedensangst\/\">Weiterlesen <span class=\"meta-nav\">&rarr;<\/span><\/a><\/p>\n","protected":false},"author":2,"featured_media":0,"parent":31375,"menu_order":0,"comment_status":"closed","ping_status":"closed","template":"","meta":{"footnotes":""},"class_list":["post-141931","page","type-page","status-publish","hentry"],"_links":{"self":[{"href":"https:\/\/www.freiburg-schwarzwald.de\/blog\/wp-json\/wp\/v2\/pages\/141931","targetHints":{"allow":["GET"]}}],"collection":[{"href":"https:\/\/www.freiburg-schwarzwald.de\/blog\/wp-json\/wp\/v2\/pages"}],"about":[{"href":"https:\/\/www.freiburg-schwarzwald.de\/blog\/wp-json\/wp\/v2\/types\/page"}],"author":[{"embeddable":true,"href":"https:\/\/www.freiburg-schwarzwald.de\/blog\/wp-json\/wp\/v2\/users\/2"}],"replies":[{"embeddable":true,"href":"https:\/\/www.freiburg-schwarzwald.de\/blog\/wp-json\/wp\/v2\/comments?post=141931"}],"version-history":[{"count":5,"href":"https:\/\/www.freiburg-schwarzwald.de\/blog\/wp-json\/wp\/v2\/pages\/141931\/revisions"}],"predecessor-version":[{"id":142054,"href":"https:\/\/www.freiburg-schwarzwald.de\/blog\/wp-json\/wp\/v2\/pages\/141931\/revisions\/142054"}],"up":[{"embeddable":true,"href":"https:\/\/www.freiburg-schwarzwald.de\/blog\/wp-json\/wp\/v2\/pages\/31375"}],"wp:attachment":[{"href":"https:\/\/www.freiburg-schwarzwald.de\/blog\/wp-json\/wp\/v2\/media?parent=141931"}],"curies":[{"name":"wp","href":"https:\/\/api.w.org\/{rel}","templated":true}]}}

<p><a href="https://www.freiburg-schwarzwald.de/blog">Home</a> &gt;<a title="Global" href="https://www.freiburg-schwarzwald.de/blog/global/">Global</a>  &gt;<a href="https://www.freiburg-schwarzwald.de/blog/global/russland/">Russland</a> &gt;<a href="https://www.freiburg-schwarzwald.de/blog/global/ukraine/">Ukraine</a> &gt;<a href="https://www.freiburg-schwarzwald.de/blog/global/ukraine/ukraine-frieden/">Ukraine-Frieden</a> &gt;<a href="https://www.freiburg-schwarzwald.de/blog/global/ukraine/ukrainekrieg/">Ukrainekrieg</a> &gt;Friedensangst</p>
<div id="attachment_141634" style="width: 650px" class="wp-caption alignnone"><a href="https://www.freiburg-schwarzwald.de/blog/wp-content/uploads/2025/11/Ostpolitik1955-1970-1990pan.jpg"><img loading="lazy" decoding="async" aria-describedby="caption-attachment-141634" class="size-full wp-image-141634" src="https://www.freiburg-schwarzwald.de/blog/wp-content/uploads/2025/11/Ostpolitik1955-1970-1990pan.jpg" alt="" width="640" height="356" srcset="https://www.freiburg-schwarzwald.de/blog/wp-content/uploads/2025/11/Ostpolitik1955-1970-1990pan.jpg 640w, https://www.freiburg-schwarzwald.de/blog/wp-content/uploads/2025/11/Ostpolitik1955-1970-1990pan-180x100.jpg 180w" sizes="auto, (max-width: 640px) 100vw, 640px" /></a><p id="caption-attachment-141634" class="wp-caption-text"><a href="https://www.freiburg-schwarzwald.de/blog/global/deutschland/ostpolitik/">Ostpolitik</a> 1955 Konrad Adenauer 1970, Willy Brandt und 1990 Helmut Kohl &#8211; 3 mal ohne Friedensangst</p></div>
<ul>
<li><em>Listenauswahl eines Beitrags (Artikel/Datum, Seite/Inhalt): <span style="text-decoration: underline;">Klicken</span> oder scrollen</em></li>
<li><a href="https://www.freiburg-schwarzwald.de/blog/friedensangst/">Friedensangst</a> (24.11.2025)</li>
<li>Ungarns Präsident Orban für Friedensplan von Trump (22.11.2025)</li>
<li>Rheinmetall Aktie: Friedensangst schockt Anleger (21.11.2025)</li>
<li></li>
<li><a href="https://www.freiburg-schwarzwald.de/blog/engagement/zukunft/frieden/">Frieden</a></li>
</ul>
<p>&nbsp;</p>
<p><strong>Ungarns Präsident Orban für Friedensplan von Trump</strong><br />
Orbán Viktor @PM_ViktorOrban<br />
Der russisch-ukrainische Krieg hat Europa an einen historischen Wendepunkt geführt. Präsident Donald Trump hat die Hoffnung auf Frieden in der Ukraine nicht aufgegeben.</p>
<p>Europa steht nun vor zwei Wegen.<br />
Wir können diesen Teufelskreis durchbrechen und uns endlich hinter Präsident Trumps Friedensinitiative vereinen, einschließlich der Brüsseler Bürokraten. Dazu müssten die kriegsbefürwortenden Führer jedoch einsehen, dass sie in den vergangenen dreieinhalb Jahren das hart verdiente Geld der Europäer für einen Krieg verschwendet haben, der auf dem Schlachtfeld nicht gewonnen werden kann<br />
Der andere Weg führt direkt in den Krieg. Wenn Europas kriegsbefürwortende Politiker weiterhin ohne die Unterstützung der Vereinigten Staaten Geld und Waffen in die Ukraine pumpen, ebnen sie den Weg für einen europäisch-russischen Konflikt. Europa weiß nur allzu gut, wohin dieser Weg führt, und die Folgen wären tragisch.<br />
Es steht außer Frage, welchen Weg Ungarn wählt: den Weg des Friedens. Dies ist der Auftrag, den uns das ungarische Volk erteilt hat, und es entspricht den Geboten der Moral und des gesunden Menschenverstands. In diesem Sinne sende ich heute einen Brief an den Präsidenten der Europäischen Kommission.<br />
22.11.2025, <a href="https://x.com/PM_ViktorOrban/status/1992145628659331496">https://x.com/PM_ViktorOrban/status/1992145628659331496</a></p>
<p><strong>Rheinmetall Aktie: Friedensangst schockt Anleger</strong><br />
Ein Friedensplan für die Ukraine – und plötzlich bricht Panik aus. Was für die Welt eine gute Nachricht wäre, versetzt Rüstungsaktionäre in Angst: &#8230;<br />
Die Börse kennt keine Gnade. Medienberichte über einen konkreten Friedensplan der US-Regierung für den Ukraine-Konflikt reichen aus, um den gesamten europäischen Verteidigungssektor ins Mark zu treffen. Anleger ziehen sich fluchtartig aus den Highflyern der vergangenen Monate zurück – die Befürchtung: prognostizierte Wachstumsraten und Auftragsvolumina könnten deutlich geringer ausfallen als eingepreist.<br />
Die harten Fakten zum Ausverkauf:<br />
&#8211; Rheinmetall verliert über 4 Prozent an einem einzigen Handelstag<br />
&#8211; Peer-Group-Schwäche: Hensoldt und Renk brechen ebenfalls deutlich ein<br />
&#8211; Auslöser: US-Initiative zur Beendigung des Ukraine-Kriegs<br />
&#8211; Technische Unterstützungszonen wurden nach unten durchbrochen<br />
&#8230; Alles vom 21.11.2025 bitte lesen auf<br />
<a href="https://www.boerse-express.com/news/articles/rheinmetall-aktie-friedensangst-schockt-anleger-842841">https://www.boerse-express.com/news/articles/rheinmetall-aktie-friedensangst-schockt-anleger-842841</a></p>

<p>Home &gt;Global  &gt;Russland &gt;Ukraine &gt;Ukraine-Frieden &gt;Ukrainekrieg &gt;Friedensangst Listenauswahl eines Beitrags (Artikel/Datum, Seite/Inhalt): Klicken oder scrollen Friedensangst (24.11.2025) Ungarns Präsident Orban für Friedensplan von Trump (22.11.2025) Rheinmetall Aktie: Friedensangst schockt Anleger (21.11.2025) Frieden &nbsp; Ungarns Präsident Orban für Friedensplan von Trump Orbán Viktor &hellip; <a href="https://www.freiburg-schwarzwald.de/blog/engagement/zukunft/frieden/friedensangst/">Weiterlesen <span class="meta-nav">&rarr;</span></a></p>
