{"id":141343,"date":"2025-11-10T14:51:49","date_gmt":"2025-11-10T13:51:49","guid":{"rendered":"https:\/\/www.freiburg-schwarzwald.de\/blog\/?page_id=141343"},"modified":"2025-12-28T18:40:07","modified_gmt":"2025-12-28T17:40:07","slug":"schulen-brutalitaet","status":"publish","type":"page","link":"https:\/\/www.freiburg-schwarzwald.de\/blog\/bildung\/schulen\/schulen-brutalitaet\/","title":{"rendered":"Schulen-Brutalit\u00e4t"},"content":{"rendered":"<p>Home &gt;<a title=\"Bildung\" href=\"https:\/\/www.freiburg-schwarzwald.de\/blog\/bildung\/\">Bildung<\/a>\u00a0&gt;<a title=\"Schulen\" href=\"https:\/\/www.freiburg-schwarzwald.de\/blog\/bildung\/schulen\/\">Schulen\u00a0<\/a>&gt;<a href=\"https:\/\/www.freiburg-schwarzwald.de\/blog\/bildung\/schulen\/schulen-migration\/\">Schulen-Migration<\/a> &gt;<a href=\"https:\/\/www.freiburg-schwarzwald.de\/blog\/bildung\/schulen\/schulen-gewalt\/\">Schulen-Gewalt<\/a> &gt;Schulen-Brutalit\u00e4t<\/p>\n<div id=\"attachment_141245\" style=\"width: 650px\" class=\"wp-caption alignnone\"><a href=\"https:\/\/www.freiburg-schwarzwald.de\/blog\/wp-content\/uploads\/2025\/11\/esskastanie-herbst-pan251031.jpg\"><img loading=\"lazy\" decoding=\"async\" aria-describedby=\"caption-attachment-141245\" class=\"size-full wp-image-141245\" src=\"https:\/\/www.freiburg-schwarzwald.de\/blog\/wp-content\/uploads\/2025\/11\/esskastanie-herbst-pan251031.jpg\" alt=\"\" width=\"640\" height=\"372\" srcset=\"https:\/\/www.freiburg-schwarzwald.de\/blog\/wp-content\/uploads\/2025\/11\/esskastanie-herbst-pan251031.jpg 640w, https:\/\/www.freiburg-schwarzwald.de\/blog\/wp-content\/uploads\/2025\/11\/esskastanie-herbst-pan251031-180x105.jpg 180w\" sizes=\"auto, (max-width: 640px) 100vw, 640px\" \/><\/a><p id=\"caption-attachment-141245\" class=\"wp-caption-text\">Herbstabend am 31.10.2025: Der Esskastanienbaum hat kaum noch Bl\u00e4tter<\/p><\/div>\n<ul>\n<li><em>Listenauswahl eines Beitrags (Artikel\/Datum, Seite\/Inhalt):<span style=\"text-decoration: underline;\"> Klicken<\/span> oder scrollen<\/em><\/li>\n<li><a href=\"https:\/\/www.freiburg-schwarzwald.de\/blog\/mobbing-vom-politischen-islam\/\">Mobbing vom politischen Islam<\/a>\u00a0(28.12.2025)<\/li>\n<li><a href=\"https:\/\/www.freiburg-schwarzwald.de\/blog\/bildung\/schulen\/unterricht\/\">Deutschlands Schulen zwischen Scharia und Indoktrination<\/a>\u00a0(19.12.2025)<\/li>\n<li><a href=\"https:\/\/www.freiburg-schwarzwald.de\/blog\/grundschulunterricht-unmoeglich\/\">Grundschulunterricht unm\u00f6glich<\/a> (13.12.2025)<\/li>\n<li>Brutalit\u00e4t an Schulen entgleitet: Anti-Gewalt-Coach reagiert mit dramatischem Appell (10.11.2025)<\/li>\n<\/ul>\n<p>&nbsp;<\/p>\n<p><strong>Brutalit\u00e4t an Schulen entgleitet: Anti-Gewalt-Coach reagiert mit dramatischem Appell<\/strong><br \/>\n&#8230;<br \/>\nEs sind ersch\u00fctternde Zahlen. Einer Studie in NRW zufolge <a href=\"https:\/\/www.focus.de\/panorama\/besonders-stark-bei-migranten-und-maedchen-gewalt-an-schulen-steigt-rasant_fa099981-df0f-4781-af9e-077f0d44027e.html\">https:\/\/www.focus.de\/panorama\/besonders-stark-bei-migranten-und-maedchen-gewalt-an-schulen-steigt-rasant_fa099981-df0f-4781-af9e-077f0d44027e.html<\/a> hat die Gewalt in Klassenzimmern und Pausenh\u00f6fen rasant zugenommen in den vergangenen Jahren.<br \/>\n&#8230;<br \/>\nBesonders deutliche Anteile verzeichneten die Autoren der Studie, die an 27 Schulen in drei NRW-St\u00e4dten durchgef\u00fchrt wurde, bei Sch\u00fclern mit Migrationshintergrund<br \/>\n<a href=\"https:\/\/www.focus.de\/politik\/deutschland\/jan-fleischhauer-das-pascha-problem-die-wahrheit-ueber-die-gewalt-an-schulen_f7ba3ff2-a603-4c0b-8bb5-e8577d02f59f.html\">https:\/\/www.focus.de\/politik\/deutschland\/jan-fleischhauer-das-pascha-problem-die-wahrheit-ueber-die-gewalt-an-schulen_f7ba3ff2-a603-4c0b-8bb5-e8577d02f59f.html<\/a>.<br \/>\n&#8230;<br \/>\n&#8211; Die Zahl der 6- bis 13-J\u00e4hrigen mit Polizeikontakt wegen Gewalt stieg um 114 Prozent, bei 14- und 15-J\u00e4hrigen um 21,6 Prozent.<br \/>\n&#8211; Besonders auff\u00e4llig ist der Anstieg bei im Ausland geborenen Sch\u00fclern. W\u00e4hrend deutsche 11- bis 13-J\u00e4hrige laut Studie sogar etwas seltener straff\u00e4llig wurden, stieg die Zahl bei migrantischen Kindern um 628 Prozent. <em><strong>Bei Gewaltkriminalit\u00e4t unter Siebtkl\u00e4sslern, die im Ausland geboren wurden, betr\u00e4gt der Zuwachs erschreckende 2325 Prozent.<\/strong><\/em><br \/>\n. Die Studie zeigt au\u00dferdem, dass Gewalt l\u00e4ngst kein reines Jungenproblem mehr ist. Die Zahl der unter 14-j\u00e4hrigen tatverd\u00e4chtigen M\u00e4dchen stieg um 150 Prozent, bei Jungen um 104 Prozent.<br \/>\n&#8211; Mit der zunehmenden Gewalt nehmen auch psychische Probleme massiv zu. Jedes dritte M\u00e4dchen unter 14 zeigt laut Studie Anzeichen von Angst oder Depression \u2013 in der 9. Klasse fast jedes zweite. Bei Jungen sind es rund 20 Prozent.<br \/>\n&#8211; \u00dcbergriffe auf Lehrkr\u00e4fte nehmen stark zu. Bei Neuntkl\u00e4sslern stiegen sie zwischen 2013 und 2024 bei Jungen um 53 Prozent, bei M\u00e4dchen um 90 Prozent.+<br \/>\n&#8230; Alles vom 10.11.2025 bitte lesen auf<br \/>\n<a href=\"https:\/\/www.focus.de\/panorama\/welt\/brutalitaet-an-schulen-entgleitet-anti-gewalt-coach-reagiert-mit-dramatischem-appell_359f4d59-1bb5-42aa-a1ba-242cdde53f06.html\">https:\/\/www.focus.de\/panorama\/welt\/brutalitaet-an-schulen-entgleitet-anti-gewalt-coach-reagiert-mit-dramatischem-appell_359f4d59-1bb5-42aa-a1ba-242cdde53f06.html<\/a><\/p>\n","protected":false},"excerpt":{"rendered":"<p>Home &gt;Bildung\u00a0&gt;Schulen\u00a0&gt;Schulen-Migration &gt;Schulen-Gewalt &gt;Schulen-Brutalit\u00e4t Listenauswahl eines Beitrags (Artikel\/Datum, Seite\/Inhalt): Klicken oder scrollen Mobbing vom politischen Islam\u00a0(28.12.2025) Deutschlands Schulen zwischen Scharia und Indoktrination\u00a0(19.12.2025) Grundschulunterricht unm\u00f6glich (13.12.2025) Brutalit\u00e4t an Schulen entgleitet: Anti-Gewalt-Coach reagiert mit dramatischem Appell (10.11.2025) &nbsp; Brutalit\u00e4t an Schulen entgleitet: &hellip; <a href=\"https:\/\/www.freiburg-schwarzwald.de\/blog\/bildung\/schulen\/schulen-brutalitaet\/\">Weiterlesen <span class=\"meta-nav\">&rarr;<\/span><\/a><\/p>\n","protected":false},"author":2,"featured_media":0,"parent":209,"menu_order":0,"comment_status":"closed","ping_status":"closed","template":"","meta":{"footnotes":""},"class_list":["post-141343","page","type-page","status-publish","hentry"],"_links":{"self":[{"href":"https:\/\/www.freiburg-schwarzwald.de\/blog\/wp-json\/wp\/v2\/pages\/141343","targetHints":{"allow":["GET"]}}],"collection":[{"href":"https:\/\/www.freiburg-schwarzwald.de\/blog\/wp-json\/wp\/v2\/pages"}],"about":[{"href":"https:\/\/www.freiburg-schwarzwald.de\/blog\/wp-json\/wp\/v2\/types\/page"}],"author":[{"embeddable":true,"href":"https:\/\/www.freiburg-schwarzwald.de\/blog\/wp-json\/wp\/v2\/users\/2"}],"replies":[{"embeddable":true,"href":"https:\/\/www.freiburg-schwarzwald.de\/blog\/wp-json\/wp\/v2\/comments?post=141343"}],"version-history":[{"count":6,"href":"https:\/\/www.freiburg-schwarzwald.de\/blog\/wp-json\/wp\/v2\/pages\/141343\/revisions"}],"predecessor-version":[{"id":143500,"href":"https:\/\/www.freiburg-schwarzwald.de\/blog\/wp-json\/wp\/v2\/pages\/141343\/revisions\/143500"}],"up":[{"embeddable":true,"href":"https:\/\/www.freiburg-schwarzwald.de\/blog\/wp-json\/wp\/v2\/pages\/209"}],"wp:attachment":[{"href":"https:\/\/www.freiburg-schwarzwald.de\/blog\/wp-json\/wp\/v2\/media?parent=141343"}],"curies":[{"name":"wp","href":"https:\/\/api.w.org\/{rel}","templated":true}]}}

Schulen-Brutalität

<p>Home &gt;<a title="Bildung" href="https://www.freiburg-schwarzwald.de/blog/bildung/">Bildung</a> &gt;<a title="Schulen" href="https://www.freiburg-schwarzwald.de/blog/bildung/schulen/">Schulen </a>&gt;<a href="https://www.freiburg-schwarzwald.de/blog/bildung/schulen/schulen-migration/">Schulen-Migration</a> &gt;<a href="https://www.freiburg-schwarzwald.de/blog/bildung/schulen/schulen-gewalt/">Schulen-Gewalt</a> &gt;Schulen-Brutalität</p>
<div id="attachment_141245" style="width: 650px" class="wp-caption alignnone"><a href="https://www.freiburg-schwarzwald.de/blog/wp-content/uploads/2025/11/esskastanie-herbst-pan251031.jpg"><img loading="lazy" decoding="async" aria-describedby="caption-attachment-141245" class="size-full wp-image-141245" src="https://www.freiburg-schwarzwald.de/blog/wp-content/uploads/2025/11/esskastanie-herbst-pan251031.jpg" alt="" width="640" height="372" srcset="https://www.freiburg-schwarzwald.de/blog/wp-content/uploads/2025/11/esskastanie-herbst-pan251031.jpg 640w, https://www.freiburg-schwarzwald.de/blog/wp-content/uploads/2025/11/esskastanie-herbst-pan251031-180x105.jpg 180w" sizes="auto, (max-width: 640px) 100vw, 640px" /></a><p id="caption-attachment-141245" class="wp-caption-text">Herbstabend am 31.10.2025: Der Esskastanienbaum hat kaum noch Blätter</p></div>
<ul>
<li><em>Listenauswahl eines Beitrags (Artikel/Datum, Seite/Inhalt):<span style="text-decoration: underline;"> Klicken</span> oder scrollen</em></li>
<li><a href="https://www.freiburg-schwarzwald.de/blog/mobbing-vom-politischen-islam/">Mobbing vom politischen Islam</a> (28.12.2025)</li>
<li><a href="https://www.freiburg-schwarzwald.de/blog/bildung/schulen/unterricht/">Deutschlands Schulen zwischen Scharia und Indoktrination</a> (19.12.2025)</li>
<li><a href="https://www.freiburg-schwarzwald.de/blog/grundschulunterricht-unmoeglich/">Grundschulunterricht unmöglich</a> (13.12.2025)</li>
<li>Brutalität an Schulen entgleitet: Anti-Gewalt-Coach reagiert mit dramatischem Appell (10.11.2025)</li>
</ul>
<p>&nbsp;</p>
<p><strong>Brutalität an Schulen entgleitet: Anti-Gewalt-Coach reagiert mit dramatischem Appell</strong><br />
&#8230;<br />
Es sind erschütternde Zahlen. Einer Studie in NRW zufolge <a href="https://www.focus.de/panorama/besonders-stark-bei-migranten-und-maedchen-gewalt-an-schulen-steigt-rasant_fa099981-df0f-4781-af9e-077f0d44027e.html">https://www.focus.de/panorama/besonders-stark-bei-migranten-und-maedchen-gewalt-an-schulen-steigt-rasant_fa099981-df0f-4781-af9e-077f0d44027e.html</a> hat die Gewalt in Klassenzimmern und Pausenhöfen rasant zugenommen in den vergangenen Jahren.<br />
&#8230;<br />
Besonders deutliche Anteile verzeichneten die Autoren der Studie, die an 27 Schulen in drei NRW-Städten durchgeführt wurde, bei Schülern mit Migrationshintergrund<br />
<a href="https://www.focus.de/politik/deutschland/jan-fleischhauer-das-pascha-problem-die-wahrheit-ueber-die-gewalt-an-schulen_f7ba3ff2-a603-4c0b-8bb5-e8577d02f59f.html">https://www.focus.de/politik/deutschland/jan-fleischhauer-das-pascha-problem-die-wahrheit-ueber-die-gewalt-an-schulen_f7ba3ff2-a603-4c0b-8bb5-e8577d02f59f.html</a>.<br />
&#8230;<br />
&#8211; Die Zahl der 6- bis 13-Jährigen mit Polizeikontakt wegen Gewalt stieg um 114 Prozent, bei 14- und 15-Jährigen um 21,6 Prozent.<br />
&#8211; Besonders auffällig ist der Anstieg bei im Ausland geborenen Schülern. Während deutsche 11- bis 13-Jährige laut Studie sogar etwas seltener straffällig wurden, stieg die Zahl bei migrantischen Kindern um 628 Prozent. <em><strong>Bei Gewaltkriminalität unter Siebtklässlern, die im Ausland geboren wurden, beträgt der Zuwachs erschreckende 2325 Prozent.</strong></em><br />
. Die Studie zeigt außerdem, dass Gewalt längst kein reines Jungenproblem mehr ist. Die Zahl der unter 14-jährigen tatverdächtigen Mädchen stieg um 150 Prozent, bei Jungen um 104 Prozent.<br />
&#8211; Mit der zunehmenden Gewalt nehmen auch psychische Probleme massiv zu. Jedes dritte Mädchen unter 14 zeigt laut Studie Anzeichen von Angst oder Depression – in der 9. Klasse fast jedes zweite. Bei Jungen sind es rund 20 Prozent.<br />
&#8211; Übergriffe auf Lehrkräfte nehmen stark zu. Bei Neuntklässlern stiegen sie zwischen 2013 und 2024 bei Jungen um 53 Prozent, bei Mädchen um 90 Prozent.+<br />
&#8230; Alles vom 10.11.2025 bitte lesen auf<br />
<a href="https://www.focus.de/panorama/welt/brutalitaet-an-schulen-entgleitet-anti-gewalt-coach-reagiert-mit-dramatischem-appell_359f4d59-1bb5-42aa-a1ba-242cdde53f06.html">https://www.focus.de/panorama/welt/brutalitaet-an-schulen-entgleitet-anti-gewalt-coach-reagiert-mit-dramatischem-appell_359f4d59-1bb5-42aa-a1ba-242cdde53f06.html</a></p>

<p>Home &gt;Bildung &gt;Schulen &gt;Schulen-Migration &gt;Schulen-Gewalt &gt;Schulen-Brutalität Listenauswahl eines Beitrags (Artikel/Datum, Seite/Inhalt): Klicken oder scrollen Mobbing vom politischen Islam (28.12.2025) Deutschlands Schulen zwischen Scharia und Indoktrination (19.12.2025) Grundschulunterricht unmöglich (13.12.2025) Brutalität an Schulen entgleitet: Anti-Gewalt-Coach reagiert mit dramatischem Appell (10.11.2025) &nbsp; Brutalität an Schulen entgleitet: &hellip; <a href="https://www.freiburg-schwarzwald.de/blog/bildung/schulen/schulen-brutalitaet/">Weiterlesen <span class="meta-nav">&rarr;</span></a></p>
