{"id":141258,"date":"2025-11-08T17:22:50","date_gmt":"2025-11-08T16:22:50","guid":{"rendered":"https:\/\/www.freiburg-schwarzwald.de\/blog\/?page_id=141258"},"modified":"2025-11-20T12:45:30","modified_gmt":"2025-11-20T11:45:30","slug":"soldaten","status":"publish","type":"page","link":"https:\/\/www.freiburg-schwarzwald.de\/blog\/engagement\/zukunft\/krieg\/soldaten\/","title":{"rendered":"Soldaten"},"content":{"rendered":"<p><a href=\"https:\/\/freiburg-schwarzwald.de\/blog\">Home<\/a>\u00a0&gt;<a title=\"Deutschland\" href=\"https:\/\/www.freiburg-schwarzwald.de\/blog\/global\/deutschland\/\">Deutschland<\/a>\u00a0&gt;<a href=\"https:\/\/www.freiburg-schwarzwald.de\/blog\/global\/russland\/\">Russland<\/a>\u00a0&gt;<a href=\"https:\/\/www.freiburg-schwarzwald.de\/blog\/global\/deutschland\/deutschland-russland\/\">Deutschland-Russland<\/a> &gt;<a href=\"https:\/\/www.freiburg-schwarzwald.de\/blog\/global\/russland\/nie-wieder-gegen-russland\/\">Nie-wieder-gegen-Russland<\/a> &gt;Soldaten<\/p>\n<div id=\"attachment_141245\" style=\"width: 650px\" class=\"wp-caption alignnone\"><a href=\"https:\/\/www.freiburg-schwarzwald.de\/blog\/wp-content\/uploads\/2025\/11\/esskastanie-herbst-pan251031.jpg\"><img loading=\"lazy\" decoding=\"async\" aria-describedby=\"caption-attachment-141245\" class=\"size-full wp-image-141245\" src=\"https:\/\/www.freiburg-schwarzwald.de\/blog\/wp-content\/uploads\/2025\/11\/esskastanie-herbst-pan251031.jpg\" alt=\"\" width=\"640\" height=\"372\" srcset=\"https:\/\/www.freiburg-schwarzwald.de\/blog\/wp-content\/uploads\/2025\/11\/esskastanie-herbst-pan251031.jpg 640w, https:\/\/www.freiburg-schwarzwald.de\/blog\/wp-content\/uploads\/2025\/11\/esskastanie-herbst-pan251031-180x105.jpg 180w\" sizes=\"auto, (max-width: 640px) 100vw, 640px\" \/><\/a><p id=\"caption-attachment-141245\" class=\"wp-caption-text\">Herbstabend am 31.10.2025: Der Esskastanienbaum hat kaum noch Bl\u00e4tter<\/p><\/div>\n<ul>\n<li><em>Listenauswahl eines Beitrags (Artikel\/Datum, Seite\/Inhalt): <span style=\"text-decoration: underline;\">Klicken<\/span> oder scrollen<\/em><\/li>\n<li><a href=\"https:\/\/www.freiburg-schwarzwald.de\/blog\/frieden-frieden-frieden\/\">Frieden, Frieden, Frieden<\/a> (10.11.2025)<\/li>\n<li><a href=\"https:\/\/www.freiburg-schwarzwald.de\/blog\/engagement\/zukunft\/krieg\/soldaten\/rheinwiesenlager\/\">Rheinwiesenlager der USA nach Kriegsende: \u201eDer blanke Horror, die H\u00f6lle auf Erden\u201c<\/a> (14.11.2025)<\/li>\n<li>Warum die Arbeit des Volksbundes Deutscher Kriegsgr\u00e4berf\u00fcrsorge in Russland ins Stocken kommt (7.11.2025)<\/li>\n<li><\/li>\n<li><a href=\"https:\/\/www.freiburg-schwarzwald.de\/blog\/global\/afghanistan\/\">Afghanistan<\/a><\/li>\n<li><a href=\"https:\/\/www.freiburg-schwarzwald.de\/blog\/engagement\/zukunft\/demokratie\/freiheit\/abweichende-meinung\/andersdenkende\/\">Andersdenkende<\/a><\/li>\n<li><a href=\"https:\/\/www.freiburg-schwarzwald.de\/blog\/engagement\/zukunft\/krieg\/bundeswehr\/bundeswehr-jugend\/\">Bundeswehr-Jugend<\/a><\/li>\n<li><a href=\"https:\/\/www.freiburg-schwarzwald.de\/blog\/global\/deutschland\/deutschland-usa\/\">Deutschland-USA<\/a><\/li>\n<li><a href=\"https:\/\/www.freiburg-schwarzwald.de\/blog\/global\/waffen\/drohnen\/\">Drohnen<\/a><\/li>\n<li><a href=\"https:\/\/www.freiburg-schwarzwald.de\/blog\/engagement\/zukunft\/frieden\/friedensgebot\/\">Friedensgebot<\/a><\/li>\n<li><a href=\"https:\/\/www.freiburg-schwarzwald.de\/blog\/regio\/heimat\/heimatschutz\/\">Heimatschutz<\/a><\/li>\n<li><a title=\"Kampf-gegen-Rechts\" href=\"https:\/\/www.freiburg-schwarzwald.de\/blog\/kultur\/medien\/kampf-gegen-rechts\/\">Kampf-gegen-Rechts<\/a><\/li>\n<li><a title=\"Krieg\" href=\"https:\/\/www.freiburg-schwarzwald.de\/blog\/engagement\/zukunft\/krieg\/\">Krieg<\/a><\/li>\n<li><a href=\"https:\/\/www.freiburg-schwarzwald.de\/blog\/engagement\/zukunft\/krieg\/kriegsangst\/\">Kriegsangst<\/a><\/li>\n<li><a href=\"https:\/\/www.freiburg-schwarzwald.de\/blog\/engagement\/zukunft\/krieg\/kriegstreiber\/\">Kriegstreiber<\/a><\/li>\n<li><a href=\"https:\/\/www.freiburg-schwarzwald.de\/blog\/engagement\/zukunft\/krieg\/kriegswirtschaft\/\">Kriegswirtschaft<\/a><\/li>\n<li><a href=\"https:\/\/www.freiburg-schwarzwald.de\/blog\/global\/eu\/europa\/nato\/\">NATO<\/a><\/li>\n<li><a title=\"Frieden\" href=\"https:\/\/www.freiburg-schwarzwald.de\/blog\/engagement\/zukunft\/frieden\/\">Frieden<\/a><\/li>\n<li><a href=\"https:\/\/www.freiburg-schwarzwald.de\/blog\/engagement\/zukunft\/krieg\/militarismus\/\">Militarismus<\/a><\/li>\n<li><a href=\"https:\/\/www.freiburg-schwarzwald.de\/blog\/engagement\/zukunft\/krieg\/panzer\/\">Panzer<\/a><\/li>\n<li><a href=\"https:\/\/www.freiburg-schwarzwald.de\/blog\/engagement\/zukunft\/krieg\/soldaten\/rheinwiesenlager\/\">Rheinwiesenlager<\/a><\/li>\n<li><a href=\"https:\/\/www.freiburg-schwarzwald.de\/blog\/global\/russland\/\">Russland<\/a><\/li>\n<li><a href=\"https:\/\/www.freiburg-schwarzwald.de\/blog\/engagement\/zukunft\/krieg\/verteidigung\/\">Verteidigung<\/a><\/li>\n<li><a href=\"https:\/\/www.freiburg-schwarzwald.de\/blog\/engagement\/zukunft\/krieg\/wehrhaftigkeit\/\">Wehrhaftigkeit<\/a><\/li>\n<\/ul>\n<p>&nbsp;<\/p>\n<p>&nbsp;<\/p>\n<p><strong>Warum die Arbeit des Volksbundes Deutscher Kriegsgr\u00e4berf\u00fcrsorge in Russland ins Stocken kommt<\/strong><br \/>\nDie Arbeit des Volksbundes Deutscher Kriegsgr\u00e4berf\u00fcrsorge in Russland kommt seit 2022 ins Stocken. Seit 1992 konnte der Volksbund die Gebeine von einer halben Million deutscher Soldaten, die von 1941 bis 1945 gegen die Sowjetunion gek\u00e4mpft hatten, identifizieren und 22 deutsche Soldatenfriedh\u00f6fe anlegen oder wiederherrichten. Das war m\u00f6glich aufgrund eines Abkommens zwischen Russland und Deutschland, in dem die Pflege deutscher Soldatengr\u00e4ber in Russland und russischer Soldatengr\u00e4ber in Deutschland geregelt wurde. Doch seit 2022 wird es immer schwieriger, von den staatlichen russischen Stellen Genehmigungen f\u00fcr die Exhumierung deutscher Soldaten zu bekommen. Nun hat sich die Bundesregierung dazu ge\u00e4u\u00dfert.<br \/>\nMitte Oktober stellte die Fraktion der AfD im Deutschen Bundestag eine Kleine Anfrage an die Bundesregierung. Ziel war es, etwas \u00fcber den Stand der Arbeit des Volksbundes Deutscher Kriegsgr\u00e4berf\u00fcrsorge in Russland zu erfahren. Eine Antwort der Bundesregierung liegt jetzt vor.<br \/>\nDie Antwort der Bundesregierung <a href=\"https:\/\/dserver.bundestag.de\/btd\/21\/024\/2102415.pdf\">https:\/\/dserver.bundestag.de\/btd\/21\/024\/2102415.pdf<\/a> wurde offenbar in Eile verfasst. Eine Flei\u00dfarbeit ist es nicht. Viele Fragen beantwortete die Bundesregierung mit der Formel, dazu l\u00e4gen \u201ekeine Angaben vor\u201c.<br \/>\n&#8230;<br \/>\nOffenbar geht es der Bundesregierung gar nicht um die Russen, sondern es geht um die Menschen in Deutschland. Diesen soll vorgegaukelt werden, dass Deutschland in Russland immer noch an Gedenken und Dialog interessiert ist. Deutschland habe aus der Geschichte gelernt. Es g\u00e4be also keinen Grund, Angst vor der deutschen Politik gegen\u00fcber Russland zu haben. Diese Botschaft richtet sich insbesondere an die Teile der deutschen Bev\u00f6lkerung, die eine weitere Zuspitzung des Konflikts mit Russland ablehnen.<br \/>\nDie Bundesregierung \u2013 die Deutschlands L\u00e4uterung in Russland durch Gr\u00e4berpflege und Gedenken in Russland \u201esichtbar machen\u201c will \u2013 hat dem Dialog zwischen Russen und Deutschen selbst den Boden entzogen. Deutschland k\u00fcndigte 2022 alle St\u00e4dtepartnerschaften mit Russland, Flugverbindungen nach Russland wurden eingestellt, Russen bekommen beim deutschen Konsulat in Moskau nur noch mit gro\u00dfen Schwierigkeiten ein Visum f\u00fcr Deutschland. Gedenkveranstaltungen im Berliner Treptow-Park am 8. und 9. Mai werden von den Berliner Beh\u00f6rden seit 2022 mit scharfen Auflagen belegt. In Torgau, also dort, wo die Befreier \u2013 russische und US-amerikanische Soldaten \u2013 1945 das erste Mal aufeinandertrafen, durfte der russische Botschafter nicht auf einer Gedenkveranstaltung sprechen. Er wurde in den Zuschauerbereich verwiesen.<br \/>\nNur wenn die deutsche \u00d6ffentlichkeit aufwacht, kann sich die Situation \u00e4ndern. Es w\u00e4re zu w\u00fcnschen, dass sich auch die Nachkommen von in der Sowjetunion gefallenen Soldaten an die \u00d6ffentlichkeit wenden und f\u00fcr eine Wiederherstellung des Dialogs mit Russland eintreten. Sonst m\u00fcssen wohl bald neue Gr\u00e4ber f\u00fcr deutsche Soldaten geschaufelt werden.<br \/>\n&#8230; Alles vom 7.11.2025 von Ulrich Heyden bitte lesen auf<br \/>\n<a href=\"https:\/\/www.nachdenkseiten.de\/?p=141695\">https:\/\/www.nachdenkseiten.de\/?p=141695<\/a><\/p>\n<p>&nbsp;<\/p>\n<p>&nbsp;<\/p>\n","protected":false},"excerpt":{"rendered":"<p>Home\u00a0&gt;Deutschland\u00a0&gt;Russland\u00a0&gt;Deutschland-Russland &gt;Nie-wieder-gegen-Russland &gt;Soldaten Listenauswahl eines Beitrags (Artikel\/Datum, Seite\/Inhalt): Klicken oder scrollen Frieden, Frieden, Frieden (10.11.2025) Rheinwiesenlager der USA nach Kriegsende: \u201eDer blanke Horror, die H\u00f6lle auf Erden\u201c (14.11.2025) Warum die Arbeit des Volksbundes Deutscher Kriegsgr\u00e4berf\u00fcrsorge in Russland ins Stocken kommt &hellip; <a href=\"https:\/\/www.freiburg-schwarzwald.de\/blog\/engagement\/zukunft\/krieg\/soldaten\/\">Weiterlesen <span class=\"meta-nav\">&rarr;<\/span><\/a><\/p>\n","protected":false},"author":2,"featured_media":0,"parent":18096,"menu_order":0,"comment_status":"closed","ping_status":"closed","template":"","meta":{"footnotes":""},"class_list":["post-141258","page","type-page","status-publish","hentry"],"_links":{"self":[{"href":"https:\/\/www.freiburg-schwarzwald.de\/blog\/wp-json\/wp\/v2\/pages\/141258","targetHints":{"allow":["GET"]}}],"collection":[{"href":"https:\/\/www.freiburg-schwarzwald.de\/blog\/wp-json\/wp\/v2\/pages"}],"about":[{"href":"https:\/\/www.freiburg-schwarzwald.de\/blog\/wp-json\/wp\/v2\/types\/page"}],"author":[{"embeddable":true,"href":"https:\/\/www.freiburg-schwarzwald.de\/blog\/wp-json\/wp\/v2\/users\/2"}],"replies":[{"embeddable":true,"href":"https:\/\/www.freiburg-schwarzwald.de\/blog\/wp-json\/wp\/v2\/comments?post=141258"}],"version-history":[{"count":6,"href":"https:\/\/www.freiburg-schwarzwald.de\/blog\/wp-json\/wp\/v2\/pages\/141258\/revisions"}],"predecessor-version":[{"id":141836,"href":"https:\/\/www.freiburg-schwarzwald.de\/blog\/wp-json\/wp\/v2\/pages\/141258\/revisions\/141836"}],"up":[{"embeddable":true,"href":"https:\/\/www.freiburg-schwarzwald.de\/blog\/wp-json\/wp\/v2\/pages\/18096"}],"wp:attachment":[{"href":"https:\/\/www.freiburg-schwarzwald.de\/blog\/wp-json\/wp\/v2\/media?parent=141258"}],"curies":[{"name":"wp","href":"https:\/\/api.w.org\/{rel}","templated":true}]}}