{"id":140955,"date":"2025-11-01T11:15:47","date_gmt":"2025-11-01T10:15:47","guid":{"rendered":"https:\/\/www.freiburg-schwarzwald.de\/blog\/?page_id=140955"},"modified":"2026-03-27T19:06:37","modified_gmt":"2026-03-27T18:06:37","slug":"frauen-angst","status":"publish","type":"page","link":"https:\/\/www.freiburg-schwarzwald.de\/blog\/selbsthilfe\/frauen\/frauen-angst\/","title":{"rendered":"Frauen-Angst"},"content":{"rendered":"<p><a href=\"https:\/\/www.freiburg-schwarzwald.de\/blog\">Home<\/a>\u00a0&gt;<a title=\"Selbsthilfe\" href=\"https:\/\/www.freiburg-schwarzwald.de\/blog\/selbsthilfe\/\">Selbsthilfe<\/a>\u00a0&gt;<a title=\"Krise\" href=\"https:\/\/www.freiburg-schwarzwald.de\/blog\/selbsthilfe\/krise\/\">Krise<\/a>\u00a0&gt;<a title=\"Frauen\" href=\"https:\/\/www.freiburg-schwarzwald.de\/blog\/selbsthilfe\/frauen\/\">Frauen<\/a>\u00a0&gt;<a title=\"Gewalt\" href=\"https:\/\/www.freiburg-schwarzwald.de\/blog\/selbsthilfe\/krise\/gewalt\/\">Gewalt<\/a> &gt;<a href=\"https:\/\/www.freiburg-schwarzwald.de\/blog\/selbsthilfe\/frauen\/frauenmorde-migration\/\">Frauenmorde-Migration<\/a> &gt;Frauen-Angst<\/p>\n<div id=\"attachment_139009\" style=\"width: 577px\" class=\"wp-caption alignnone\"><a href=\"https:\/\/www.freiburg-schwarzwald.de\/blog\/wp-content\/uploads\/2025\/09\/rassismus-floyd-zarutska-pan250907.jpg\"><img loading=\"lazy\" decoding=\"async\" aria-describedby=\"caption-attachment-139009\" class=\"size-full wp-image-139009\" src=\"https:\/\/www.freiburg-schwarzwald.de\/blog\/wp-content\/uploads\/2025\/09\/rassismus-floyd-zarutska-pan250907.jpg\" alt=\"\" width=\"567\" height=\"316\" srcset=\"https:\/\/www.freiburg-schwarzwald.de\/blog\/wp-content\/uploads\/2025\/09\/rassismus-floyd-zarutska-pan250907.jpg 567w, https:\/\/www.freiburg-schwarzwald.de\/blog\/wp-content\/uploads\/2025\/09\/rassismus-floyd-zarutska-pan250907-180x100.jpg 180w\" sizes=\"auto, (max-width: 567px) 100vw, 567px\" \/><\/a><p id=\"caption-attachment-139009\" class=\"wp-caption-text\">Rassismus gegen wei\u00df und gegen schwarz in den USA: Iryna Zarutska und George Floyd<\/p><\/div>\n<ul>\n<li><em>Listenauswahl eines Beitrags (Artikel\/Datum, Seite\/Inhalt): <span style=\"text-decoration: underline;\">Klicken<\/span> oder scrollen<\/em><\/li>\n<li><a href=\"https:\/\/www.freiburg-schwarzwald.de\/blog\/selbsthilfe\/krise\/sexuellermissbrauch\/vergewaltigung-virtuell\/\">Joana Cotar: Das Ende der Unschuld und der Unschuldsvermutung -Der Fall Fernandes<\/a>\u00a0(25.3.2026)<\/li>\n<li>Stadtbild-Debatte: \u201eIch bin die Tochter, von der Merz sprach\u201c (8.10.2025)<\/li>\n<li><\/li>\n<li><a href=\"https:\/\/www.freiburg-schwarzwald.de\/blog\/selbsthilfe\/krise\/sexuellermissbrauch\/vergewaltigung-virtuell\/\">Vergewaltigung-virtuell<\/a><\/li>\n<\/ul>\n<p>&nbsp;<\/p>\n<p><strong>Stadtbild-Debatte: \u201eIch bin die Tochter, von der Merz sprach\u201c<\/strong><br \/>\nDer Beitrag der beh\u00fcteten Million\u00e4rstochter Luisa Neubauer zur <a href=\"https:\/\/www.freiburg-schwarzwald.de\/blog\/stadtbild-statement-von-merz\/\">Stadtbild-Debatte<\/a> war eine organisierte Anti-Merz-Demo vor dem Brandenburger Tor: \u201eWir sind die T\u00f6chter.\u201c Auf TE berichtet eine junge Studentin \u00fcber ihre Erfahrungen in einer deutschen Gro\u00dfstadt: \u201eIch bin die Tochter, von der Merz sprach.\u201c Sie bleibt anonym, weil sie von Linksradikalen attackiert wurde.<br \/>\n&#8230;<br \/>\nAls junge Frau Anfang 20 erlebe ich diese Probleme t\u00e4glich, wenn ich durch die Bonner Innenstadt gehe. An U-Bahn-Stationen werde ich von jungen M\u00e4nnern angesprochen, die kein Deutsch sprechen, mich anstarren, auf meinen K\u00f6rper fixiert sind oder mich beobachten. Worte wie \u201egeil\u201c fallen, Lippen werden geleckt, sie stellen sich mir in den Weg. H\u00e4ufig sind diese Begegnungen begleitet von Marihuana- oder Alkoholgeruch.<\/p>\n<p>Wenn ich aus Sorge ein Taxi nehme, bekomme ich zu h\u00f6ren: \u201eIch kann dich jetzt einfach mit in die T\u00fcrkei nehmen und dich heiraten, ob du willst oder nicht.\u201c Im folgenden Moment h\u00f6re ich die T\u00fcrverriegelung klicken. In diesen Momenten wird deutlich, wie unsicher \u00f6\ufb00entliche R\u00e4ume f\u00fcr Frauen sein k\u00f6nnen.<\/p>\n<p>Ich komme aus der Eifel \u2013 eine l\u00e4ndliche, abgeschiedene Gegend. Ich dachte lange, es handele sich um Einzelf\u00e4lle. Doch diese Erlebnisse wiederholen sich tagt\u00e4glich. Egal, ob Rock oder Jeans: Die Gefahr bleibt. Ich bin die Tochter, von der Merz sprach, und wer leugnet, dass solche Erfahrungen existieren, verleugnet Opfer sexueller und verbaler Gewalt.<br \/>\nDiese Debatte dreht sich nicht um ethnische Herkunft, sondern um M\u00e4nner, die unsere gesellschaftlichen Werte nicht respektieren. Frauen werden als Objekte betrachtet, Machtmissbrauch wird toleriert, und der Staat vers\u00e4umt es, pr\u00e4ventiv zu handeln und Integration zu f\u00f6rdern. Dennoch spielt die gezielte Abschiebung von Straft\u00e4tern und jenen, die unsere Gepflogenheiten nicht respektieren wollen, nun einmal ebenfalls eine wichtige Rolle, um das Problem in den Griff zu bekommen.<br \/>\nWir leben in einer Zeit, in der Frauen emanzipiert sind und Kleidung frei w\u00e4hlen k\u00f6nnen: Doch diese Freiheit sch\u00fctzt uns nicht vor Bel\u00e4stigung. Demonstrationen, die T\u00e4ter st\u00fctzen, statt Opfer zu sch\u00fctzen, o\ufb00enbaren die Doppelmoral, die in unserer Gesellschaft herrscht. Wenn dies zudem ausgerechnet von Parteien ausgeht, die zuvor die Strafbarkeit von Catcalling gefordert haben, wirkt es noch perfider.<br \/>\nDie T\u00e4ter verachten grundlegende Werte: Sie spucken auf den Boden, werfen M\u00fcll auf die Stra\u00dfe, konsumieren Drogen, respektieren andere nicht.<br \/>\nAls Gesellschaft tragen wir eine Mitverantwortung daf\u00fcr, dass es so weit kommen konnte. Und es liegt auch an uns, diese Entwicklung zu korrigieren.<\/p>\n<p>Die Auseinandersetzung um das Stadtbild ist eine Frage dar\u00fcber, wer wir als Gesellschaft sind und wer wir sein wollen. Viele demonstrieren gegen Merz, doch dagegen zu sein, ist der einfachste Weg. Den Dialog zu f\u00fchren, ist anstrengend, aber notwendig.<\/p>\n<p>Es geht um Sicherheit, Ordnung, Respekt und ein Stadtbild, in dem sich Menschen jeglicher Herkunft wohlf\u00fchlen k\u00f6nnen. Dieser Ton fehlt oft in der \u00f6\ufb00entlichen Debatte \u2013 viele schreien, wenige diskutieren sachlich.Wir m\u00fcssen die Debattenkultur st\u00e4rken und Mut zeigen. Es geht nicht um rechts oder links, sondern um die F\u00e4higkeit, fundiert und respektvoll zu diskutieren. Extremismus, egal von welcher Seite, schadet der Gesellschaft. Nur durch Zuh\u00f6ren, Verstehen und Zusammenarbeit k\u00f6nnen wir eine stabile Demokratie erhalten.<\/p>\n<p>Die zentrale Frage bleibt: Lassen wir uns dadurch spalten oder entscheiden wir uns aktiv f\u00fcr das gemeinsame Wachstum? Die Stadtbild-Debatte war \u00fcberf\u00e4llig, weil sie tiefere gesellschaftliche Probleme aufzeigt. Schuldzuweisungen greifen zu kurz. Wir sollten uns der Frage stellen: Wer wollen wir in Zukunft sein? Eine Gesellschaft, in der sich jeder jederzeit vollkommen sicher f\u00fchlt, wird es nie geben. Aber wir k\u00f6nnen eine Ann\u00e4herung wagen, statt uns in Aggression zu verlieren.<\/p>\n<p>Ich als junge Frau f\u00fchle mich oft nicht gesehen und respektlos behandelt, wenn meine Wahrnehmung als \u201erechts\u201c abgetan wird. Es geht nicht um richtig oder falsch, sondern darum, die Mitte unserer Gesellschaft zu st\u00e4rken \u2013 sachlich, respektvoll und konstruktiv. Nur so bleibt unsere Demokratie stabil und unsere Stadt wirklich lebenswert.<br \/>\n&#8230; Alles vom 8.10.2025 bitte lesen auf<br \/>\n<a href=\"https:\/\/www.tichyseinblick.de\/gastbeitrag\/stadtbild-debatte-ich-bin-die-tochter-von-der-merz-sprach\/\">https:\/\/www.tichyseinblick.de\/gastbeitrag\/stadtbild-debatte-ich-bin-die-tochter-von-der-merz-sprach\/<\/a><\/p>\n","protected":false},"excerpt":{"rendered":"<p>Home\u00a0&gt;Selbsthilfe\u00a0&gt;Krise\u00a0&gt;Frauen\u00a0&gt;Gewalt &gt;Frauenmorde-Migration &gt;Frauen-Angst Listenauswahl eines Beitrags (Artikel\/Datum, Seite\/Inhalt): Klicken oder scrollen Joana Cotar: Das Ende der Unschuld und der Unschuldsvermutung -Der Fall Fernandes\u00a0(25.3.2026) Stadtbild-Debatte: \u201eIch bin die Tochter, von der Merz sprach\u201c (8.10.2025) Vergewaltigung-virtuell &nbsp; Stadtbild-Debatte: \u201eIch bin die Tochter, &hellip; <a href=\"https:\/\/www.freiburg-schwarzwald.de\/blog\/selbsthilfe\/frauen\/frauen-angst\/\">Weiterlesen <span class=\"meta-nav\">&rarr;<\/span><\/a><\/p>\n","protected":false},"author":2,"featured_media":0,"parent":59,"menu_order":0,"comment_status":"closed","ping_status":"closed","template":"","meta":{"footnotes":""},"class_list":["post-140955","page","type-page","status-publish","hentry"],"_links":{"self":[{"href":"https:\/\/www.freiburg-schwarzwald.de\/blog\/wp-json\/wp\/v2\/pages\/140955","targetHints":{"allow":["GET"]}}],"collection":[{"href":"https:\/\/www.freiburg-schwarzwald.de\/blog\/wp-json\/wp\/v2\/pages"}],"about":[{"href":"https:\/\/www.freiburg-schwarzwald.de\/blog\/wp-json\/wp\/v2\/types\/page"}],"author":[{"embeddable":true,"href":"https:\/\/www.freiburg-schwarzwald.de\/blog\/wp-json\/wp\/v2\/users\/2"}],"replies":[{"embeddable":true,"href":"https:\/\/www.freiburg-schwarzwald.de\/blog\/wp-json\/wp\/v2\/comments?post=140955"}],"version-history":[{"count":5,"href":"https:\/\/www.freiburg-schwarzwald.de\/blog\/wp-json\/wp\/v2\/pages\/140955\/revisions"}],"predecessor-version":[{"id":147125,"href":"https:\/\/www.freiburg-schwarzwald.de\/blog\/wp-json\/wp\/v2\/pages\/140955\/revisions\/147125"}],"up":[{"embeddable":true,"href":"https:\/\/www.freiburg-schwarzwald.de\/blog\/wp-json\/wp\/v2\/pages\/59"}],"wp:attachment":[{"href":"https:\/\/www.freiburg-schwarzwald.de\/blog\/wp-json\/wp\/v2\/media?parent=140955"}],"curies":[{"name":"wp","href":"https:\/\/api.w.org\/{rel}","templated":true}]}}

<p><a href="https://www.freiburg-schwarzwald.de/blog">Home</a> &gt;<a title="Selbsthilfe" href="https://www.freiburg-schwarzwald.de/blog/selbsthilfe/">Selbsthilfe</a> &gt;<a title="Krise" href="https://www.freiburg-schwarzwald.de/blog/selbsthilfe/krise/">Krise</a> &gt;<a title="Frauen" href="https://www.freiburg-schwarzwald.de/blog/selbsthilfe/frauen/">Frauen</a> &gt;<a title="Gewalt" href="https://www.freiburg-schwarzwald.de/blog/selbsthilfe/krise/gewalt/">Gewalt</a> &gt;<a href="https://www.freiburg-schwarzwald.de/blog/selbsthilfe/frauen/frauenmorde-migration/">Frauenmorde-Migration</a> &gt;Frauen-Angst</p>
<div id="attachment_139009" style="width: 577px" class="wp-caption alignnone"><a href="https://www.freiburg-schwarzwald.de/blog/wp-content/uploads/2025/09/rassismus-floyd-zarutska-pan250907.jpg"><img loading="lazy" decoding="async" aria-describedby="caption-attachment-139009" class="size-full wp-image-139009" src="https://www.freiburg-schwarzwald.de/blog/wp-content/uploads/2025/09/rassismus-floyd-zarutska-pan250907.jpg" alt="" width="567" height="316" srcset="https://www.freiburg-schwarzwald.de/blog/wp-content/uploads/2025/09/rassismus-floyd-zarutska-pan250907.jpg 567w, https://www.freiburg-schwarzwald.de/blog/wp-content/uploads/2025/09/rassismus-floyd-zarutska-pan250907-180x100.jpg 180w" sizes="auto, (max-width: 567px) 100vw, 567px" /></a><p id="caption-attachment-139009" class="wp-caption-text">Rassismus gegen weiß und gegen schwarz in den USA: Iryna Zarutska und George Floyd</p></div>
<ul>
<li><em>Listenauswahl eines Beitrags (Artikel/Datum, Seite/Inhalt): <span style="text-decoration: underline;">Klicken</span> oder scrollen</em></li>
<li><a href="https://www.freiburg-schwarzwald.de/blog/selbsthilfe/krise/sexuellermissbrauch/vergewaltigung-virtuell/">Joana Cotar: Das Ende der Unschuld und der Unschuldsvermutung -Der Fall Fernandes</a> (25.3.2026)</li>
<li>Stadtbild-Debatte: „Ich bin die Tochter, von der Merz sprach“ (8.10.2025)</li>
<li></li>
<li><a href="https://www.freiburg-schwarzwald.de/blog/selbsthilfe/krise/sexuellermissbrauch/vergewaltigung-virtuell/">Vergewaltigung-virtuell</a></li>
</ul>
<p>&nbsp;</p>
<p><strong>Stadtbild-Debatte: „Ich bin die Tochter, von der Merz sprach“</strong><br />
Der Beitrag der behüteten Millionärstochter Luisa Neubauer zur <a href="https://www.freiburg-schwarzwald.de/blog/stadtbild-statement-von-merz/">Stadtbild-Debatte</a> war eine organisierte Anti-Merz-Demo vor dem Brandenburger Tor: „Wir sind die Töchter.“ Auf TE berichtet eine junge Studentin über ihre Erfahrungen in einer deutschen Großstadt: „Ich bin die Tochter, von der Merz sprach.“ Sie bleibt anonym, weil sie von Linksradikalen attackiert wurde.<br />
&#8230;<br />
Als junge Frau Anfang 20 erlebe ich diese Probleme täglich, wenn ich durch die Bonner Innenstadt gehe. An U-Bahn-Stationen werde ich von jungen Männern angesprochen, die kein Deutsch sprechen, mich anstarren, auf meinen Körper fixiert sind oder mich beobachten. Worte wie „geil“ fallen, Lippen werden geleckt, sie stellen sich mir in den Weg. Häufig sind diese Begegnungen begleitet von Marihuana- oder Alkoholgeruch.</p>
<p>Wenn ich aus Sorge ein Taxi nehme, bekomme ich zu hören: „Ich kann dich jetzt einfach mit in die Türkei nehmen und dich heiraten, ob du willst oder nicht.“ Im folgenden Moment höre ich die Türverriegelung klicken. In diesen Momenten wird deutlich, wie unsicher öﬀentliche Räume für Frauen sein können.</p>
<p>Ich komme aus der Eifel – eine ländliche, abgeschiedene Gegend. Ich dachte lange, es handele sich um Einzelfälle. Doch diese Erlebnisse wiederholen sich tagtäglich. Egal, ob Rock oder Jeans: Die Gefahr bleibt. Ich bin die Tochter, von der Merz sprach, und wer leugnet, dass solche Erfahrungen existieren, verleugnet Opfer sexueller und verbaler Gewalt.<br />
Diese Debatte dreht sich nicht um ethnische Herkunft, sondern um Männer, die unsere gesellschaftlichen Werte nicht respektieren. Frauen werden als Objekte betrachtet, Machtmissbrauch wird toleriert, und der Staat versäumt es, präventiv zu handeln und Integration zu fördern. Dennoch spielt die gezielte Abschiebung von Straftätern und jenen, die unsere Gepflogenheiten nicht respektieren wollen, nun einmal ebenfalls eine wichtige Rolle, um das Problem in den Griff zu bekommen.<br />
Wir leben in einer Zeit, in der Frauen emanzipiert sind und Kleidung frei wählen können: Doch diese Freiheit schützt uns nicht vor Belästigung. Demonstrationen, die Täter stützen, statt Opfer zu schützen, oﬀenbaren die Doppelmoral, die in unserer Gesellschaft herrscht. Wenn dies zudem ausgerechnet von Parteien ausgeht, die zuvor die Strafbarkeit von Catcalling gefordert haben, wirkt es noch perfider.<br />
Die Täter verachten grundlegende Werte: Sie spucken auf den Boden, werfen Müll auf die Straße, konsumieren Drogen, respektieren andere nicht.<br />
Als Gesellschaft tragen wir eine Mitverantwortung dafür, dass es so weit kommen konnte. Und es liegt auch an uns, diese Entwicklung zu korrigieren.</p>
<p>Die Auseinandersetzung um das Stadtbild ist eine Frage darüber, wer wir als Gesellschaft sind und wer wir sein wollen. Viele demonstrieren gegen Merz, doch dagegen zu sein, ist der einfachste Weg. Den Dialog zu führen, ist anstrengend, aber notwendig.</p>
<p>Es geht um Sicherheit, Ordnung, Respekt und ein Stadtbild, in dem sich Menschen jeglicher Herkunft wohlfühlen können. Dieser Ton fehlt oft in der öﬀentlichen Debatte – viele schreien, wenige diskutieren sachlich.Wir müssen die Debattenkultur stärken und Mut zeigen. Es geht nicht um rechts oder links, sondern um die Fähigkeit, fundiert und respektvoll zu diskutieren. Extremismus, egal von welcher Seite, schadet der Gesellschaft. Nur durch Zuhören, Verstehen und Zusammenarbeit können wir eine stabile Demokratie erhalten.</p>
<p>Die zentrale Frage bleibt: Lassen wir uns dadurch spalten oder entscheiden wir uns aktiv für das gemeinsame Wachstum? Die Stadtbild-Debatte war überfällig, weil sie tiefere gesellschaftliche Probleme aufzeigt. Schuldzuweisungen greifen zu kurz. Wir sollten uns der Frage stellen: Wer wollen wir in Zukunft sein? Eine Gesellschaft, in der sich jeder jederzeit vollkommen sicher fühlt, wird es nie geben. Aber wir können eine Annäherung wagen, statt uns in Aggression zu verlieren.</p>
<p>Ich als junge Frau fühle mich oft nicht gesehen und respektlos behandelt, wenn meine Wahrnehmung als „rechts“ abgetan wird. Es geht nicht um richtig oder falsch, sondern darum, die Mitte unserer Gesellschaft zu stärken – sachlich, respektvoll und konstruktiv. Nur so bleibt unsere Demokratie stabil und unsere Stadt wirklich lebenswert.<br />
&#8230; Alles vom 8.10.2025 bitte lesen auf<br />
<a href="https://www.tichyseinblick.de/gastbeitrag/stadtbild-debatte-ich-bin-die-tochter-von-der-merz-sprach/">https://www.tichyseinblick.de/gastbeitrag/stadtbild-debatte-ich-bin-die-tochter-von-der-merz-sprach/</a></p>
