{"id":139679,"date":"2025-10-01T20:23:29","date_gmt":"2025-10-01T18:23:29","guid":{"rendered":"https:\/\/www.freiburg-schwarzwald.de\/blog\/?page_id=139679"},"modified":"2025-10-01T20:27:05","modified_gmt":"2025-10-01T18:27:05","slug":"afd-migration","status":"publish","type":"page","link":"https:\/\/www.freiburg-schwarzwald.de\/blog\/vereine\/partei\/afd\/afd-migration\/","title":{"rendered":"AfD-Migration"},"content":{"rendered":"<p><a href=\"https:\/\/www.freiburg-schwarzwald.de\/blog\">Home<\/a>\u00a0&gt;<a title=\"Engagement\" href=\"https:\/\/www.freiburg-schwarzwald.de\/blog\/engagement\/\">Engagement<\/a>\u00a0&gt;<a title=\"Partei\" href=\"https:\/\/www.freiburg-schwarzwald.de\/blog\/vereine\/partei\/\">Partei<\/a>\u00a0&gt;<a href=\"https:\/\/www.freiburg-schwarzwald.de\/blog\/engagement\/zukunft\/demokratie\/parlament\/parlamentarismus\/\">Parlamentarismus<\/a>\u00a0&gt;<a href=\"https:\/\/www.freiburg-schwarzwald.de\/blog\/engagement\/zukunft\/demokratie\/opposition\/\">Opposition<\/a>\u00a0&gt;<a href=\"https:\/\/www.freiburg-schwarzwald.de\/blog\/vereine\/partei\/afd\/\">AfD<\/a> &gt;AfD-Migration<\/p>\n<div id=\"attachment_134696\" style=\"width: 651px\" class=\"wp-caption alignnone\"><a href=\"https:\/\/www.freiburg-schwarzwald.de\/blog\/wp-content\/uploads\/2025\/06\/afd-bundestag-sitzungssaal-pan250526.jpg\"><img loading=\"lazy\" decoding=\"async\" aria-describedby=\"caption-attachment-134696\" class=\"size-full wp-image-134696\" src=\"https:\/\/www.freiburg-schwarzwald.de\/blog\/wp-content\/uploads\/2025\/06\/afd-bundestag-sitzungssaal-pan250526.jpg\" alt=\"\" width=\"641\" height=\"360\" srcset=\"https:\/\/www.freiburg-schwarzwald.de\/blog\/wp-content\/uploads\/2025\/06\/afd-bundestag-sitzungssaal-pan250526.jpg 641w, https:\/\/www.freiburg-schwarzwald.de\/blog\/wp-content\/uploads\/2025\/06\/afd-bundestag-sitzungssaal-pan250526-180x101.jpg 180w\" sizes=\"auto, (max-width: 641px) 100vw, 641px\" \/><\/a><p id=\"caption-attachment-134696\" class=\"wp-caption-text\">Kleiner Sitzungssaal im Bundestag f\u00fcr die AfD als zweitgr\u00f6\u00dfte Partei am 26.5.2025<\/p><\/div>\n<ul>\n<li><em>Listenauswahl eines Beitrags (Artikel\/Datum, Seite\/Inhalt): <span style=\"text-decoration: underline;\">Klicken<\/span> oder scrollen<\/em><\/li>\n<li>Neue Umfrage: Viele Migranten w\u00e4hlen AfD (1.10.2025)<\/li>\n<\/ul>\n<p>&nbsp;<\/p>\n<p><strong>Neue Umfrage: Viele Migranten w\u00e4hlen AfD<\/strong><br \/>\nPolen, Russlanddeutsche, Balkan-Fl\u00fcchtlinge: Warum sie ein Zeichen setzen<br \/>\nEs ist der Albtraum jedes Linken \u2013 und eine Realit\u00e4t, die viele Konservative noch gar nicht begriffen haben: Die AfD punktet nicht nur bei Biodeutschen, die die Nase voll haben vom rot-gr\u00fcnen Polit-Theater \u2013 sondern auch zunehmend bei Migranten. Genauer gesagt: bei den \u201ealten Migranten\u201c. Jenen, die seit Jahrzehnten hier leben, sich abgerackert und integriert haben, deutsch geworden sind \u2013 und jetzt zusehen m\u00fcssen, wie all das entwertet wird.<\/p>\n<p>Immer mehr Einwanderer der ersten oder zweiten Generation w\u00e4hlen AfD. Und zwar nicht trotz, sondern gerade wegen deren migrationskritischer Positionen. In Duisburg, wo besonders viele Einwanderer leben, wurde die AfD bei den j\u00fcngsten Integrationsratswahlen zweitst\u00e4rkste Kraft \u2013 in Hagen sogar erste. Besonders stark f\u00e4llt der Zuspruch \u2013 laut einer neuen Studie der CDU-nahen Konrad-Adenauer-Stiftung, f\u00fcr die mehr als 1.100 Menschen mit Migrationshintergrund befragt wurden \u2013 unter Menschen mit polnischem Hintergrund aus \u2013 mit einem AfD-Anteil von 33\u202fProzent. Unter allen Sp\u00e4taussiedlern, also ethnischen Deutschen etwa aus Russland, Polen oder Ex-Jugoslawien, erreicht die AfD sogar 31\u202fProzent \u2013 und ist damit st\u00e4rkste Kraft. Bei russlandst\u00e4mmigen Befragten insgesamt \u2013 also unabh\u00e4ngig davon, ob sie als Sp\u00e4taussiedler gelten oder nicht \u2013 liegt der Wert hingegen bei nur 14\u202fProzent. Auch Sp\u00e4taussiedler aus Ex-Jugoslawien zeigen mit 26\u202fProzent eine deutlich \u00fcberdurchschnittliche Zustimmung.<br \/>\n&#8230;<br \/>\nWas auf den ersten Blick paradox klingt \u2013 Sympathien f\u00fcr eine migrationskritische Partei bei Migranten \u2013 ergibt auf den zweiten Blick eine beklemmende Logik. Welt-Redakteurin Fatina Keilani <a href=\"https:\/\/www.welt.de\/politik\/deutschland\/video68dbeb4e12c5eba0ff760e5d\/studie-der-adenauer-stiftung-migranten-waehlen-zunehmend-afd-sie-wollen-ihr-gutes-altes-deutschland-zurueck.html\">https:\/\/www.welt.de\/politik\/deutschland\/video68dbeb4e12c5eba0ff760e5d\/studie-der-adenauer-stiftung-migranten-waehlen-zunehmend-afd-sie-wollen-ihr-gutes-altes-deutschland-zurueck.html<\/a> beschreibt es so: Viele der Einwanderer aus der T\u00fcrkei, dem ehemaligen Jugoslawien oder der ehemaligen Sowjetunion haben sich ihre Existenz in Deutschland hart erk\u00e4mpft. Sie mussten Jahrzehnte warten, um \u00fcberhaupt eingeb\u00fcrgert zu werden. Mussten ihre urspr\u00fcngliche Staatsb\u00fcrgerschaft abgeben. Haben sich in einer Gesellschaft behauptet, die sich selbst nicht als Einwanderungsland verstand \u2013 und in der das \u201eBlutrecht\u201c (\u201eius sanguinis\u201c), also das Abstammungsprinzip, galt. Wer nicht von Deutschen abstammte, war kein Deutscher. Punkt.<br \/>\nDann kam das Jahr 2000 \u2013 und mit ihm ein historischer Einschnitt durch die damalige rot-gr\u00fcne Koalition: Das deutsche Staatsangeh\u00f6rigkeitsrecht wurde erstmals grundlegend reformiert. Erstmals war nicht mehr allein das \u201eBlutrecht\u201c entscheidend, sondern auch der Geburtsort. Kinder ausl\u00e4ndischer Eltern konnten unter bestimmten Bedingungen Deutsche werden \u2013 ein Recht, das der ersten Migrantengeneration noch verwehrt war. Sie mussten Jahrzehnte warten, ihre alte Staatsb\u00fcrgerschaft aufgeben, sich durch B\u00fcrokratie k\u00e4mpfen \u2013 nur um irgendwann vielleicht dazugeh\u00f6ren zu d\u00fcrfen.<\/p>\n<p>Im Jahr 2024 folgte dann durch die n\u00e4chste rot-gr\u00fcne Regierung die n\u00e4chste Reform \u2013 diesmal mit dem Vorschlaghammer. Die Einb\u00fcrgerung ist nun bereits nach drei Jahren m\u00f6glich, bei besonderer Integrationsleistung. Die doppelte Staatsb\u00fcrgerschaft wurde zum Regelfall. Selbst Personen mit kaum verwurzelter Bindung an Deutschland k\u00f6nnen heute auf dem Schnellweg eingeb\u00fcrgert werden.<\/p>\n<p>Es ist mehr als nur ein Gef\u00fchl von Ungleichbehandlung. Es ist ein tiefer Vertrauensverlust.<br \/>\n&#8230; Alles vom 1.10.2025 bitte lesen auf<br \/>\n<a href=\"https:\/\/reitschuster.de\/post\/neue-umfrage-viele-migranten-waehlen-afd\/\">https:\/\/reitschuster.de\/post\/neue-umfrage-viele-migranten-waehlen-afd\/<\/a><\/p>\n","protected":false},"excerpt":{"rendered":"<p>Home\u00a0&gt;Engagement\u00a0&gt;Partei\u00a0&gt;Parlamentarismus\u00a0&gt;Opposition\u00a0&gt;AfD &gt;AfD-Migration Listenauswahl eines Beitrags (Artikel\/Datum, Seite\/Inhalt): Klicken oder scrollen Neue Umfrage: Viele Migranten w\u00e4hlen AfD (1.10.2025) &nbsp; Neue Umfrage: Viele Migranten w\u00e4hlen AfD Polen, Russlanddeutsche, Balkan-Fl\u00fcchtlinge: Warum sie ein Zeichen setzen Es ist der Albtraum jedes Linken \u2013 und &hellip; <a href=\"https:\/\/www.freiburg-schwarzwald.de\/blog\/vereine\/partei\/afd\/afd-migration\/\">Weiterlesen <span class=\"meta-nav\">&rarr;<\/span><\/a><\/p>\n","protected":false},"author":2,"featured_media":0,"parent":55512,"menu_order":0,"comment_status":"closed","ping_status":"closed","template":"","meta":{"footnotes":""},"class_list":["post-139679","page","type-page","status-publish","hentry"],"_links":{"self":[{"href":"https:\/\/www.freiburg-schwarzwald.de\/blog\/wp-json\/wp\/v2\/pages\/139679","targetHints":{"allow":["GET"]}}],"collection":[{"href":"https:\/\/www.freiburg-schwarzwald.de\/blog\/wp-json\/wp\/v2\/pages"}],"about":[{"href":"https:\/\/www.freiburg-schwarzwald.de\/blog\/wp-json\/wp\/v2\/types\/page"}],"author":[{"embeddable":true,"href":"https:\/\/www.freiburg-schwarzwald.de\/blog\/wp-json\/wp\/v2\/users\/2"}],"replies":[{"embeddable":true,"href":"https:\/\/www.freiburg-schwarzwald.de\/blog\/wp-json\/wp\/v2\/comments?post=139679"}],"version-history":[{"count":3,"href":"https:\/\/www.freiburg-schwarzwald.de\/blog\/wp-json\/wp\/v2\/pages\/139679\/revisions"}],"predecessor-version":[{"id":139682,"href":"https:\/\/www.freiburg-schwarzwald.de\/blog\/wp-json\/wp\/v2\/pages\/139679\/revisions\/139682"}],"up":[{"embeddable":true,"href":"https:\/\/www.freiburg-schwarzwald.de\/blog\/wp-json\/wp\/v2\/pages\/55512"}],"wp:attachment":[{"href":"https:\/\/www.freiburg-schwarzwald.de\/blog\/wp-json\/wp\/v2\/media?parent=139679"}],"curies":[{"name":"wp","href":"https:\/\/api.w.org\/{rel}","templated":true}]}}

<p><a href="https://www.freiburg-schwarzwald.de/blog">Home</a> &gt;<a title="Engagement" href="https://www.freiburg-schwarzwald.de/blog/engagement/">Engagement</a> &gt;<a title="Partei" href="https://www.freiburg-schwarzwald.de/blog/vereine/partei/">Partei</a> &gt;<a href="https://www.freiburg-schwarzwald.de/blog/engagement/zukunft/demokratie/parlament/parlamentarismus/">Parlamentarismus</a> &gt;<a href="https://www.freiburg-schwarzwald.de/blog/engagement/zukunft/demokratie/opposition/">Opposition</a> &gt;<a href="https://www.freiburg-schwarzwald.de/blog/vereine/partei/afd/">AfD</a> &gt;AfD-Migration</p>
<div id="attachment_134696" style="width: 651px" class="wp-caption alignnone"><a href="https://www.freiburg-schwarzwald.de/blog/wp-content/uploads/2025/06/afd-bundestag-sitzungssaal-pan250526.jpg"><img loading="lazy" decoding="async" aria-describedby="caption-attachment-134696" class="size-full wp-image-134696" src="https://www.freiburg-schwarzwald.de/blog/wp-content/uploads/2025/06/afd-bundestag-sitzungssaal-pan250526.jpg" alt="" width="641" height="360" srcset="https://www.freiburg-schwarzwald.de/blog/wp-content/uploads/2025/06/afd-bundestag-sitzungssaal-pan250526.jpg 641w, https://www.freiburg-schwarzwald.de/blog/wp-content/uploads/2025/06/afd-bundestag-sitzungssaal-pan250526-180x101.jpg 180w" sizes="auto, (max-width: 641px) 100vw, 641px" /></a><p id="caption-attachment-134696" class="wp-caption-text">Kleiner Sitzungssaal im Bundestag für die AfD als zweitgrößte Partei am 26.5.2025</p></div>
<ul>
<li><em>Listenauswahl eines Beitrags (Artikel/Datum, Seite/Inhalt): <span style="text-decoration: underline;">Klicken</span> oder scrollen</em></li>
<li>Neue Umfrage: Viele Migranten wählen AfD (1.10.2025)</li>
</ul>
<p>&nbsp;</p>
<p><strong>Neue Umfrage: Viele Migranten wählen AfD</strong><br />
Polen, Russlanddeutsche, Balkan-Flüchtlinge: Warum sie ein Zeichen setzen<br />
Es ist der Albtraum jedes Linken – und eine Realität, die viele Konservative noch gar nicht begriffen haben: Die AfD punktet nicht nur bei Biodeutschen, die die Nase voll haben vom rot-grünen Polit-Theater – sondern auch zunehmend bei Migranten. Genauer gesagt: bei den „alten Migranten“. Jenen, die seit Jahrzehnten hier leben, sich abgerackert und integriert haben, deutsch geworden sind – und jetzt zusehen müssen, wie all das entwertet wird.</p>
<p>Immer mehr Einwanderer der ersten oder zweiten Generation wählen AfD. Und zwar nicht trotz, sondern gerade wegen deren migrationskritischer Positionen. In Duisburg, wo besonders viele Einwanderer leben, wurde die AfD bei den jüngsten Integrationsratswahlen zweitstärkste Kraft – in Hagen sogar erste. Besonders stark fällt der Zuspruch – laut einer neuen Studie der CDU-nahen Konrad-Adenauer-Stiftung, für die mehr als 1.100 Menschen mit Migrationshintergrund befragt wurden – unter Menschen mit polnischem Hintergrund aus – mit einem AfD-Anteil von 33 Prozent. Unter allen Spätaussiedlern, also ethnischen Deutschen etwa aus Russland, Polen oder Ex-Jugoslawien, erreicht die AfD sogar 31 Prozent – und ist damit stärkste Kraft. Bei russlandstämmigen Befragten insgesamt – also unabhängig davon, ob sie als Spätaussiedler gelten oder nicht – liegt der Wert hingegen bei nur 14 Prozent. Auch Spätaussiedler aus Ex-Jugoslawien zeigen mit 26 Prozent eine deutlich überdurchschnittliche Zustimmung.<br />
&#8230;<br />
Was auf den ersten Blick paradox klingt – Sympathien für eine migrationskritische Partei bei Migranten – ergibt auf den zweiten Blick eine beklemmende Logik. Welt-Redakteurin Fatina Keilani <a href="https://www.welt.de/politik/deutschland/video68dbeb4e12c5eba0ff760e5d/studie-der-adenauer-stiftung-migranten-waehlen-zunehmend-afd-sie-wollen-ihr-gutes-altes-deutschland-zurueck.html">https://www.welt.de/politik/deutschland/video68dbeb4e12c5eba0ff760e5d/studie-der-adenauer-stiftung-migranten-waehlen-zunehmend-afd-sie-wollen-ihr-gutes-altes-deutschland-zurueck.html</a> beschreibt es so: Viele der Einwanderer aus der Türkei, dem ehemaligen Jugoslawien oder der ehemaligen Sowjetunion haben sich ihre Existenz in Deutschland hart erkämpft. Sie mussten Jahrzehnte warten, um überhaupt eingebürgert zu werden. Mussten ihre ursprüngliche Staatsbürgerschaft abgeben. Haben sich in einer Gesellschaft behauptet, die sich selbst nicht als Einwanderungsland verstand – und in der das „Blutrecht“ („ius sanguinis“), also das Abstammungsprinzip, galt. Wer nicht von Deutschen abstammte, war kein Deutscher. Punkt.<br />
Dann kam das Jahr 2000 – und mit ihm ein historischer Einschnitt durch die damalige rot-grüne Koalition: Das deutsche Staatsangehörigkeitsrecht wurde erstmals grundlegend reformiert. Erstmals war nicht mehr allein das „Blutrecht“ entscheidend, sondern auch der Geburtsort. Kinder ausländischer Eltern konnten unter bestimmten Bedingungen Deutsche werden – ein Recht, das der ersten Migrantengeneration noch verwehrt war. Sie mussten Jahrzehnte warten, ihre alte Staatsbürgerschaft aufgeben, sich durch Bürokratie kämpfen – nur um irgendwann vielleicht dazugehören zu dürfen.</p>
<p>Im Jahr 2024 folgte dann durch die nächste rot-grüne Regierung die nächste Reform – diesmal mit dem Vorschlaghammer. Die Einbürgerung ist nun bereits nach drei Jahren möglich, bei besonderer Integrationsleistung. Die doppelte Staatsbürgerschaft wurde zum Regelfall. Selbst Personen mit kaum verwurzelter Bindung an Deutschland können heute auf dem Schnellweg eingebürgert werden.</p>
<p>Es ist mehr als nur ein Gefühl von Ungleichbehandlung. Es ist ein tiefer Vertrauensverlust.<br />
&#8230; Alles vom 1.10.2025 bitte lesen auf<br />
<a href="https://reitschuster.de/post/neue-umfrage-viele-migranten-waehlen-afd/">https://reitschuster.de/post/neue-umfrage-viele-migranten-waehlen-afd/</a></p>

<p>Home &gt;Engagement &gt;Partei &gt;Parlamentarismus &gt;Opposition &gt;AfD &gt;AfD-Migration Listenauswahl eines Beitrags (Artikel/Datum, Seite/Inhalt): Klicken oder scrollen Neue Umfrage: Viele Migranten wählen AfD (1.10.2025) &nbsp; Neue Umfrage: Viele Migranten wählen AfD Polen, Russlanddeutsche, Balkan-Flüchtlinge: Warum sie ein Zeichen setzen Es ist der Albtraum jedes Linken – und &hellip; <a href="https://www.freiburg-schwarzwald.de/blog/vereine/partei/afd/afd-migration/">Weiterlesen <span class="meta-nav">&rarr;</span></a></p>
