{"id":138162,"date":"2025-08-22T14:32:03","date_gmt":"2025-08-22T12:32:03","guid":{"rendered":"https:\/\/www.freiburg-schwarzwald.de\/blog\/?page_id=138162"},"modified":"2025-08-22T14:38:41","modified_gmt":"2025-08-22T12:38:41","slug":"gemeinnuetzigkeit","status":"publish","type":"page","link":"https:\/\/www.freiburg-schwarzwald.de\/blog\/engagement\/gemeinnuetzigkeit\/","title":{"rendered":"Gemeinn\u00fctzigkeit"},"content":{"rendered":"<p>Home &gt;<a title=\"Engagement\" href=\"https:\/\/www.freiburg-schwarzwald.de\/blog\/engagement\/\">Engagement<\/a> &gt;<a href=\"https:\/\/www.freiburg-schwarzwald.de\/blog\/engagement\/blutspende\/\">Spende<\/a> &gt;<a href=\"https:\/\/www.freiburg-schwarzwald.de\/blog\/vereine\/\">Vereine<\/a> &gt;gemeinn\u00fctzig<\/p>\n<div id=\"attachment_131576\" style=\"width: 651px\" class=\"wp-caption alignnone\"><a href=\"https:\/\/www.freiburg-schwarzwald.de\/blog\/wp-content\/uploads\/2025\/03\/freie-friedensdemo-freiburg-pan250308.jpg\"><img loading=\"lazy\" decoding=\"async\" aria-describedby=\"caption-attachment-131576\" class=\"size-full wp-image-131576\" src=\"https:\/\/www.freiburg-schwarzwald.de\/blog\/wp-content\/uploads\/2025\/03\/freie-friedensdemo-freiburg-pan250308.jpg\" alt=\"\" width=\"641\" height=\"426\" srcset=\"https:\/\/www.freiburg-schwarzwald.de\/blog\/wp-content\/uploads\/2025\/03\/freie-friedensdemo-freiburg-pan250308.jpg 641w, https:\/\/www.freiburg-schwarzwald.de\/blog\/wp-content\/uploads\/2025\/03\/freie-friedensdemo-freiburg-pan250308-180x120.jpg 180w\" sizes=\"auto, (max-width: 641px) 100vw, 641px\" \/><\/a><p id=\"caption-attachment-131576\" class=\"wp-caption-text\">Friedensdemo am 8.3.2025 in der KaJo in Freiburg<\/p><\/div>\n<ul>\n<li><em>Listenauswahl eines Beitrags (Artikel\/Datum, Seite\/Inhalt): <span style=\"text-decoration: underline;\">Klicken<\/span> oder scrollen<\/em><\/li>\n<li>Pro Asyl &#8211; gemeinn\u00fctzige Organisation (27.8.2025)<\/li>\n<li><a href=\"https:\/\/www.freiburg-schwarzwald.de\/blog\/attac-ohne-gemeinnuetzigkeit\/\">Attac ohne Gemeinn\u00fctzigkeit<\/a> (18.11.2024)<\/li>\n<\/ul>\n<p>&nbsp;<\/p>\n<p><strong>Pro Asyl &#8211; gemeinn\u00fctzige Organisation<\/strong><br \/>\n&#8230; In der Tat zieht <a href=\"https:\/\/www.freiburg-schwarzwald.de\/blog\/pro-asyl-konzern-pro-migration\/\">Pro Asyl<\/a> gern vor Gericht. Dank der Steuerprivilegien als \u201egemeinn\u00fctzige Organisation\u201c k\u00f6nnen offenbar teure Anw\u00e4lte finanziert werden.<br \/>\nAuch gegen Tichys Einblick geht Pro Asyl vor. In einem Eilverfahren setzte der Verein ein Publikationsverbot mit einer Begr\u00fcndung durch, die nach Einsch\u00e4tzung von Tichys Einblick vor Fehlern nur so strotzt. Was in einem Zivilprozess eigentlich \u00fcberhaupt nicht geht: Die Richter \u00e4nderten den Antrag von Pro Asyl freih\u00e4ndig und entschieden dann im Sinne von Pro Asyl.<\/p>\n<p><em><strong>Ein unvoreingenommener Beobachter k\u00f6nnte sich \u00fcbrigens auch die Frage stellen, was genau eigentlich gemeinn\u00fctzig daran sein soll,<\/strong> <\/em>wenn eine Organisation nicht nur professionell Wege aufzeigt, wie noch mehr Asylbewerber nach Deutschland kommen oder hierbleiben k\u00f6nnen, sondern diese Wege m\u00f6glicherweise sogar aktiv ebnet \u2013 zum Beispiel durch die Begleitung oder auch Steuerung von Klageverfahren. Doch irgendwie traut sich niemand, das zu fragen.<br \/>\nPro Asyl stellt sich selbst als hundertprozentig spendenfinanziert und damit unabh\u00e4ngig dar. Vieles weist aber auf eine strukturelle Staatsn\u00e4he hin, und die indirekte F\u00f6rderung wird wohlweislich verschwiegen. Pro Asyl operiert innerhalb eines Netzwerks aus anderen Organisationen, von denen viele ihrerseits Millionen aus \u00f6ffentlichen T\u00f6pfen der Landesregierungen, der Bundesregierung oder der EU erhalten. Auch Projektpartner steuern Mittel bei, die anteilig aus \u00f6ffentlichen Quellen stammen. Dazu kommt das Gemeinn\u00fctzigkeitsprivileg.<br \/>\nSo flie\u00dfen staatliche Ressourcen, Daten und Deutungsmacht in die Arbeit von Pro Asyl \u2013 auf Umwegen zwar, aber sie flie\u00dfen und erreichen ihr Ziel. Das macht Pro Asyl zu einem quasi \u00f6ffentlichen Akteur, der de facto wesentlich weniger unabh\u00e4ngig ist, als er selbst einr\u00e4umen mag.<br \/>\nDieser Beitrag erschien in der TE-Print-Ausgabe 08\/25 \u201e10 Jahre offene Grenzen\u201c<br \/>\n&#8230; Alles vom 17.8.2025 von Von Alexander Heiden mit Sofia Taxidis und Josef Kraus bitte lesen auf<br \/>\n<a href=\"https:\/\/www.tichyseinblick.de\/meinungen\/die-asyl-industrie\/\">https:\/\/www.tichyseinblick.de\/meinungen\/die-asyl-industrie\/<\/a><\/p>\n","protected":false},"excerpt":{"rendered":"<p>Home &gt;Engagement &gt;Spende &gt;Vereine &gt;gemeinn\u00fctzig Listenauswahl eines Beitrags (Artikel\/Datum, Seite\/Inhalt): Klicken oder scrollen Pro Asyl &#8211; gemeinn\u00fctzige Organisation (27.8.2025) Attac ohne Gemeinn\u00fctzigkeit (18.11.2024) &nbsp; Pro Asyl &#8211; gemeinn\u00fctzige Organisation &#8230; In der Tat zieht Pro Asyl gern vor Gericht. Dank &hellip; <a href=\"https:\/\/www.freiburg-schwarzwald.de\/blog\/engagement\/gemeinnuetzigkeit\/\">Weiterlesen <span class=\"meta-nav\">&rarr;<\/span><\/a><\/p>\n","protected":false},"author":2,"featured_media":0,"parent":148,"menu_order":0,"comment_status":"closed","ping_status":"closed","template":"","meta":{"footnotes":""},"class_list":["post-138162","page","type-page","status-publish","hentry"],"_links":{"self":[{"href":"https:\/\/www.freiburg-schwarzwald.de\/blog\/wp-json\/wp\/v2\/pages\/138162","targetHints":{"allow":["GET"]}}],"collection":[{"href":"https:\/\/www.freiburg-schwarzwald.de\/blog\/wp-json\/wp\/v2\/pages"}],"about":[{"href":"https:\/\/www.freiburg-schwarzwald.de\/blog\/wp-json\/wp\/v2\/types\/page"}],"author":[{"embeddable":true,"href":"https:\/\/www.freiburg-schwarzwald.de\/blog\/wp-json\/wp\/v2\/users\/2"}],"replies":[{"embeddable":true,"href":"https:\/\/www.freiburg-schwarzwald.de\/blog\/wp-json\/wp\/v2\/comments?post=138162"}],"version-history":[{"count":3,"href":"https:\/\/www.freiburg-schwarzwald.de\/blog\/wp-json\/wp\/v2\/pages\/138162\/revisions"}],"predecessor-version":[{"id":138165,"href":"https:\/\/www.freiburg-schwarzwald.de\/blog\/wp-json\/wp\/v2\/pages\/138162\/revisions\/138165"}],"up":[{"embeddable":true,"href":"https:\/\/www.freiburg-schwarzwald.de\/blog\/wp-json\/wp\/v2\/pages\/148"}],"wp:attachment":[{"href":"https:\/\/www.freiburg-schwarzwald.de\/blog\/wp-json\/wp\/v2\/media?parent=138162"}],"curies":[{"name":"wp","href":"https:\/\/api.w.org\/{rel}","templated":true}]}}

Gemeinnützigkeit

<p>Home &gt;<a title="Engagement" href="https://www.freiburg-schwarzwald.de/blog/engagement/">Engagement</a> &gt;<a href="https://www.freiburg-schwarzwald.de/blog/engagement/blutspende/">Spende</a> &gt;<a href="https://www.freiburg-schwarzwald.de/blog/vereine/">Vereine</a> &gt;gemeinnützig</p>
<div id="attachment_131576" style="width: 651px" class="wp-caption alignnone"><a href="https://www.freiburg-schwarzwald.de/blog/wp-content/uploads/2025/03/freie-friedensdemo-freiburg-pan250308.jpg"><img loading="lazy" decoding="async" aria-describedby="caption-attachment-131576" class="size-full wp-image-131576" src="https://www.freiburg-schwarzwald.de/blog/wp-content/uploads/2025/03/freie-friedensdemo-freiburg-pan250308.jpg" alt="" width="641" height="426" srcset="https://www.freiburg-schwarzwald.de/blog/wp-content/uploads/2025/03/freie-friedensdemo-freiburg-pan250308.jpg 641w, https://www.freiburg-schwarzwald.de/blog/wp-content/uploads/2025/03/freie-friedensdemo-freiburg-pan250308-180x120.jpg 180w" sizes="auto, (max-width: 641px) 100vw, 641px" /></a><p id="caption-attachment-131576" class="wp-caption-text">Friedensdemo am 8.3.2025 in der KaJo in Freiburg</p></div>
<ul>
<li><em>Listenauswahl eines Beitrags (Artikel/Datum, Seite/Inhalt): <span style="text-decoration: underline;">Klicken</span> oder scrollen</em></li>
<li>Pro Asyl &#8211; gemeinnützige Organisation (27.8.2025)</li>
<li><a href="https://www.freiburg-schwarzwald.de/blog/attac-ohne-gemeinnuetzigkeit/">Attac ohne Gemeinnützigkeit</a> (18.11.2024)</li>
</ul>
<p>&nbsp;</p>
<p><strong>Pro Asyl &#8211; gemeinnützige Organisation</strong><br />
&#8230; In der Tat zieht <a href="https://www.freiburg-schwarzwald.de/blog/pro-asyl-konzern-pro-migration/">Pro Asyl</a> gern vor Gericht. Dank der Steuerprivilegien als „gemeinnützige Organisation“ können offenbar teure Anwälte finanziert werden.<br />
Auch gegen Tichys Einblick geht Pro Asyl vor. In einem Eilverfahren setzte der Verein ein Publikationsverbot mit einer Begründung durch, die nach Einschätzung von Tichys Einblick vor Fehlern nur so strotzt. Was in einem Zivilprozess eigentlich überhaupt nicht geht: Die Richter änderten den Antrag von Pro Asyl freihändig und entschieden dann im Sinne von Pro Asyl.</p>
<p><em><strong>Ein unvoreingenommener Beobachter könnte sich übrigens auch die Frage stellen, was genau eigentlich gemeinnützig daran sein soll,</strong> </em>wenn eine Organisation nicht nur professionell Wege aufzeigt, wie noch mehr Asylbewerber nach Deutschland kommen oder hierbleiben können, sondern diese Wege möglicherweise sogar aktiv ebnet – zum Beispiel durch die Begleitung oder auch Steuerung von Klageverfahren. Doch irgendwie traut sich niemand, das zu fragen.<br />
Pro Asyl stellt sich selbst als hundertprozentig spendenfinanziert und damit unabhängig dar. Vieles weist aber auf eine strukturelle Staatsnähe hin, und die indirekte Förderung wird wohlweislich verschwiegen. Pro Asyl operiert innerhalb eines Netzwerks aus anderen Organisationen, von denen viele ihrerseits Millionen aus öffentlichen Töpfen der Landesregierungen, der Bundesregierung oder der EU erhalten. Auch Projektpartner steuern Mittel bei, die anteilig aus öffentlichen Quellen stammen. Dazu kommt das Gemeinnützigkeitsprivileg.<br />
So fließen staatliche Ressourcen, Daten und Deutungsmacht in die Arbeit von Pro Asyl – auf Umwegen zwar, aber sie fließen und erreichen ihr Ziel. Das macht Pro Asyl zu einem quasi öffentlichen Akteur, der de facto wesentlich weniger unabhängig ist, als er selbst einräumen mag.<br />
Dieser Beitrag erschien in der TE-Print-Ausgabe 08/25 „10 Jahre offene Grenzen“<br />
&#8230; Alles vom 17.8.2025 von Von Alexander Heiden mit Sofia Taxidis und Josef Kraus bitte lesen auf<br />
<a href="https://www.tichyseinblick.de/meinungen/die-asyl-industrie/">https://www.tichyseinblick.de/meinungen/die-asyl-industrie/</a></p>

<p>Home &gt;Engagement &gt;Spende &gt;Vereine &gt;gemeinnützig Listenauswahl eines Beitrags (Artikel/Datum, Seite/Inhalt): Klicken oder scrollen Pro Asyl &#8211; gemeinnützige Organisation (27.8.2025) Attac ohne Gemeinnützigkeit (18.11.2024) &nbsp; Pro Asyl &#8211; gemeinnützige Organisation &#8230; In der Tat zieht Pro Asyl gern vor Gericht. Dank &hellip; <a href="https://www.freiburg-schwarzwald.de/blog/engagement/gemeinnuetzigkeit/">Weiterlesen <span class="meta-nav">&rarr;</span></a></p>
