{"id":13587,"date":"2012-10-23T14:40:23","date_gmt":"2012-10-23T12:40:23","guid":{"rendered":"https:\/\/www.freiburg-schwarzwald.de\/blog\/?page_id=13587"},"modified":"2013-06-12T16:24:38","modified_gmt":"2013-06-12T14:24:38","slug":"oekostation","status":"publish","type":"page","link":"https:\/\/www.freiburg-schwarzwald.de\/blog\/natur\/umwelt\/oekostation\/","title":{"rendered":"Oekostation"},"content":{"rendered":"<p>Home &gt;<a title=\"Natur\" href=\"https:\/\/www.freiburg-schwarzwald.de\/blog\/natur\/\">Natur<\/a> &gt;<a title=\"Umwelt\" href=\"https:\/\/www.freiburg-schwarzwald.de\/blog\/natur\/umwelt\/\">Umwelt<\/a> &gt;Oekostation\u00a0<\/p>\n<div id=\"attachment_13563\" style=\"width: 648px\" class=\"wp-caption alignnone\"><a href=\"https:\/\/www.freiburg-schwarzwald.de\/blog\/regio\/freiburg\/ebnet\/ebnet-dreisam-pan121022\/\" rel=\"attachment wp-att-13563\"><img loading=\"lazy\" decoding=\"async\" aria-describedby=\"caption-attachment-13563\" class=\"size-full wp-image-13563\" title=\"ebnet-dreisam-pan121022\" src=\"https:\/\/www.freiburg-schwarzwald.de\/blog\/wp-content\/uploads\/2012\/05\/ebnet-dreisam-pan121022.jpg\" alt=\"\" width=\"638\" height=\"357\" srcset=\"https:\/\/www.freiburg-schwarzwald.de\/blog\/wp-content\/uploads\/2012\/05\/ebnet-dreisam-pan121022.jpg 638w, https:\/\/www.freiburg-schwarzwald.de\/blog\/wp-content\/uploads\/2012\/05\/ebnet-dreisam-pan121022-180x100.jpg 180w\" sizes=\"auto, (max-width: 638px) 100vw, 638px\" \/><\/a><p id=\"caption-attachment-13563\" class=\"wp-caption-text\">Blick nach Norden \u00fcber die Dreisam nach Ebnet am 22.10.2012<\/p><\/div>\n<ul>\n<li><a href=\"https:\/\/www.freiburg-schwarzwald.de\/blog\/geotag-artenvielfalt-oekostation\/\">https:\/\/www.freiburg-schwarzwald.de\/blog\/geotag-artenvielfalt-oekostation\/<\/a>\u00a0(12.6.2013)<\/li>\n<li><a href=\"https:\/\/www.freiburg-schwarzwald.de\/blog\/europ-environment-foundation\/\">https:\/\/www.freiburg-schwarzwald.de\/blog\/europ-environment-foundation\/<\/a>\u00a0(14.3.2013)<\/li>\n<li><a href=\"https:\/\/www.freiburg-schwarzwald.de\/littenweiler\/oeffentlicher-raum.htm#Freiburg bl\u00fcht auf: Baumscheiben eins\u00e4hen - \u00d6kostation-Projekt\">Freiburg bl\u00fcht auf: Baumscheiben eins\u00e4hen &#8211; \u00d6kostation-Projekt<\/a> &gt;Oeffentlicher-Raum (1.2.11)<\/li>\n<li><a href=\"https:\/\/www.freiburg-schwarzwald.de\/oekologie1.htm#Bilanz 2010 der \u00d6kostation Freiburg: 600 Angebote und viele Besucher\">Bilanz 2010 der \u00d6kostation Freiburg: 600 Angebote und viele Besucher<\/a> &gt;Oekologie1 (23.12.10)<\/li>\n<li><a href=\"https:\/\/www.freiburg-schwarzwald.de\/oekologie1.htm#\u00d6kostation-Erfolgsmodell Gr\u00fcnes Klassenzimmer\">\u00d6kostation-Erfolgsmodell &#8222;Gr\u00fcnes Klassenzimmer&#8220;<\/a> &gt;Oekologie1 (15.12.2009)<\/li>\n<li><a href=\"https:\/\/www.freiburg-schwarzwald.de\/sasbach1.htm#Kr\u00e4uterabend bei Friderich: 20 Kr\u00e4uterfachleute im Buch von Christa Rinklin\">Kr\u00e4uterabend bei Friderich: 20 Kr\u00e4uterfachleute im Buch von Christa Rinklin<\/a> &gt;Sasbach1 (19.9.)<\/li>\n<li><a href=\"https:\/\/www.freiburg-schwarzwald.de\/natur1.htm#Tag der Artenvielfalt 13.6. beim Sandfang: Lebensraum Stadt erkunden\">Tag der Artenvielfalt 13.6. beim Sandfang: Lebensraum Stadt erkunden<\/a> &gt;Natur1 (12.2009)<\/li>\n<li><a href=\"https:\/\/www.freiburg-schwarzwald.de\/littenweiler\/augustinerplatz.htm#Naturpark-Regionalmarkt: Samstag 10-17 Uhr Augustinerplatz\">Naturpark-Regionalmarkt: Samstag 10-17 Uhr Augustinerplatz<\/a> &gt;Augustinerplatz (19.9.2008)<\/li>\n<li><a href=\"https:\/\/www.freiburg-schwarzwald.de\/oekologie1.htm#Familiensonntag \u00d6kostation- Wilde M\u00f6hre - Artenvielfalt\">Familiensonntag \u00d6kostation- Wilde M\u00f6hre &#8211; Artenvielfalt<\/a> &gt;Oekologie1 (12.7.2008)<\/li>\n<li><a href=\"https:\/\/www.freiburg-schwarzwald.de\/mooswald.htm#Tag der Artenvielfalt: 15 Naturschutzgruppen am Moosweiher\">Tag der Artenvielfalt: 15 Naturschutzgruppen am Moosweiher<\/a> &gt;Mooswald (13.6.2008)<\/li>\n<li><a href=\"https:\/\/www.freiburg-schwarzwald.de\/oekologie1.htm#Tanja G\u00f6nner bei \u00d6kostation: Jugendbegleiter Natur und Umwelt\">Tanja G\u00f6nner bei \u00d6kostation: Jugendbegleiter Natur und Umwelt<\/a> &gt;Oekologie1 (21.9.2007)<\/li>\n<li><span><span><a href=\"https:\/\/www.freiburg-schwarzwald.de\/littenweiler\/stadtwald1.htm#Mammuts vertrocknen am Seepark: Heimische statt Pflanzen\">Mammuts vertrocknen am Seepark: Heimische statt Pflanzen<\/a> &gt;Stadtwald1 (11.6.2007)<\/span><\/span><\/li>\n<li><span><span><a href=\"https:\/\/www.freiburg-schwarzwald.de\/littenweiler\/gartenbau1.htm#Freiburger Gartenbauschule in der \u00d6kostation am Seepark er\u00f6ffnet\">Freiburger Gartenbauschule in der \u00d6kostation am Seepark er\u00f6ffnet<\/a> &gt;Gartenbau1 (26.3.2007)<\/span><\/span><\/li>\n<li><span><span><a href=\"https:\/\/www.freiburg-schwarzwald.de\/littenweiler\/einewelt3.htm#EineWeltForum in der \u00d6kostation Freiburg: Mitgliederversammlung\">EineWeltForum in der \u00d6kostation Freiburg: Mitgliederversammlung<\/a> &gt;EineWelt3 (25.3.2007)<\/span><\/span><\/li>\n<li><span><span><a href=\"https:\/\/www.freiburg-schwarzwald.de\/oekologie1.htm#Umweltpreis f\u00fcr Heide Bergmann von \u00d6kostation Freiburg\">Umweltpreis f\u00fcr Heide Bergmann von \u00d6kostation Freiburg<\/a> &gt;Oekologie1 (24.2.2007)<\/span><\/span><\/li>\n<li><span><span><a href=\"https:\/\/www.freiburg-schwarzwald.de\/littenweiler\/oekologie.htm#Tag der Region in der \u00d6kostation Freiburg\">Tag der Region in der \u00d6kostation Freiburg<\/a> &gt;Oekologie (1.10.2006)<\/span><\/span><\/li>\n<li><span><span><a href=\"https:\/\/www.freiburg-schwarzwald.de\/bauerngarten.htm#Ein Muss im Bauerngarten: Der aus Amerika stammende Phlox\">Ein Muss im Bauerngarten: Der aus Amerika stammende Phlox<\/a> &gt;bauerngarten (28.7.2006)<\/span><\/span><\/li>\n<li><span><span><a href=\"https:\/\/www.freiburg-schwarzwald.de\/littenweiler\/umwelt2.htm#Die gr\u00fcne Volkshochschule: Freiburger \u00d6kostation 20 Jahre\">Die gr\u00fcne Volkshochschule: Freiburger \u00d6kostation 20 Jahre<\/a> &gt;Umwelt2 (4.4.2006)<\/span><\/span><\/li>\n<li><span><a href=\"https:\/\/www.freiburg-schwarzwald.de\/littenweiler\/ernaehrung.htm#Sch\u00fclerprojekt Gesunde Lebensmittel aus der Region\">Sch\u00fclerprojekt &#8222;Gesunde Lebensmittel aus der Region&#8220; <\/a>&gt;Ernaehrung<\/span><\/li>\n<li><span><a href=\"https:\/\/www.freiburg-schwarzwald.de\/kaiserstuhl-naturgarten.htm\">Kaiserst\u00fchler Regionalmarkt am Rathausplatz Freiburg<\/a> &gt;Kaiserstuhl-Naturgarten (24.9.2005)<\/span><\/li>\n<li><span><a href=\"https:\/\/www.freiburg-schwarzwald.de\/natur1.htm#3. Freiburger Tag der Artenvielfalt am 11.Juni\">3. Freiburger Tag der Artenvielfalt am 11.Juni<\/a> &gt;Natur1 (7.6.2005)<\/span><\/li>\n<li><span><a href=\"https:\/\/www.freiburg-schwarzwald.de\/littenweiler\/gartenbau1.htm#Hausg\u00e4rten haben eine Bedeutung f\u00fcrs \u00f6kologische Gleichgewicht\">Hausg\u00e4rten wichtig f\u00fcrs \u00f6kologische Gleichgewicht<\/a> &gt;Gartenbau1 (25.5.2005)<br \/>\n<\/span><\/li>\n<li><span><a title=\"Oeko-Institut\" href=\"https:\/\/www.freiburg-schwarzwald.de\/blog\/natur\/umwelt\/oeko-institut\/\">\u00d6ko-Institut<\/a><\/span><\/li>\n<li><span>\u00d6kostation Freiburg<\/span><\/li>\n<li>Heike Bergmann ist seit \u00fcber 25 Jahren in der \u00d6kostation<\/li>\n<\/ul>\n<p>&nbsp;<\/p>\n<p><strong>\u00d6kostation Freiburg<\/strong>,<\/p>\n<p>Falkenbergerstrasse 21b, 79115 Freiburg, Tel 0761-892333<br \/>\nLeitungsteam: Heide Bergmann, Ralf Hufnagel,<br \/>\n<a href=\"mailto:ralf.hufnagel@oekostation.de\">ralf.hufnagel@oekostation.de<\/a>, <a href=\"mailto:heide.bergmann@oekostation.de\">heide.bergmann@oekostation.de<\/a>, allgemein: <a href=\"mailto:info@oekostation.de\">info@oekostation.de<\/a><br \/>\n<a href=\"https:\/\/www.oekostation.de\/\">www.oekostation.de<\/a><\/p>\n<p>Buch f\u00fcr Kinder als Naturforscher:<br \/>\nHeide Bergmann, Gartenspa\u00df f\u00fcr Kinder, Verlag GU, M\u00fcnchen 2005, 14.90 Euro<br \/>\nFreiburger Gartenbauschule in der \u00d6kostation<br \/>\nLeiter: Fritz Thier<\/p>\n<p><a href=\"https:\/\/www.freiburg-schwarzwald.de\/blog\/natur\/umwelt\/oekostation\/oekostation0-061001\/\" rel=\"attachment wp-att-13593\"><img loading=\"lazy\" decoding=\"async\" class=\"alignnone size-thumbnail wp-image-13593\" title=\"oekostation0-061001\" src=\"https:\/\/www.freiburg-schwarzwald.de\/blog\/wp-content\/uploads\/2012\/10\/oekostation0-061001-180x135.jpg\" alt=\"\" width=\"180\" height=\"135\" srcset=\"https:\/\/www.freiburg-schwarzwald.de\/blog\/wp-content\/uploads\/2012\/10\/oekostation0-061001-180x135.jpg 180w, https:\/\/www.freiburg-schwarzwald.de\/blog\/wp-content\/uploads\/2012\/10\/oekostation0-061001.jpg 640w\" sizes=\"auto, (max-width: 180px) 100vw, 180px\" \/><\/a>\u00a0\u00a0\u00a0\u00a0\u00a0\u00a0\u00a0\u00a0\u00a0\u00a0 <a href=\"https:\/\/www.freiburg-schwarzwald.de\/blog\/natur\/umwelt\/oekostation\/seepark7c-oekostation101029\/\" rel=\"attachment wp-att-13591\"><img loading=\"lazy\" decoding=\"async\" class=\"alignnone size-thumbnail wp-image-13591\" title=\"seepark7c-oekostation101029\" src=\"https:\/\/www.freiburg-schwarzwald.de\/blog\/wp-content\/uploads\/2012\/10\/seepark7c-oekostation101029-139x180.jpg\" alt=\"\" width=\"139\" height=\"180\" srcset=\"https:\/\/www.freiburg-schwarzwald.de\/blog\/wp-content\/uploads\/2012\/10\/seepark7c-oekostation101029-139x180.jpg 139w, https:\/\/www.freiburg-schwarzwald.de\/blog\/wp-content\/uploads\/2012\/10\/seepark7c-oekostation101029.jpg 494w\" sizes=\"auto, (max-width: 139px) 100vw, 139px\" \/><\/a><br \/>\n(1) Heide Bergmann 1.10.2006\u00a0\u00a0\u00a0\u00a0\u00a0\u00a0\u00a0\u00a0\u00a0\u00a0\u00a0\u00a0\u00a0\u00a0(2) \u00d6kostation<\/p>\n<p>(1) Heide Bergmann (Mitte) vom Leitungs-team der \u00d6kostation, am &#8222;Apfelsorten-erschmecken-Stand&#8220; am 1.10.2006<br \/>\n(2) Seepark-Aussichtsturm am 29.10.2010: Blick nach Norden zur \u00d6kostation<\/p>\n<p>&nbsp;<\/p>\n<p><strong>Umweltp\u00e4dagogik im Freiburger Seepark<\/strong><br \/>\n&#8222;Vor \u00fcber 10 Jahren wurde die \u00d6kostation vom <a title=\"BUND\" href=\"https:\/\/www.freiburg-schwarzwald.de\/blog\/natur\/umwelt\/bund\/\">BUND<\/a> im Freiburger <a href=\"https:\/\/www.freiburg-schwarzwald.de\/littenweiler\/seepark.htm\">Seepark<\/a> errichtet. Heute ist die \u00d6kostation mit \u00fcber 300 Veranstaltungen im Jahr zu einem entscheidenden Faktor f\u00fcr die umweltp\u00e4dagogische Arbeit in S\u00fcdwestdeutschland geworden. Mehr als 150 Schulklassen pro Jahr erleben hier hautnah Natur und \u00f6kologische Kreisl\u00e4ufe. Besuchergruppen aus der ganzen Welt informieren sich \u00fcber unsere Arbeit. Das Niedrigenergiehaus mit Holzkuppel, Wintergarten, Solaranlage, Gr\u00fcndach und Lehmw\u00e4nden zeigt anschaulich traditionelle biologische Bauweisen und moderne Technik der Solarenergie. Im Biogarten zeigen wir, wie man gesundes Obst und Gem\u00fcse anbauen kann. &#8220;<\/p>\n<p>&nbsp;<\/p>\n<p><strong>Heike Bergmann ist seit \u00fcber 25 Jahren in der \u00d6kostation<\/strong><\/p>\n<p>Heike Bergmann ist seit \u00fcber 25 Jahren im Leitungsteam der Umweltbildungsst\u00e4tte \u00d6kostation (Tr\u00e4ger ist der <a title=\"BUND\" href=\"https:\/\/www.freiburg-schwarzwald.de\/blog\/natur\/umwelt\/bund\/\">Umweltverband BUND<\/a>) \u00a0t\u00e4tig.\u00a02007 erhielt sie die &#8222;Troph\u00e9e de Femmes&#8220; Deutschland. Nach dem Studium Franz\u00f6sisch, Politik und Geschichte wollte sie Lehrerin werden, ging aber zwei Jahre nach Portugal in eine landwirtschaftliche Kooperative. Nach dem Referendariat in Freiburg\u00a0begann sie eine Landwirtschaftslehre auf einem Biohof am Kaiserstuhl, nach einem Jahr wechselte sie\u00a0in ein Gartenbauprojekt mit arbeitslosen Jugendlichen. Dann begann die Arbeit bei der \u00d6kostation, w\u00e4hrend der sie ihre Erfahrungen in sechs B\u00fcchern niedergeschrieben hat. Ohne das unerm\u00fcdliche Engagement von Frau Bergmann w\u00e4re die \u00d6kostation nie zu der anerkannten Umweltbildungsst\u00e4tte geworden, die sie heute ist &#8211; so Axel Mayer, Gesch\u00e4ftsf\u00fchrer des Freiburger BUND. Ende 2013 wird Heide Bergmann mit 63 Jahren in den Ruhestand gehen, weiterhin\u00a0als Buchautorin sowie freie Referentin in der \u00d6kostation.<\/p>\n","protected":false},"excerpt":{"rendered":"<p>Home &gt;Natur &gt;Umwelt &gt;Oekostation\u00a0 https:\/\/www.freiburg-schwarzwald.de\/blog\/geotag-artenvielfalt-oekostation\/\u00a0(12.6.2013) https:\/\/www.freiburg-schwarzwald.de\/blog\/europ-environment-foundation\/\u00a0(14.3.2013) Freiburg bl\u00fcht auf: Baumscheiben eins\u00e4hen &#8211; \u00d6kostation-Projekt &gt;Oeffentlicher-Raum (1.2.11) Bilanz 2010 der \u00d6kostation Freiburg: 600 Angebote und viele Besucher &gt;Oekologie1 (23.12.10) \u00d6kostation-Erfolgsmodell &#8222;Gr\u00fcnes Klassenzimmer&#8220; &gt;Oekologie1 (15.12.2009) Kr\u00e4uterabend bei Friderich: 20 Kr\u00e4uterfachleute im Buch von &hellip; <a href=\"https:\/\/www.freiburg-schwarzwald.de\/blog\/natur\/umwelt\/oekostation\/\">Weiterlesen <span class=\"meta-nav\">&rarr;<\/span><\/a><\/p>\n","protected":false},"author":4,"featured_media":0,"parent":512,"menu_order":0,"comment_status":"open","ping_status":"closed","template":"","meta":{"footnotes":""},"class_list":["post-13587","page","type-page","status-publish","hentry"],"_links":{"self":[{"href":"https:\/\/www.freiburg-schwarzwald.de\/blog\/wp-json\/wp\/v2\/pages\/13587","targetHints":{"allow":["GET"]}}],"collection":[{"href":"https:\/\/www.freiburg-schwarzwald.de\/blog\/wp-json\/wp\/v2\/pages"}],"about":[{"href":"https:\/\/www.freiburg-schwarzwald.de\/blog\/wp-json\/wp\/v2\/types\/page"}],"author":[{"embeddable":true,"href":"https:\/\/www.freiburg-schwarzwald.de\/blog\/wp-json\/wp\/v2\/users\/4"}],"replies":[{"embeddable":true,"href":"https:\/\/www.freiburg-schwarzwald.de\/blog\/wp-json\/wp\/v2\/comments?post=13587"}],"version-history":[{"count":0,"href":"https:\/\/www.freiburg-schwarzwald.de\/blog\/wp-json\/wp\/v2\/pages\/13587\/revisions"}],"up":[{"embeddable":true,"href":"https:\/\/www.freiburg-schwarzwald.de\/blog\/wp-json\/wp\/v2\/pages\/512"}],"wp:attachment":[{"href":"https:\/\/www.freiburg-schwarzwald.de\/blog\/wp-json\/wp\/v2\/media?parent=13587"}],"curies":[{"name":"wp","href":"https:\/\/api.w.org\/{rel}","templated":true}]}}