{"id":135852,"date":"2025-07-03T16:17:41","date_gmt":"2025-07-03T14:17:41","guid":{"rendered":"https:\/\/www.freiburg-schwarzwald.de\/blog\/?page_id=135852"},"modified":"2025-07-03T16:22:11","modified_gmt":"2025-07-03T14:22:11","slug":"elektrotechnik","status":"publish","type":"page","link":"https:\/\/www.freiburg-schwarzwald.de\/blog\/business\/handwerk\/elektrotechnik\/","title":{"rendered":"Elektrotechnik"},"content":{"rendered":"<p>Home &gt;<a title=\"Business\" href=\"https:\/\/www.freiburg-schwarzwald.de\/blog\/business\/\">Business<\/a>\u00a0&gt;<a title=\"Duale Bildung\" href=\"https:\/\/www.freiburg-schwarzwald.de\/blog\/bildung\/duale-bildung\/\">Duale Bildung<\/a>\u00a0&gt;<a title=\"Handwerk\" href=\"https:\/\/www.freiburg-schwarzwald.de\/blog\/business\/handwerk\/\">Handwerk<\/a> &gt;Elektrotechnik<\/p>\n<div id=\"attachment_128406\" style=\"width: 649px\" class=\"wp-caption alignnone\"><a href=\"https:\/\/www.freiburg-schwarzwald.de\/blog\/wp-content\/uploads\/2024\/11\/stmaergen-kandel-pan241110.jpg\"><img loading=\"lazy\" decoding=\"async\" aria-describedby=\"caption-attachment-128406\" class=\"size-full wp-image-128406\" src=\"https:\/\/www.freiburg-schwarzwald.de\/blog\/wp-content\/uploads\/2024\/11\/stmaergen-kandel-pan241110.jpg\" alt=\"\" width=\"639\" height=\"397\" srcset=\"https:\/\/www.freiburg-schwarzwald.de\/blog\/wp-content\/uploads\/2024\/11\/stmaergen-kandel-pan241110.jpg 639w, https:\/\/www.freiburg-schwarzwald.de\/blog\/wp-content\/uploads\/2024\/11\/stmaergen-kandel-pan241110-180x112.jpg 180w\" sizes=\"auto, (max-width: 639px) 100vw, 639px\" \/><\/a><p id=\"caption-attachment-128406\" class=\"wp-caption-text\">Blick nach Norden \u00fcber Schweigh\u00f6fe und St. M\u00e4rgen zum Kandel am 10.11.2024<\/p><\/div>\n<ul>\n<li>Marco Weber Elektrotechnik St. Peter: Jubil\u00e4umsfest am 5. Juli 2025\u00a0 (26.6.2025)<\/li>\n<li><a href=\"https:\/\/www.freiburg-schwarzwald.de\/littenweiler\/elektro.htm\">https:\/\/www.freiburg-schwarzwald.de\/littenweiler\/elektro.htm<\/a> &gt;Archivseite<\/li>\n<\/ul>\n<p>&nbsp;<\/p>\n<p><strong>Marco Weber Elektrotechnik St. Peter: Jubil\u00e4umsfest am 5. Juli 2025\u00a0<\/strong><br \/>\nAuf dem Firmengel\u00e4nde in <a href=\"https:\/\/www.freiburg-schwarzwald.de\/blog\/regio\/orte\/stpeter\/\">St. Peter<\/a> \u2013 Livemusik und mehr<br \/>\nSt. Peter (sas). 100 Jahre m\u00fcssen gefeiert werden: Am Samstag, 5. Juli, ab 14 Uhr gibt es ein gro\u00dfes Jubil\u00e4umsfest auf dem Firmengel\u00e4nde von Marco Weber Elektrotechnik im J\u00f6rgleweg 13 in St. Peter.<br \/>\n\u201eWir und unser Team freuen uns sehr darauf, das 100-j\u00e4hrige Bestehen mit unseren Kunden und Partnern zu feiern. Gemeinsam m\u00f6chten wir auf eine erfolgreiche Geschichte zur\u00fcckblicken und uns gleichzeitig auf die Zukunft freuen\u201c, betonen die Inhaber Marco und Irene Weber. Bei Kaffee und Kuchen bietet sich die Gelegenheit zum pers\u00f6nlichen Austausch in festlicher Atmosph\u00e4re.<br \/>\nAuch die Unterhaltung kommt nicht zu kurz: Bei dem Jubil\u00e4umsfest gibt es Aktionen f\u00fcr Kinder und ab 20 Uhr sorgt \u201eBlackwood Mary\u201c mit Livemusik f\u00fcr Stimmung. Die Band aus St. Peter pr\u00e4sentiert handgemachte Cover-Songs, die sowohl rockig als auch country-inspiriert sind.<\/p>\n<p>Die Leidenschaft f\u00fcr Elektrik liegt in der Familie<br \/>\nHistorie: So begann die Erfolgsgeschichte von Elektro Weber in St. Peter \u2013 Von der kleinen Garage zum expandierenden Unternehmen an neuem Standort<\/p>\n<p>Josef Weber erwarb die damalige Seminarwaschk\u00fcche nach seiner beruflichen Wanderschaft. Zu seiner Hochzeit lie\u00df er extra eine Stromleitung legen, um somit im Gasthaus \u201eKlosterst\u00fcble\u201c, das seinen Eltern geh\u00f6rte, erstmals mit elektrischem Licht feiern zu k\u00f6nnen. Sein Unternehmen taufte er \u201eElektro Apparatenbau Technische Werkst\u00e4tte St. Peter\u201c. In der Werkstatt im Klosterhof wurden ab den 1925er-Jahren Transmissionen von M\u00fchlr\u00e4dern, Antriebe f\u00fcr Dreschmaschinen, Wasserturbinen und Generatoren zur Stromgewinnung hergestellt. Parallel dazu wurde mit sehr gro\u00dfem Aufwand das Stromnetz ausgebaut und die einzelnen Haushalte und Bauernh\u00f6fe wurden daran angeschlossen.<br \/>\nBruno Weber teilte die Leidenschaft seines Vaters f\u00fcr die Elektrotechnik \u2013 schon in jungen Jahren ging er Josef Weber in seinem Elektrogesch\u00e4ft zur Hand und begleitete ihn als Sch\u00fcler, wenn er zu Kunden fuhr. Nach der Schule machte er in Freiburg eine Lehre als Elektriker bei der Firma Hauser in Oberlinden, absolvierte die Meisterpr\u00fcfung und \u00fcbernahm im April 1956 schlie\u00dflich den Betrieb seines Vaters.<br \/>\nZum \u201eKlosterst\u00fcble\u201c geh\u00f6rte auch ein kleines Geb\u00e4ude am Bertoldsplatz mit Stallung, das Bruno Weber zum Wohnhaus und Ladengesch\u00e4ft umbaute. Hier wurden Elektroger\u00e4te und Lampen ausgestellt und verkauft. Seine Frau Leni hielt dort die Stellung am Telefon, um ihren Mann per Funk zum n\u00e4chsten Kunden zu schicken.<br \/>\nMarco Weber \u00fcbernahm 1999, nach bestandener Meisterpr\u00fcfung, den Betrieb und f\u00fchrt ihn seitdem erfolgreich, seine Frau Irene k\u00fcmmert sich um die B\u00fcroorganisation. Ein Ladengesch\u00e4ft gibt es mittlerweile nicht mehr, aber die Firma hat expandiert und sich an ihrem neuen Standort deutlich vergr\u00f6\u00dfert.<br \/>\nDie Begeisterung f\u00fcr Elektrotechnik liegt nach wie vor in der Familie \u2013 die beiden T\u00f6chter von Marco und Irene Weber haben sich ebenfalls f\u00fcr diesen Beruf entschieden. Eine Tochter ist mit der Ausbildung zur Elektrikerin fast fertig, die andere beginnt diese im September.<\/p>\n<p>&nbsp;<\/p>\n<p>&nbsp;<\/p>\n","protected":false},"excerpt":{"rendered":"<p>Home &gt;Business\u00a0&gt;Duale Bildung\u00a0&gt;Handwerk &gt;Elektrotechnik Marco Weber Elektrotechnik St. Peter: Jubil\u00e4umsfest am 5. Juli 2025\u00a0 (26.6.2025) https:\/\/www.freiburg-schwarzwald.de\/littenweiler\/elektro.htm &gt;Archivseite &nbsp; Marco Weber Elektrotechnik St. Peter: Jubil\u00e4umsfest am 5. Juli 2025\u00a0 Auf dem Firmengel\u00e4nde in St. Peter \u2013 Livemusik und mehr St. Peter &hellip; <a href=\"https:\/\/www.freiburg-schwarzwald.de\/blog\/business\/handwerk\/elektrotechnik\/\">Weiterlesen <span class=\"meta-nav\">&rarr;<\/span><\/a><\/p>\n","protected":false},"author":2,"featured_media":0,"parent":1385,"menu_order":0,"comment_status":"closed","ping_status":"closed","template":"","meta":{"footnotes":""},"class_list":["post-135852","page","type-page","status-publish","hentry"],"_links":{"self":[{"href":"https:\/\/www.freiburg-schwarzwald.de\/blog\/wp-json\/wp\/v2\/pages\/135852","targetHints":{"allow":["GET"]}}],"collection":[{"href":"https:\/\/www.freiburg-schwarzwald.de\/blog\/wp-json\/wp\/v2\/pages"}],"about":[{"href":"https:\/\/www.freiburg-schwarzwald.de\/blog\/wp-json\/wp\/v2\/types\/page"}],"author":[{"embeddable":true,"href":"https:\/\/www.freiburg-schwarzwald.de\/blog\/wp-json\/wp\/v2\/users\/2"}],"replies":[{"embeddable":true,"href":"https:\/\/www.freiburg-schwarzwald.de\/blog\/wp-json\/wp\/v2\/comments?post=135852"}],"version-history":[{"count":5,"href":"https:\/\/www.freiburg-schwarzwald.de\/blog\/wp-json\/wp\/v2\/pages\/135852\/revisions"}],"predecessor-version":[{"id":135857,"href":"https:\/\/www.freiburg-schwarzwald.de\/blog\/wp-json\/wp\/v2\/pages\/135852\/revisions\/135857"}],"up":[{"embeddable":true,"href":"https:\/\/www.freiburg-schwarzwald.de\/blog\/wp-json\/wp\/v2\/pages\/1385"}],"wp:attachment":[{"href":"https:\/\/www.freiburg-schwarzwald.de\/blog\/wp-json\/wp\/v2\/media?parent=135852"}],"curies":[{"name":"wp","href":"https:\/\/api.w.org\/{rel}","templated":true}]}}