{"id":135307,"date":"2025-06-17T15:07:21","date_gmt":"2025-06-17T13:07:21","guid":{"rendered":"https:\/\/www.freiburg-schwarzwald.de\/blog\/?page_id=135307"},"modified":"2025-11-23T09:09:38","modified_gmt":"2025-11-23T08:09:38","slug":"deutsche-sprache","status":"publish","type":"page","link":"https:\/\/www.freiburg-schwarzwald.de\/blog\/kultur\/deutsch\/deutsche-sprache\/","title":{"rendered":"Deutsche-Sprache"},"content":{"rendered":"<p><a href=\"https:\/\/www.freiburg-schwarzwald.de\/blog\">Home<\/a>\u00a0&gt;<a title=\"Kultur\" href=\"https:\/\/www.freiburg-schwarzwald.de\/blog\/kultur\/\">Kultur<\/a>\u00a0&gt;<a title=\"Dichter\" href=\"https:\/\/www.freiburg-schwarzwald.de\/blog\/kultur\/dichter\/\">Dichter<\/a> &gt;<a href=\"https:\/\/www.freiburg-schwarzwald.de\/blog\/deutsch\/\">Deutsch<\/a> &gt;Deutsche-Sprache<\/p>\n<div id=\"attachment_128406\" style=\"width: 649px\" class=\"wp-caption alignnone\"><a href=\"https:\/\/www.freiburg-schwarzwald.de\/blog\/wp-content\/uploads\/2024\/11\/stmaergen-kandel-pan241110.jpg\"><img loading=\"lazy\" decoding=\"async\" aria-describedby=\"caption-attachment-128406\" class=\"size-full wp-image-128406\" src=\"https:\/\/www.freiburg-schwarzwald.de\/blog\/wp-content\/uploads\/2024\/11\/stmaergen-kandel-pan241110.jpg\" alt=\"\" width=\"639\" height=\"397\" srcset=\"https:\/\/www.freiburg-schwarzwald.de\/blog\/wp-content\/uploads\/2024\/11\/stmaergen-kandel-pan241110.jpg 639w, https:\/\/www.freiburg-schwarzwald.de\/blog\/wp-content\/uploads\/2024\/11\/stmaergen-kandel-pan241110-180x112.jpg 180w\" sizes=\"auto, (max-width: 639px) 100vw, 639px\" \/><\/a><p id=\"caption-attachment-128406\" class=\"wp-caption-text\">Blick nach Norden \u00fcber Schweigh\u00f6fe und St. M\u00e4rgen zum Kandel am 10.11.2024<\/p><\/div>\n<ul>\n<li><em>Listenauswahl eines Beitrags (Artikel\/Datum, Seite\/Inhalt): <span style=\"text-decoration: underline;\">Klicken<\/span> oder scrollen<\/em><\/li>\n<li><a href=\"https:\/\/www.freiburg-schwarzwald.de\/blog\/kultur\/deutsch\/deutschunterricht\/\">Bayern: 275 Schulklassen ohne deutschen Muttersprachler<\/a> (22.11.2025)<\/li>\n<li>Von wegen \u201eBildungspolitik\u201c: Einfach Deutsch sprechen! (14.6.2025)<\/li>\n<li><\/li>\n<li><a href=\"https:\/\/www.freiburg-schwarzwald.de\/blog\/kultur\/deutsch\/deutschunterricht\/\">Deutschunterricht<\/a><\/li>\n<\/ul>\n<p>&nbsp;<\/p>\n<p><strong>Von wegen \u201eBildungspolitik\u201c: Einfach Deutsch sprechen!<\/strong><br \/>\nWenn wir Hunderttausende zu Deutschen machen, dann sollten sie wenigstens auch Deutsch sprechen k\u00f6nnen. Und bitte: Lasst uns damit anfangen, bevor die Generation stirbt, die noch echtes Deutsch spricht.<br \/>\n&#8230;<br \/>\nDie Realit\u00e4t an vielen Schulen sieht n\u00e4mlich so aus: Lehrkr\u00e4fte unterrichten, weil es der Plan vorgibt. Dass vorne einer steht, ist sicher. Ob hinten jemand zuh\u00f6rt, bleibt offen. Lehrkr\u00e4fte m\u00fcssen heute Inklusion, Digitalisierung, Diversit\u00e4t, Traumap\u00e4dagogik und Genderkompetenz beherrschen \u2013 nur das Unterrichten selbst scheint kein Pr\u00fcfungsfach mehr zu sein.<br \/>\nDas eigentliche Problem sitzt viel tiefer. Es beginnt mit der Sprache. In welcher Sprache soll man eigentlich unterrichten? Deutsch scheint es nicht mehr zu sein. (Ironie, aber nur halb.) Viele Sch\u00fcler \u2013 vor allem aus Afghanistan, Syrien oder afrikanischen L\u00e4ndern \u2013 haben entweder nie eine Schule besucht oder nur sporadisch. Wenn man ihre Muttersprache h\u00f6rt, f\u00e4llt auf: Es werden dieselben 200 W\u00f6rter in verschiedenen Tonlagen variiert. Damit kann man \u00fcberleben, aber kein Deutsch lernen. Und schon gar nicht verstehen, was da auf dem Arbeitsblatt steht. Leseschw\u00e4che ist dann nur das Symptom. Wer nichts versteht, kann auch nicht lesen. Ganz einfach. Und bevor jemand \u201eIntegration!\u201c ruft: Wie sollen wir integrieren, wenn nicht mal das gemeinsame Sprechen funktioniert?<br \/>\n&#8230;.<br \/>\nDamals \u2013 als einziger \u201eAusl\u00e4nder\u201c auf dem Gymnasium \u2013 wurde ich ins kalte Wasser geworfen. Kein F\u00f6rderunterricht, keine \u201eWillkommensklasse\u201c. Aber ich hatte einen Vorteil: Ich war allein. Keine Parallelgesellschaft, kein R\u00fcckzugsraum. Ich musste Deutsch lernen. Heute? Da ist die Mehrheit in manchen Klassen die Minderheit. Wer soll da wen integrieren? Und dann kommen noch die modernen Ablenkungen: Games, TikTok, WhatsApp. Lehrer k\u00e4mpfen gegen eine Aufmerksamkeits\u00f6konomie, gegen die sie nicht gewinnen k\u00f6nnen. Eltern verzweifeln: \u201eWir kriegen ihn nicht vom Zocken weg!\u201c Willkommen im Alltag.<br \/>\nAber bleiben wir bei der Sprache. Deutsch muss wieder die gemeinsame Basis werden. Nicht perfekt, nicht grammatikalisch einwandfrei. Aber funktional. Verst\u00e4ndlich. Alltagstauglich.<br \/>\n&#8230;<br \/>\nWenn wir Hunderttausende zu Deutschen machen \u2013 durch P\u00e4sse und Politik \u2013, dann sollten sie wenigstens auch Deutsch sprechen k\u00f6nnen. Nicht Goethe, nicht Grass \u2013 aber immerhin Grundschule. Und bitte: Lasst uns damit anfangen, bevor die Generation stirbt, die noch echtes Deutsch spricht.<br \/>\n&#8230; Alles vom 14.6.225 von <a href=\"https:\/\/www.freiburg-schwarzwald.de\/blog\/engagement\/zukunft\/demokratie\/unseredemokratie\/\">Ahmet Refi Dener<\/a> bitte lesen auf<br \/>\n<a href=\"https:\/\/www.achgut.com\/artikel\/Von_wegen_Bildungspolitik_Einfach_Deutsch_sprechen\">https:\/\/www.achgut.com\/artikel\/Von_wegen_Bildungspolitik_Einfach_Deutsch_sprechen<\/a><br \/>\n.<br \/>\n<em>Ahmet Refii Dener ist T\u00fcrkei-Kenner, Unternehmensberater, Jugend-Coach aus Unterfranken, der gegen betreutes Denken ist und deshalb bei Achgut.com schreibt. Mehr von ihm finden Sie auf seiner Facebookseite <a href=\"https:\/\/www.facebook.com\/ARD1881\/\">https:\/\/www.facebook.com\/ARD1881\/<\/a> und bei Instagram. <a href=\"https:\/\/www.instagram.com\/ahmetrefiidener\/\">https:\/\/www.instagram.com\/ahmetrefiidener\/<\/a><\/em><\/p>\n","protected":false},"excerpt":{"rendered":"<p>Home\u00a0&gt;Kultur\u00a0&gt;Dichter &gt;Deutsch &gt;Deutsche-Sprache Listenauswahl eines Beitrags (Artikel\/Datum, Seite\/Inhalt): Klicken oder scrollen Bayern: 275 Schulklassen ohne deutschen Muttersprachler (22.11.2025) Von wegen \u201eBildungspolitik\u201c: Einfach Deutsch sprechen! (14.6.2025) Deutschunterricht &nbsp; Von wegen \u201eBildungspolitik\u201c: Einfach Deutsch sprechen! Wenn wir Hunderttausende zu Deutschen machen, dann &hellip; <a href=\"https:\/\/www.freiburg-schwarzwald.de\/blog\/kultur\/deutsch\/deutsche-sprache\/\">Weiterlesen <span class=\"meta-nav\">&rarr;<\/span><\/a><\/p>\n","protected":false},"author":2,"featured_media":0,"parent":54655,"menu_order":0,"comment_status":"closed","ping_status":"closed","template":"","meta":{"footnotes":""},"class_list":["post-135307","page","type-page","status-publish","hentry"],"_links":{"self":[{"href":"https:\/\/www.freiburg-schwarzwald.de\/blog\/wp-json\/wp\/v2\/pages\/135307","targetHints":{"allow":["GET"]}}],"collection":[{"href":"https:\/\/www.freiburg-schwarzwald.de\/blog\/wp-json\/wp\/v2\/pages"}],"about":[{"href":"https:\/\/www.freiburg-schwarzwald.de\/blog\/wp-json\/wp\/v2\/types\/page"}],"author":[{"embeddable":true,"href":"https:\/\/www.freiburg-schwarzwald.de\/blog\/wp-json\/wp\/v2\/users\/2"}],"replies":[{"embeddable":true,"href":"https:\/\/www.freiburg-schwarzwald.de\/blog\/wp-json\/wp\/v2\/comments?post=135307"}],"version-history":[{"count":5,"href":"https:\/\/www.freiburg-schwarzwald.de\/blog\/wp-json\/wp\/v2\/pages\/135307\/revisions"}],"predecessor-version":[{"id":141930,"href":"https:\/\/www.freiburg-schwarzwald.de\/blog\/wp-json\/wp\/v2\/pages\/135307\/revisions\/141930"}],"up":[{"embeddable":true,"href":"https:\/\/www.freiburg-schwarzwald.de\/blog\/wp-json\/wp\/v2\/pages\/54655"}],"wp:attachment":[{"href":"https:\/\/www.freiburg-schwarzwald.de\/blog\/wp-json\/wp\/v2\/media?parent=135307"}],"curies":[{"name":"wp","href":"https:\/\/api.w.org\/{rel}","templated":true}]}}