{"id":1328,"date":"2012-04-13T08:33:58","date_gmt":"2012-04-13T08:33:58","guid":{"rendered":"https:\/\/www.freiburg-schwarzwald.de\/blog\/?page_id=1328"},"modified":"2013-05-06T08:36:24","modified_gmt":"2013-05-06T06:36:24","slug":"down-syndrom","status":"publish","type":"page","link":"https:\/\/www.freiburg-schwarzwald.de\/blog\/selbsthilfe\/behinderung\/down-syndrom\/","title":{"rendered":"Down-Syndrom"},"content":{"rendered":"<p>Home &gt;<a title=\"Selbsthilfe\" href=\"https:\/\/www.freiburg-schwarzwald.de\/blog\/selbsthilfe\/\">Selbsthilfe<\/a> &gt;<a title=\"Behinderung\" href=\"https:\/\/www.freiburg-schwarzwald.de\/blog\/selbsthilfe\/behinderung\/\">Behinderung<\/a> &gt;Down-Syndrom<\/p>\n<div id=\"attachment_8194\" style=\"width: 645px\" class=\"wp-caption alignnone\"><a href=\"https:\/\/www.freiburg-schwarzwald.de\/blog\/selbsthilfe\/soziales\/homosexualitaet\/cosmea9pan120730\/\" rel=\"attachment wp-att-8194\"><img loading=\"lazy\" decoding=\"async\" aria-describedby=\"caption-attachment-8194\" class=\"size-full wp-image-8194\" title=\"cosmea9pan120730\" src=\"https:\/\/www.freiburg-schwarzwald.de\/blog\/wp-content\/uploads\/2012\/06\/cosmea9pan120730.jpg\" alt=\"\" width=\"635\" height=\"251\" srcset=\"https:\/\/www.freiburg-schwarzwald.de\/blog\/wp-content\/uploads\/2012\/06\/cosmea9pan120730.jpg 635w, https:\/\/www.freiburg-schwarzwald.de\/blog\/wp-content\/uploads\/2012\/06\/cosmea9pan120730-180x71.jpg 180w\" sizes=\"auto, (max-width: 635px) 100vw, 635px\" \/><\/a><p id=\"caption-attachment-8194\" class=\"wp-caption-text\">Cosmea am 30.7.2012 - ein Meer von Blueten<\/p><\/div>\n<p>Das Down-Syndrom entsteht in einem Stadium sehr fr\u00fcher Zellteilung. Dabei kommt es zu einer spontanen, zuf\u00e4lligen Chromosomenabweichung. Niemand hat daran Schuld.\u00a0 Chromosomen sind die Tr\u00e4ger der Erbinformationen und bestimmen mit, wie wir aussehen und uns entwickeln. Das beim Down-Syndrom zus\u00e4tzliche Chromosom 21 (daher wird das Down-Syndrom auch <strong>\u201aTrisomie 21\u2018<\/strong> genannt) pr\u00e4gt die Entwicklung von Anfang an. Es ist verantwortlich f\u00fcr die typischen k\u00f6rperlichen Ver\u00e4nderungen und f\u00fcr die verz\u00f6gerte geistige Entwicklung.\u00a0<br \/>\nTrotz dieser Gemeinsamkeit ist jeder Mensch mit Down-Syndrom eine einzigartige Pers\u00f6nlichkeit mit eigenem Temperament und eigenen F\u00e4higkeiten &#8211; wie alle anderen Menschen auch!<\/p>\n<ul>\n<li><a href=\"https:\/\/www.freiburg-schwarzwald.de\/blog\/inklusion-vauban-lebenshilfe\/\">https:\/\/www.freiburg-schwarzwald.de\/blog\/inklusion-vauban-lebenshilfe\/<\/a>\u00a0(5.5.2013)<\/li>\n<li><a href=\"https:\/\/www.freiburg-schwarzwald.de\/blog\/bluttests-auf-chromosomen-fehler-trisomie-21-freigegeben\/\">https:\/\/www.freiburg-schwarzwald.de\/blog\/bluttests-auf-chromosomen-fehler-trisomie-21-freigegeben\/<\/a>\u00a0(2.8.2012)<\/li>\n<li><a href=\"#Miteinander-Downsyndrom in Freiburg\">Miteinander-Downsynrom in Freiburg<\/a><\/li>\n<li><a title=\"Himmelreich\" href=\"https:\/\/www.freiburg-schwarzwald.de\/blog\/selbsthilfe\/behinderung\/himmelreich\/\">Interatives Hofgut Himmelreich bei Buchenbach<\/a><\/li>\n<\/ul>\n<p>&nbsp;<\/p>\n<p><strong><a name=\"Miteinander-Downsyndrom in Freiburg\"><\/a>Miteinander-Downsyndrom in Freiburg<\/strong><\/p>\n<p><a href=\"https:\/\/www.miteinander-downsyndrom.de\/\">https:\/\/www.miteinander-downsyndrom.de<\/a><br \/>\nFamilie Erley<strong>, <\/strong>Ahornring 8, 79211 Denzlingen, Tel. 07666 \/ 8543<br \/>\nFamilie Riedel, Ludwig-Heilmeyer-Weg 1, 79111 Freiburg, Tel 0761 \/ 71371<br \/>\nKathrin Frey, Postfach 1147, 79207 Denzlingen, Tel.: 07666\/8543.<\/p>\n<p><a href=\"https:\/\/www.freiburg-schwarzwald.de\/blog\/landfrauen-tiengen-spenden-1000-euro-fuer-miteinander-downsyndrom\/\">https:\/\/www.freiburg-schwarzwald.de\/blog\/landfrauen-tiengen-spenden-1000-euro-fuer-miteinander-downsyndrom\/<\/a>\u00a0(13.4.2012)<\/p>\n","protected":false},"excerpt":{"rendered":"<p>Home &gt;Selbsthilfe &gt;Behinderung &gt;Down-Syndrom Das Down-Syndrom entsteht in einem Stadium sehr fr\u00fcher Zellteilung. Dabei kommt es zu einer spontanen, zuf\u00e4lligen Chromosomenabweichung. Niemand hat daran Schuld.\u00a0 Chromosomen sind die Tr\u00e4ger der Erbinformationen und bestimmen mit, wie wir aussehen und uns entwickeln. &hellip; <a href=\"https:\/\/www.freiburg-schwarzwald.de\/blog\/selbsthilfe\/behinderung\/down-syndrom\/\">Weiterlesen <span class=\"meta-nav\">&rarr;<\/span><\/a><\/p>\n","protected":false},"author":2,"featured_media":0,"parent":114,"menu_order":0,"comment_status":"open","ping_status":"closed","template":"","meta":{"footnotes":""},"class_list":["post-1328","page","type-page","status-publish","hentry"],"_links":{"self":[{"href":"https:\/\/www.freiburg-schwarzwald.de\/blog\/wp-json\/wp\/v2\/pages\/1328","targetHints":{"allow":["GET"]}}],"collection":[{"href":"https:\/\/www.freiburg-schwarzwald.de\/blog\/wp-json\/wp\/v2\/pages"}],"about":[{"href":"https:\/\/www.freiburg-schwarzwald.de\/blog\/wp-json\/wp\/v2\/types\/page"}],"author":[{"embeddable":true,"href":"https:\/\/www.freiburg-schwarzwald.de\/blog\/wp-json\/wp\/v2\/users\/2"}],"replies":[{"embeddable":true,"href":"https:\/\/www.freiburg-schwarzwald.de\/blog\/wp-json\/wp\/v2\/comments?post=1328"}],"version-history":[{"count":0,"href":"https:\/\/www.freiburg-schwarzwald.de\/blog\/wp-json\/wp\/v2\/pages\/1328\/revisions"}],"up":[{"embeddable":true,"href":"https:\/\/www.freiburg-schwarzwald.de\/blog\/wp-json\/wp\/v2\/pages\/114"}],"wp:attachment":[{"href":"https:\/\/www.freiburg-schwarzwald.de\/blog\/wp-json\/wp\/v2\/media?parent=1328"}],"curies":[{"name":"wp","href":"https:\/\/api.w.org\/{rel}","templated":true}]}}

<p>Home &gt;<a title="Selbsthilfe" href="https://www.freiburg-schwarzwald.de/blog/selbsthilfe/">Selbsthilfe</a> &gt;<a title="Behinderung" href="https://www.freiburg-schwarzwald.de/blog/selbsthilfe/behinderung/">Behinderung</a> &gt;Down-Syndrom</p>
<div id="attachment_8194" style="width: 645px" class="wp-caption alignnone"><a href="https://www.freiburg-schwarzwald.de/blog/selbsthilfe/soziales/homosexualitaet/cosmea9pan120730/" rel="attachment wp-att-8194"><img loading="lazy" decoding="async" aria-describedby="caption-attachment-8194" class="size-full wp-image-8194" title="cosmea9pan120730" src="https://www.freiburg-schwarzwald.de/blog/wp-content/uploads/2012/06/cosmea9pan120730.jpg" alt="" width="635" height="251" srcset="https://www.freiburg-schwarzwald.de/blog/wp-content/uploads/2012/06/cosmea9pan120730.jpg 635w, https://www.freiburg-schwarzwald.de/blog/wp-content/uploads/2012/06/cosmea9pan120730-180x71.jpg 180w" sizes="auto, (max-width: 635px) 100vw, 635px" /></a><p id="caption-attachment-8194" class="wp-caption-text">Cosmea am 30.7.2012 - ein Meer von Blueten</p></div>
<p>Das Down-Syndrom entsteht in einem Stadium sehr früher Zellteilung. Dabei kommt es zu einer spontanen, zufälligen Chromosomenabweichung. Niemand hat daran Schuld.  Chromosomen sind die Träger der Erbinformationen und bestimmen mit, wie wir aussehen und uns entwickeln. Das beim Down-Syndrom zusätzliche Chromosom 21 (daher wird das Down-Syndrom auch <strong>‚Trisomie 21‘</strong> genannt) prägt die Entwicklung von Anfang an. Es ist verantwortlich für die typischen körperlichen Veränderungen und für die verzögerte geistige Entwicklung. <br />
Trotz dieser Gemeinsamkeit ist jeder Mensch mit Down-Syndrom eine einzigartige Persönlichkeit mit eigenem Temperament und eigenen Fähigkeiten &#8211; wie alle anderen Menschen auch!</p>
<ul>
<li><a href="https://www.freiburg-schwarzwald.de/blog/inklusion-vauban-lebenshilfe/">https://www.freiburg-schwarzwald.de/blog/inklusion-vauban-lebenshilfe/</a> (5.5.2013)</li>
<li><a href="https://www.freiburg-schwarzwald.de/blog/bluttests-auf-chromosomen-fehler-trisomie-21-freigegeben/">https://www.freiburg-schwarzwald.de/blog/bluttests-auf-chromosomen-fehler-trisomie-21-freigegeben/</a> (2.8.2012)</li>
<li><a href="#Miteinander-Downsyndrom in Freiburg">Miteinander-Downsynrom in Freiburg</a></li>
<li><a title="Himmelreich" href="https://www.freiburg-schwarzwald.de/blog/selbsthilfe/behinderung/himmelreich/">Interatives Hofgut Himmelreich bei Buchenbach</a></li>
</ul>
<p>&nbsp;</p>
<p><strong><a name="Miteinander-Downsyndrom in Freiburg"></a>Miteinander-Downsyndrom in Freiburg</strong></p>
<p><a href="https://www.miteinander-downsyndrom.de/">https://www.miteinander-downsyndrom.de</a><br />
Familie Erley<strong>, </strong>Ahornring 8, 79211 Denzlingen, Tel. 07666 / 8543<br />
Familie Riedel, Ludwig-Heilmeyer-Weg 1, 79111 Freiburg, Tel 0761 / 71371<br />
Kathrin Frey, Postfach 1147, 79207 Denzlingen, Tel.: 07666/8543.</p>
<p><a href="https://www.freiburg-schwarzwald.de/blog/landfrauen-tiengen-spenden-1000-euro-fuer-miteinander-downsyndrom/">https://www.freiburg-schwarzwald.de/blog/landfrauen-tiengen-spenden-1000-euro-fuer-miteinander-downsyndrom/</a> (13.4.2012)</p>

<p>Home &gt;Selbsthilfe &gt;Behinderung &gt;Down-Syndrom Das Down-Syndrom entsteht in einem Stadium sehr früher Zellteilung. Dabei kommt es zu einer spontanen, zufälligen Chromosomenabweichung. Niemand hat daran Schuld.  Chromosomen sind die Träger der Erbinformationen und bestimmen mit, wie wir aussehen und uns entwickeln. &hellip; <a href="https://www.freiburg-schwarzwald.de/blog/selbsthilfe/behinderung/down-syndrom/">Weiterlesen <span class="meta-nav">&rarr;</span></a></p>
