{"id":132278,"date":"2025-03-27T10:24:38","date_gmt":"2025-03-27T09:24:38","guid":{"rendered":"https:\/\/www.freiburg-schwarzwald.de\/blog\/?page_id=132278"},"modified":"2026-02-20T18:44:58","modified_gmt":"2026-02-20T17:44:58","slug":"weiter-so","status":"publish","type":"page","link":"https:\/\/www.freiburg-schwarzwald.de\/blog\/global\/deutschland\/deutschland-kaputt\/weiter-so\/","title":{"rendered":"weiter-so"},"content":{"rendered":"<p>d<\/p>\n<div id=\"attachment_131919\" style=\"width: 607px\" class=\"wp-caption alignnone\"><a href=\"https:\/\/www.freiburg-schwarzwald.de\/blog\/wp-content\/uploads\/2025\/03\/staatsschulden1950-2035-pan250318.jpg\"><img loading=\"lazy\" decoding=\"async\" aria-describedby=\"caption-attachment-131919\" class=\"size-full wp-image-131919\" src=\"https:\/\/www.freiburg-schwarzwald.de\/blog\/wp-content\/uploads\/2025\/03\/staatsschulden1950-2035-pan250318.jpg\" alt=\"\" width=\"597\" height=\"363\" srcset=\"https:\/\/www.freiburg-schwarzwald.de\/blog\/wp-content\/uploads\/2025\/03\/staatsschulden1950-2035-pan250318.jpg 597w, https:\/\/www.freiburg-schwarzwald.de\/blog\/wp-content\/uploads\/2025\/03\/staatsschulden1950-2035-pan250318-180x109.jpg 180w\" sizes=\"auto, (max-width: 597px) 100vw, 597px\" \/><\/a><p id=\"caption-attachment-131919\" class=\"wp-caption-text\">Nach Grundgesetz\u00e4nderung am 18.3.2025: Bis zu 1,7 Billionen neue Schulden<\/p><\/div>\n<p>&nbsp;<\/p>\n<ul>\n<li><em>Listenauswahl eines Beitrags (Artikel\/Datum, Seite\/Inhalt):\u00a0Klicken\u00a0oder scrollen<\/em><\/li>\n<li><a href=\"https:\/\/www.freiburg-schwarzwald.de\/blog\/energiewende-bringt-uns-um\/\">Merz: Energiewende bringt uns um<\/a>\u00a0(20.2.2026)<\/li>\n<li><a href=\"https:\/\/www.freiburg-schwarzwald.de\/blog\/martenstein-video-demokratie\/\">Martenstein: Video Demokratie<\/a>\u00a0(15.3.2026)<\/li>\n<li><a href=\"https:\/\/www.freiburg-schwarzwald.de\/blog\/engagement\/zukunft\/demokratie\/patriotismus\/\">K\u00e4mpfen f\u00fcr Deutschland \u2013 Apollo edition<\/a>\u00a0(31.8.2025)<\/li>\n<li><a href=\"https:\/\/www.freiburg-schwarzwald.de\/blog\/egal-religion-demokratie\/\">egal: Religion, Demokratie<\/a>\u00a0(18.8.2025)<\/li>\n<li><a href=\"https:\/\/www.freiburg-schwarzwald.de\/blog\/religion\/islam\/islamisierung\/\">Manuel Ostermann: Wenn wir es jetzt nicht schaffen, war es das<\/a>\u00a0(19.6.2025)<\/li>\n<li>Freiheit nach aussen nicht absicherbar ohne Freiheit nach innen (19.4.2025)<\/li>\n<li><a href=\"https:\/\/www.freiburg-schwarzwald.de\/blog\/engagement\/zukunft\/demokratie\/eliten\/eliten-netzwerk\/\">Eliten-Netzwerk als Kathedrale<\/a>\u00a0(26.3.2025)<\/li>\n<li>Thilo Sarrazin: Alternativloses Weiterwursteln (20.3.2025)<\/li>\n<li><\/li>\n<li><a href=\"https:\/\/www.freiburg-schwarzwald.de\/blog\/vereine\/partei\/cduspdgruene\/\">CDUSPDGruene<\/a><\/li>\n<li><a href=\"https:\/\/www.freiburg-schwarzwald.de\/blog\/global\/deutschland\/deutschland2025\/\">Deutschland2025<\/a><\/li>\n<\/ul>\n<p>&nbsp;<\/p>\n<p>&nbsp;<\/p>\n<p>&nbsp;<\/p>\n<p><strong>Thilo Sarrazin: Alternativloses Weiterwursteln<\/strong><br \/>\nWirtschaftspolitik: Die \u201egr\u00fcnen\u201c Regierungspl\u00e4ne von Union und SPD werden den Standort Deutschland nicht wieder wettbewerbsf\u00e4hig machen<\/p>\n<p>Ein Grundproblem der deutschen Finanzpolitik seit 1970 besteht darin, da\u00df bei nachlassenden Wachstumskr\u00e4ften und demographischer Alterung die Staatsquote deutlich gestiegen ist, n\u00e4mlich auf der Einnahmeseite von 39 auf 47 Prozent und auf der Ausgabenseite von 38,5 auf 50 Prozent des Bruttoinlandsprodukts (BIP). So zeigt es die Volkswirtschaftliche Gesamtrechnung des Statistischen Bundesamtes. Die gesamte Abgabenbelastung stieg von 35 auf 42 Prozent des BIP. Auch die Ausgabenstruktur hat sich verschoben: Der Anteil der staatlichen Investitionen sank von 4,7 auf nur noch 2,7 Prozent des BIP.<br \/>\nDie so entstandene Investitionsl\u00fccke betr\u00e4gt 90 Milliarden Euro im Jahr. Der Anteil der Verteidigungsausgaben am BIP sank von drei Prozent (1970) auf 1,3 Prozent (ohne Sonderverm\u00f6gen). Die so entstandene Verteidigungsl\u00fccke bel\u00e4uft sich auf j\u00e4hrlich 75 bis 80 Milliarden Euro. Der Anteil der Sozialausgaben stieg dagegen seit 1970 von 16,3 auf 25,1 Prozent des BIP. Bezogen auf die Gegenwart sind dies strukturelle Mehrausgaben im Sozialbereich von j\u00e4hrlich knapp 400 Milliarden Euro.<br \/>\nDies ist durch die uners\u00e4ttliche Phantasie der Sozialpolitiker, durch die Wirkungen von Geburtenarmut und Alterung der Bev\u00f6lkerung und in j\u00fcngerer Zeit auch durch die Asylmigration und die wachsende Zahl von Wirtschaftsfl\u00fcchtlingen bedingt. Die Politik n\u00e4herte sich den damit verbundenen Problemen allenfalls furchtsam und gro\u00dfenteils gar nicht. Eine Erkl\u00e4rung mag sein, da\u00df die W\u00e4hlerschaft von Menschen dominiert wird, die bereits im Rentenalter sind oder sich diesem n\u00e4hern. Bei Fragen der Einwanderung hat man sich zudem in europarechtlichen Vorgaben und menschenrechtlicher Prinzipienreiterei verheddert.<\/p>\n<p>Der deutschen Politik fehlt es generell am Mut zur Wahrheit<br \/>\nWeitsichtige Politiker erkennen seit Jahrzehnten die Zwangslage, die so f\u00fcr die \u00d6ffentlichen Haushalte entsteht. Aber sie wissen keinen grunds\u00e4tzlichen Ausweg bzw. ersch\u00f6pfen sich in wiederholten Konsolidierungsversuchen, die notwendig waren, aber immer wieder zu kurz griffen. So wuchs die Staatsverschuldung seit 1970 von 18 auf 63 Prozent des Sozialprodukts, und was trotzdem an Geld fehlte, knapste man halt bei den Investitionen und der Verteidigung ab. Die 2009 ins Grundgesetz eingef\u00fcgte Schuldenbremse war als Ausweg gedacht. Er funktionierte nicht: Denn die Politik sparte entweder immer wieder an den falschen Stellen (Investitionen, Verteidigung) statt im Sozialbereich, oder sie nutzte \u201eAusnahmetatbest\u00e4nde\u201c zur Umgehung der Schuldenbremse.<\/p>\n<p>Die Ampelregierung zerbrach vor allem an dieser Grundsatzproblematik. Gleichwohl schaute bei der j\u00fcngsten Bundestagswahl keine der jetzt im Bundestag vertretenen Parteien der Problematik wirklich ehrlich ins Auge. Die Parteiprogramme boten dazu im wesentlichen Formelkompromisse. Linke, SPD und Gr\u00fcne sahen den Ausweg nicht in Einsparungen, sondern in der Beseitigung oder Lockerung der Schuldenbremse. Die Union versuchte sich in einem verbalen Spagat, indem sie die Schuldenbremse einerseits verteidigte, bei der Benennung der Einsparungen aber unscharf blieb. Die FDP dagegen, die \u00fcber der Einhaltung der Schuldenbremse die Ampelkoalition platzen lie\u00df, flog zur Belohnung aus dem Bundestag.<\/p>\n<p>Nat\u00fcrlich gibt es ihn, den finanzpolitischen Ausgabenpfad der Tugend, bei dem der n\u00f6tige dramatische Ausgabenaufwuchs f\u00fcr Investitionen und Verteidigung durch Einsparungen und strukturelle Umschichtungen im Sozialbereich finanziert wird. Aber dieser Weg ist dornenreich. Ein f\u00fchrender politischer Kopf, der ihn wirklich gehen m\u00f6chte und auch das Gewicht und das Temperament hat, ihn bei der Bev\u00f6lkerung durchzusetzen, ist gegenw\u00e4rtig in Deutschland nicht sichtbar. Und wenn es ihn g\u00e4be, so w\u00e4re eine Mehrheit f\u00fcr ihn unwahrscheinlich, sobald es hart auf hart kommt.<\/p>\n<p>Friedrich Merz hat die Konsequenzen daraus gezogen. Mit der Befreiung der Verteidigungsausgaben von der Fesselung durch die Schuldenbremse und einem schuldenfinanzierten Sonderverm\u00f6gen von 500 Milliarden Euro f\u00fcr Investitionen kam er SPD und Gr\u00fcnen weit entgegen. Damit steigt \u2013 als Regierungsprogramm \u2013 die staatliche Schuldenquote auf 80 bis 90 Prozent des BIP. Neue j\u00e4hrliche Zinslasten von 30 bis 60 Milliarden Euro m\u00fcssen aus den \u00d6ffentlichen Haushalten finanziert werden. Mit weitaus geringeren Zugest\u00e4ndnissen der FDP h\u00e4tte Olaf Scholz ganz ungef\u00e4hrdet bis September weiterregieren k\u00f6nnen.<\/p>\n<p>Von au\u00dfen kann nicht beurteilt werden, ob Merz sich den Weg zur Kanzlerwahl auch mit geringeren Zugest\u00e4ndnissen h\u00e4tte erkaufen k\u00f6nnen. Gemessen an seinen Versprechen im Wahlkampf war dies in jedem Fall ein schwerwiegender Wortbruch. Das wird zwar irrelevant sein, wenn seine Regierung ansonsten erfolgreich ist. Bleibt aber dieser Erfolg aus, insbesondere in der Migrationspolitik, dann wird die AfD bei der n\u00e4chsten Wahl bundesweit 25 bis 30 Prozent erreichen und wahrscheinlich gr\u00f6\u00dfer werden als die Union. Schon jetzt ist der Abstand der beiden Parteien mit 7,8 Prozentpunkten nicht sehr beeindruckend.<\/p>\n<p>Merz hatte aber tats\u00e4chlich keine Alternative. Er war und ist ein politischer Gefangener seiner Festlegung, niemals direkt oder indirekt mit der parlamentarischen Unterst\u00fctzung der AfD zu arbeiten. Der SPD ist es so gelungen, als Wahlverlierer mit nur 16,4 Prozent Stimmenanteil eine weitgehend sozialdemokratisch gepr\u00e4gte Politik durchzusetzen. Die dringende Reform des Sozialstaats r\u00fcckt damit in weite Ferne. Wird Merz unfreiwillig zum politischen Nachla\u00dfverwalter Angel Merkels, und macht die Sozialdemokratisierung der CDU unter ihm weitere Fortschritte?<br \/>\n&#8230; Alles vom 20.3.2025 von Thilo Sarrazin bitte lesen in der JF 13\/25, Seite 11<\/p>\n<p><em><a href=\"https:\/\/www.freiburg-schwarzwald.de\/blog\/engagement\/zukunft\/sarrazin\/\">Dr. Thilo Sarrazin<\/a> war SPD-Finanzsenator in Berlin und bis 2010 Vorstandsmitglied der Bundesbank.<\/em><\/p>\n","protected":false},"excerpt":{"rendered":"<p>d &nbsp; Listenauswahl eines Beitrags (Artikel\/Datum, Seite\/Inhalt):\u00a0Klicken\u00a0oder scrollen Merz: Energiewende bringt uns um\u00a0(20.2.2026) Martenstein: Video Demokratie\u00a0(15.3.2026) K\u00e4mpfen f\u00fcr Deutschland \u2013 Apollo edition\u00a0(31.8.2025) egal: Religion, Demokratie\u00a0(18.8.2025) Manuel Ostermann: Wenn wir es jetzt nicht schaffen, war es das\u00a0(19.6.2025) Freiheit nach aussen nicht &hellip; <a href=\"https:\/\/www.freiburg-schwarzwald.de\/blog\/global\/deutschland\/deutschland-kaputt\/weiter-so\/\">Weiterlesen <span class=\"meta-nav\">&rarr;<\/span><\/a><\/p>\n","protected":false},"author":2,"featured_media":0,"parent":69940,"menu_order":0,"comment_status":"closed","ping_status":"closed","template":"","meta":{"footnotes":""},"class_list":["post-132278","page","type-page","status-publish","hentry"],"_links":{"self":[{"href":"https:\/\/www.freiburg-schwarzwald.de\/blog\/wp-json\/wp\/v2\/pages\/132278","targetHints":{"allow":["GET"]}}],"collection":[{"href":"https:\/\/www.freiburg-schwarzwald.de\/blog\/wp-json\/wp\/v2\/pages"}],"about":[{"href":"https:\/\/www.freiburg-schwarzwald.de\/blog\/wp-json\/wp\/v2\/types\/page"}],"author":[{"embeddable":true,"href":"https:\/\/www.freiburg-schwarzwald.de\/blog\/wp-json\/wp\/v2\/users\/2"}],"replies":[{"embeddable":true,"href":"https:\/\/www.freiburg-schwarzwald.de\/blog\/wp-json\/wp\/v2\/comments?post=132278"}],"version-history":[{"count":6,"href":"https:\/\/www.freiburg-schwarzwald.de\/blog\/wp-json\/wp\/v2\/pages\/132278\/revisions"}],"predecessor-version":[{"id":145954,"href":"https:\/\/www.freiburg-schwarzwald.de\/blog\/wp-json\/wp\/v2\/pages\/132278\/revisions\/145954"}],"up":[{"embeddable":true,"href":"https:\/\/www.freiburg-schwarzwald.de\/blog\/wp-json\/wp\/v2\/pages\/69940"}],"wp:attachment":[{"href":"https:\/\/www.freiburg-schwarzwald.de\/blog\/wp-json\/wp\/v2\/media?parent=132278"}],"curies":[{"name":"wp","href":"https:\/\/api.w.org\/{rel}","templated":true}]}}

<p>d</p>
<div id="attachment_131919" style="width: 607px" class="wp-caption alignnone"><a href="https://www.freiburg-schwarzwald.de/blog/wp-content/uploads/2025/03/staatsschulden1950-2035-pan250318.jpg"><img loading="lazy" decoding="async" aria-describedby="caption-attachment-131919" class="size-full wp-image-131919" src="https://www.freiburg-schwarzwald.de/blog/wp-content/uploads/2025/03/staatsschulden1950-2035-pan250318.jpg" alt="" width="597" height="363" srcset="https://www.freiburg-schwarzwald.de/blog/wp-content/uploads/2025/03/staatsschulden1950-2035-pan250318.jpg 597w, https://www.freiburg-schwarzwald.de/blog/wp-content/uploads/2025/03/staatsschulden1950-2035-pan250318-180x109.jpg 180w" sizes="auto, (max-width: 597px) 100vw, 597px" /></a><p id="caption-attachment-131919" class="wp-caption-text">Nach Grundgesetzänderung am 18.3.2025: Bis zu 1,7 Billionen neue Schulden</p></div>
<p>&nbsp;</p>
<ul>
<li><em>Listenauswahl eines Beitrags (Artikel/Datum, Seite/Inhalt): Klicken oder scrollen</em></li>
<li><a href="https://www.freiburg-schwarzwald.de/blog/energiewende-bringt-uns-um/">Merz: Energiewende bringt uns um</a> (20.2.2026)</li>
<li><a href="https://www.freiburg-schwarzwald.de/blog/martenstein-video-demokratie/">Martenstein: Video Demokratie</a> (15.3.2026)</li>
<li><a href="https://www.freiburg-schwarzwald.de/blog/engagement/zukunft/demokratie/patriotismus/">Kämpfen für Deutschland – Apollo edition</a> (31.8.2025)</li>
<li><a href="https://www.freiburg-schwarzwald.de/blog/egal-religion-demokratie/">egal: Religion, Demokratie</a> (18.8.2025)</li>
<li><a href="https://www.freiburg-schwarzwald.de/blog/religion/islam/islamisierung/">Manuel Ostermann: Wenn wir es jetzt nicht schaffen, war es das</a> (19.6.2025)</li>
<li>Freiheit nach aussen nicht absicherbar ohne Freiheit nach innen (19.4.2025)</li>
<li><a href="https://www.freiburg-schwarzwald.de/blog/engagement/zukunft/demokratie/eliten/eliten-netzwerk/">Eliten-Netzwerk als Kathedrale</a> (26.3.2025)</li>
<li>Thilo Sarrazin: Alternativloses Weiterwursteln (20.3.2025)</li>
<li></li>
<li><a href="https://www.freiburg-schwarzwald.de/blog/vereine/partei/cduspdgruene/">CDUSPDGruene</a></li>
<li><a href="https://www.freiburg-schwarzwald.de/blog/global/deutschland/deutschland2025/">Deutschland2025</a></li>
</ul>
<p>&nbsp;</p>
<p>&nbsp;</p>
<p>&nbsp;</p>
<p><strong>Thilo Sarrazin: Alternativloses Weiterwursteln</strong><br />
Wirtschaftspolitik: Die „grünen“ Regierungspläne von Union und SPD werden den Standort Deutschland nicht wieder wettbewerbsfähig machen</p>
<p>Ein Grundproblem der deutschen Finanzpolitik seit 1970 besteht darin, daß bei nachlassenden Wachstumskräften und demographischer Alterung die Staatsquote deutlich gestiegen ist, nämlich auf der Einnahmeseite von 39 auf 47 Prozent und auf der Ausgabenseite von 38,5 auf 50 Prozent des Bruttoinlandsprodukts (BIP). So zeigt es die Volkswirtschaftliche Gesamtrechnung des Statistischen Bundesamtes. Die gesamte Abgabenbelastung stieg von 35 auf 42 Prozent des BIP. Auch die Ausgabenstruktur hat sich verschoben: Der Anteil der staatlichen Investitionen sank von 4,7 auf nur noch 2,7 Prozent des BIP.<br />
Die so entstandene Investitionslücke beträgt 90 Milliarden Euro im Jahr. Der Anteil der Verteidigungsausgaben am BIP sank von drei Prozent (1970) auf 1,3 Prozent (ohne Sondervermögen). Die so entstandene Verteidigungslücke beläuft sich auf jährlich 75 bis 80 Milliarden Euro. Der Anteil der Sozialausgaben stieg dagegen seit 1970 von 16,3 auf 25,1 Prozent des BIP. Bezogen auf die Gegenwart sind dies strukturelle Mehrausgaben im Sozialbereich von jährlich knapp 400 Milliarden Euro.<br />
Dies ist durch die unersättliche Phantasie der Sozialpolitiker, durch die Wirkungen von Geburtenarmut und Alterung der Bevölkerung und in jüngerer Zeit auch durch die Asylmigration und die wachsende Zahl von Wirtschaftsflüchtlingen bedingt. Die Politik näherte sich den damit verbundenen Problemen allenfalls furchtsam und großenteils gar nicht. Eine Erklärung mag sein, daß die Wählerschaft von Menschen dominiert wird, die bereits im Rentenalter sind oder sich diesem nähern. Bei Fragen der Einwanderung hat man sich zudem in europarechtlichen Vorgaben und menschenrechtlicher Prinzipienreiterei verheddert.</p>
<p>Der deutschen Politik fehlt es generell am Mut zur Wahrheit<br />
Weitsichtige Politiker erkennen seit Jahrzehnten die Zwangslage, die so für die Öffentlichen Haushalte entsteht. Aber sie wissen keinen grundsätzlichen Ausweg bzw. erschöpfen sich in wiederholten Konsolidierungsversuchen, die notwendig waren, aber immer wieder zu kurz griffen. So wuchs die Staatsverschuldung seit 1970 von 18 auf 63 Prozent des Sozialprodukts, und was trotzdem an Geld fehlte, knapste man halt bei den Investitionen und der Verteidigung ab. Die 2009 ins Grundgesetz eingefügte Schuldenbremse war als Ausweg gedacht. Er funktionierte nicht: Denn die Politik sparte entweder immer wieder an den falschen Stellen (Investitionen, Verteidigung) statt im Sozialbereich, oder sie nutzte „Ausnahmetatbestände“ zur Umgehung der Schuldenbremse.</p>
<p>Die Ampelregierung zerbrach vor allem an dieser Grundsatzproblematik. Gleichwohl schaute bei der jüngsten Bundestagswahl keine der jetzt im Bundestag vertretenen Parteien der Problematik wirklich ehrlich ins Auge. Die Parteiprogramme boten dazu im wesentlichen Formelkompromisse. Linke, SPD und Grüne sahen den Ausweg nicht in Einsparungen, sondern in der Beseitigung oder Lockerung der Schuldenbremse. Die Union versuchte sich in einem verbalen Spagat, indem sie die Schuldenbremse einerseits verteidigte, bei der Benennung der Einsparungen aber unscharf blieb. Die FDP dagegen, die über der Einhaltung der Schuldenbremse die Ampelkoalition platzen ließ, flog zur Belohnung aus dem Bundestag.</p>
<p>Natürlich gibt es ihn, den finanzpolitischen Ausgabenpfad der Tugend, bei dem der nötige dramatische Ausgabenaufwuchs für Investitionen und Verteidigung durch Einsparungen und strukturelle Umschichtungen im Sozialbereich finanziert wird. Aber dieser Weg ist dornenreich. Ein führender politischer Kopf, der ihn wirklich gehen möchte und auch das Gewicht und das Temperament hat, ihn bei der Bevölkerung durchzusetzen, ist gegenwärtig in Deutschland nicht sichtbar. Und wenn es ihn gäbe, so wäre eine Mehrheit für ihn unwahrscheinlich, sobald es hart auf hart kommt.</p>
<p>Friedrich Merz hat die Konsequenzen daraus gezogen. Mit der Befreiung der Verteidigungsausgaben von der Fesselung durch die Schuldenbremse und einem schuldenfinanzierten Sondervermögen von 500 Milliarden Euro für Investitionen kam er SPD und Grünen weit entgegen. Damit steigt – als Regierungsprogramm – die staatliche Schuldenquote auf 80 bis 90 Prozent des BIP. Neue jährliche Zinslasten von 30 bis 60 Milliarden Euro müssen aus den Öffentlichen Haushalten finanziert werden. Mit weitaus geringeren Zugeständnissen der FDP hätte Olaf Scholz ganz ungefährdet bis September weiterregieren können.</p>
<p>Von außen kann nicht beurteilt werden, ob Merz sich den Weg zur Kanzlerwahl auch mit geringeren Zugeständnissen hätte erkaufen können. Gemessen an seinen Versprechen im Wahlkampf war dies in jedem Fall ein schwerwiegender Wortbruch. Das wird zwar irrelevant sein, wenn seine Regierung ansonsten erfolgreich ist. Bleibt aber dieser Erfolg aus, insbesondere in der Migrationspolitik, dann wird die AfD bei der nächsten Wahl bundesweit 25 bis 30 Prozent erreichen und wahrscheinlich größer werden als die Union. Schon jetzt ist der Abstand der beiden Parteien mit 7,8 Prozentpunkten nicht sehr beeindruckend.</p>
<p>Merz hatte aber tatsächlich keine Alternative. Er war und ist ein politischer Gefangener seiner Festlegung, niemals direkt oder indirekt mit der parlamentarischen Unterstützung der AfD zu arbeiten. Der SPD ist es so gelungen, als Wahlverlierer mit nur 16,4 Prozent Stimmenanteil eine weitgehend sozialdemokratisch geprägte Politik durchzusetzen. Die dringende Reform des Sozialstaats rückt damit in weite Ferne. Wird Merz unfreiwillig zum politischen Nachlaßverwalter Angel Merkels, und macht die Sozialdemokratisierung der CDU unter ihm weitere Fortschritte?<br />
&#8230; Alles vom 20.3.2025 von Thilo Sarrazin bitte lesen in der JF 13/25, Seite 11</p>
<p><em><a href="https://www.freiburg-schwarzwald.de/blog/engagement/zukunft/sarrazin/">Dr. Thilo Sarrazin</a> war SPD-Finanzsenator in Berlin und bis 2010 Vorstandsmitglied der Bundesbank.</em></p>

<p>d &nbsp; Listenauswahl eines Beitrags (Artikel/Datum, Seite/Inhalt): Klicken oder scrollen Merz: Energiewende bringt uns um (20.2.2026) Martenstein: Video Demokratie (15.3.2026) Kämpfen für Deutschland – Apollo edition (31.8.2025) egal: Religion, Demokratie (18.8.2025) Manuel Ostermann: Wenn wir es jetzt nicht schaffen, war es das (19.6.2025) Freiheit nach aussen nicht &hellip; <a href="https://www.freiburg-schwarzwald.de/blog/global/deutschland/deutschland-kaputt/weiter-so/">Weiterlesen <span class="meta-nav">&rarr;</span></a></p>
