{"id":132130,"date":"2025-03-24T18:50:53","date_gmt":"2025-03-24T17:50:53","guid":{"rendered":"https:\/\/www.freiburg-schwarzwald.de\/blog\/?page_id=132130"},"modified":"2025-03-24T18:55:27","modified_gmt":"2025-03-24T17:55:27","slug":"kriegskredite","status":"publish","type":"page","link":"https:\/\/www.freiburg-schwarzwald.de\/blog\/engagement\/zukunft\/demokratie\/staat\/staatsschulden2025\/kriegskredite\/","title":{"rendered":"Kriegskredite"},"content":{"rendered":"<p>d<\/p>\n<div id=\"attachment_131919\" style=\"width: 607px\" class=\"wp-caption alignnone\"><a href=\"https:\/\/www.freiburg-schwarzwald.de\/blog\/wp-content\/uploads\/2025\/03\/staatsschulden1950-2035-pan250318.jpg\"><img loading=\"lazy\" decoding=\"async\" aria-describedby=\"caption-attachment-131919\" class=\"size-full wp-image-131919\" src=\"https:\/\/www.freiburg-schwarzwald.de\/blog\/wp-content\/uploads\/2025\/03\/staatsschulden1950-2035-pan250318.jpg\" alt=\"\" width=\"597\" height=\"363\" srcset=\"https:\/\/www.freiburg-schwarzwald.de\/blog\/wp-content\/uploads\/2025\/03\/staatsschulden1950-2035-pan250318.jpg 597w, https:\/\/www.freiburg-schwarzwald.de\/blog\/wp-content\/uploads\/2025\/03\/staatsschulden1950-2035-pan250318-180x109.jpg 180w\" sizes=\"auto, (max-width: 597px) 100vw, 597px\" \/><\/a><p id=\"caption-attachment-131919\" class=\"wp-caption-text\">Nach Grundgesetz\u00e4nderung am 18.3.2025: Bis zu 1,7 Billionen neue Schulden<\/p><\/div>\n<ul>\n<li><em>Listenauswahl eines Beitrags: Bitte anklicken oder runterscrollen<\/em><\/li>\n<li>Kriegskredite &#8211; Vorschlag von Prof Schularik, IfW Kiel (24.3.2025)<\/li>\n<li><\/li>\n<li><a href=\"https:\/\/www.freiburg-schwarzwald.de\/blog\/engagement\/zukunft\/demokratie\/staat\/staatsschulden2025\/infrastruktur-schulden\/\">Infrastruktur-Schulden<\/a><\/li>\n<li><a href=\"https:\/\/www.freiburg-schwarzwald.de\/blog\/engagement\/zukunft\/krieg\/nachruestung\/\">Nachr\u00fcstung<\/a><\/li>\n<li><a href=\"https:\/\/www.freiburg-schwarzwald.de\/blog\/global\/finanzsystem\/staatsanleihen\/\">Staatsanleihen<\/a><\/li>\n<li><a href=\"https:\/\/www.freiburg-schwarzwald.de\/blog\/engagement\/zukunft\/demokratie\/staat\/staatsschulden2025\/\">Staatsschulden2025<\/a><\/li>\n<\/ul>\n<p>&nbsp;<\/p>\n<p><strong>Kriegskredite &#8211; Vorschlag von Prof Schularik, IfW Kiel<\/strong><br \/>\n<strong>Anleitung zum Totr\u00fcsten<\/strong><br \/>\nWer hatte die Idee zur wahnwitzigen deutschen Aufr\u00fcstung? Der Spiegel wei\u00df es und schreibt am 5. M\u00e4rz 2025: \u201eDer \u00d6konom Moritz Schularick hat jene Milliardenkredite vorgeschlagen, die Schwarz-Rot jetzt umsetzen will.\u201c <a href=\"https:\/\/www.spiegel.de\/wirtschaft\/verteidigung-moritz-schularick-fordert-drohnen-statt-panzern-und-wirbt-fuer-atomare-aufruestung-a-bb66fd65-5d8b-47b8-9d09-6e1a43bd9615\">https:\/\/www.spiegel.de\/wirtschaft\/verteidigung-moritz-schularick-fordert-drohnen-statt-panzern-und-wirbt-fuer-atomare-aufruestung-a-bb66fd65-5d8b-47b8-9d09-6e1a43bd9615<\/a> Schularick ist seit 2023 Pr\u00e4sident des Kiel Instituts f\u00fcr Weltwirtschaft IfW, auf der Homepage seiner Institution hei\u00dft es: \u201eEr ber\u00e4t regelm\u00e4\u00dfig Zentralbanken, Finanzministerien, Investoren und internationale Organisationen.\u201c Und unsere Leitmedien, so muss man hinzuf\u00fcgen, bieten ihm immer wieder die M\u00f6glichkeit, seine \u201eErkenntnisse\u201c publik zu machen.<\/p>\n<p>\u201eWir m\u00fcssen aufr\u00fcsten f\u00fcr den Wohlstand\u201c, fordert der Professor f\u00fcr Volkswirtschaft schon am 23. M\u00e4rz 2024 im Spiegel, und diese Forderung w\u00e4hlt das Magazin auch als \u00dcberschrift f\u00fcr Schularicks Gastbeitrag aus. Deutschland sei nicht verteidigungsf\u00e4hig, die Wirtschaft lahme, deshalb solle der Staat \u201eaus dieser Not eine Tugend machen und mit Ausgaben f\u00fcr R\u00fcstung das Wachstum ankurbeln\u201c. Schularick schl\u00e4gt ein Sonderverm\u00f6gen vor, realistisch erscheine ihm eine Erh\u00f6hung der Milit\u00e4rausgaben \u201ebis zum Ende des Jahrzehnts auf 150 Milliarden Euro j\u00e4hrlich\u201c (!).<br \/>\n&#8230;<br \/>\nIn der Ank\u00fcndigung seines Aufsatzes \u201eWho wins wars?\u201c, geschrieben mit Co-Autor Jonathan Federle und publiziert von Schularicks IfW, fasst das Institut die Antwort gleich zusammen: \u201eMoney wins wars\u201c <a href=\"https:\/\/www.ifw-kiel.de\/publications\/news\/empirical-study-money-wins-wars\/\">https:\/\/www.ifw-kiel.de\/publications\/news\/empirical-study-money-wins-wars\/<\/a> (Den Text zwischen Frage und Antwort kann man sich eigentlich schenken, wer ihn trotzdem lesen will, hier der Link: Who wins wars? <a href=\"https:\/\/www.ifw-kiel.de\/publications\/who-wins-wars-33655\/\">https:\/\/www.ifw-kiel.de\/publications\/who-wins-wars-33655\/<\/a><br \/>\nJetzt ist es also erforscht: Geld gewinnt Kriege!<br \/>\n&#8230; Alles vom 24.3.2025 von Rupert Koppold. bitte lesen auf<br \/>\n<a href=\"https:\/\/www.nachdenkseiten.de\/?p=130658\">https:\/\/www.nachdenkseiten.de\/?p=130658<\/a><\/p>\n","protected":false},"excerpt":{"rendered":"<p>d Listenauswahl eines Beitrags: Bitte anklicken oder runterscrollen Kriegskredite &#8211; Vorschlag von Prof Schularik, IfW Kiel (24.3.2025) Infrastruktur-Schulden Nachr\u00fcstung Staatsanleihen Staatsschulden2025 &nbsp; Kriegskredite &#8211; Vorschlag von Prof Schularik, IfW Kiel Anleitung zum Totr\u00fcsten Wer hatte die Idee zur wahnwitzigen deutschen &hellip; <a href=\"https:\/\/www.freiburg-schwarzwald.de\/blog\/engagement\/zukunft\/demokratie\/staat\/staatsschulden2025\/kriegskredite\/\">Weiterlesen <span class=\"meta-nav\">&rarr;<\/span><\/a><\/p>\n","protected":false},"author":2,"featured_media":0,"parent":131917,"menu_order":0,"comment_status":"closed","ping_status":"closed","template":"","meta":{"footnotes":""},"class_list":["post-132130","page","type-page","status-publish","hentry"],"_links":{"self":[{"href":"https:\/\/www.freiburg-schwarzwald.de\/blog\/wp-json\/wp\/v2\/pages\/132130","targetHints":{"allow":["GET"]}}],"collection":[{"href":"https:\/\/www.freiburg-schwarzwald.de\/blog\/wp-json\/wp\/v2\/pages"}],"about":[{"href":"https:\/\/www.freiburg-schwarzwald.de\/blog\/wp-json\/wp\/v2\/types\/page"}],"author":[{"embeddable":true,"href":"https:\/\/www.freiburg-schwarzwald.de\/blog\/wp-json\/wp\/v2\/users\/2"}],"replies":[{"embeddable":true,"href":"https:\/\/www.freiburg-schwarzwald.de\/blog\/wp-json\/wp\/v2\/comments?post=132130"}],"version-history":[{"count":5,"href":"https:\/\/www.freiburg-schwarzwald.de\/blog\/wp-json\/wp\/v2\/pages\/132130\/revisions"}],"predecessor-version":[{"id":132135,"href":"https:\/\/www.freiburg-schwarzwald.de\/blog\/wp-json\/wp\/v2\/pages\/132130\/revisions\/132135"}],"up":[{"embeddable":true,"href":"https:\/\/www.freiburg-schwarzwald.de\/blog\/wp-json\/wp\/v2\/pages\/131917"}],"wp:attachment":[{"href":"https:\/\/www.freiburg-schwarzwald.de\/blog\/wp-json\/wp\/v2\/media?parent=132130"}],"curies":[{"name":"wp","href":"https:\/\/api.w.org\/{rel}","templated":true}]}}