{"id":131308,"date":"2025-02-26T20:28:10","date_gmt":"2025-02-26T19:28:10","guid":{"rendered":"https:\/\/www.freiburg-schwarzwald.de\/blog\/?page_id=131308"},"modified":"2025-02-26T20:41:46","modified_gmt":"2025-02-26T19:41:46","slug":"post-vac","status":"publish","type":"page","link":"https:\/\/www.freiburg-schwarzwald.de\/blog\/business\/gesund\/corona-virus\/post-vac\/","title":{"rendered":"Post-Vac"},"content":{"rendered":"<p><a href=\"https:\/\/www.freiburg-schwarzwald.de\/blog\">Home<\/a>\u00a0&gt;<a title=\"Business\" href=\"https:\/\/www.freiburg-schwarzwald.de\/blog\/business\">Business<\/a>\u00a0&gt;<a title=\"Gesund\" href=\"https:\/\/www.freiburg-schwarzwald.de\/blog\/business\/gesund\/\">Gesund<\/a>\u00a0&gt;<a title=\"Medizin\" href=\"https:\/\/www.freiburg-schwarzwald.de\/blog\/business\/gesund\/medizin\/\">Medizin<\/a>\u00a0&gt;<a title=\"Corona-Virus\" href=\"https:\/\/www.freiburg-schwarzwald.de\/blog\/business\/gesund\/corona-virus\/\">Corona-Virus<\/a>\u00a0&gt;<a href=\"https:\/\/www.freiburg-schwarzwald.de\/blog\/business\/gesund\/corona-virus\/impfung\/\">Impfung<\/a> &gt;Post-Vac<\/p>\n<div id=\"attachment_130229\" style=\"width: 651px\" class=\"wp-caption alignnone\"><a href=\"https:\/\/www.freiburg-schwarzwald.de\/blog\/wp-content\/uploads\/2025\/01\/lalonde-argentiere5-pan241221.jpg\"><img loading=\"lazy\" decoding=\"async\" aria-describedby=\"caption-attachment-130229\" class=\"size-full wp-image-130229\" src=\"https:\/\/www.freiburg-schwarzwald.de\/blog\/wp-content\/uploads\/2025\/01\/lalonde-argentiere5-pan241221.jpg\" alt=\"\" width=\"641\" height=\"352\" srcset=\"https:\/\/www.freiburg-schwarzwald.de\/blog\/wp-content\/uploads\/2025\/01\/lalonde-argentiere5-pan241221.jpg 641w, https:\/\/www.freiburg-schwarzwald.de\/blog\/wp-content\/uploads\/2025\/01\/lalonde-argentiere5-pan241221-180x99.jpg 180w\" sizes=\"auto, (max-width: 641px) 100vw, 641px\" \/><\/a><p id=\"caption-attachment-130229\" class=\"wp-caption-text\">Sonnenuntergang am 21.12.2024 am Mittelmeer bei Hyeres\/Toulon<\/p><\/div>\n<ul>\n<li><em>Listenauswahl eines Beitrags: Bitte anklicken oder runterscrollen<\/em><\/li>\n<li>mRNA: Kardiologe fordert strafrechtliche Ermittlungen gegen Paul-Ehrlich-Institut (26.2.2025)<\/li>\n<li><a href=\"https:\/\/www.freiburg-schwarzwald.de\/blog\/business\/gesund\/corona-virus\/long-covid\/\">\u201eFata-Morgana-Krankheit Long-Covid: Eintrittskarte ins Paradies der Nicht-Arbeiter\u201c<\/a> (25.2.2025)<\/li>\n<li><\/li>\n<li><a href=\"https:\/\/www.freiburg-schwarzwald.de\/blog\/selbsthilfe\/chronisch\/herz\/herzinfarkt\/\">Herzinfarkt<\/a><\/li>\n<li><a href=\"https:\/\/www.freiburg-schwarzwald.de\/blog\/business\/gesund\/corona-virus\/long-covid\/\">Long-Covid<\/a><\/li>\n<\/ul>\n<p>&nbsp;<\/p>\n<p><strong>mRNA: Kardiologe fordert strafrechtliche Ermittlungen gegen Paul-Ehrlich-Institut<\/strong><br \/>\nMediziner: PEI h\u00e4tte vor Gefahren der mRNA-Technologie warnen m\u00fcssen \/ Kardiologe J\u00f6rg-Heiner M\u00f6ller geht von mindestens einer halben Million Opfern der Corona-Impfstoffe aus \/ Impfsch\u00e4den durch Spike-Proteine, Nano-Partikel und Verunreinigungen<br \/>\nJ\u00f6rg-Heiner M\u00f6ller, ehemaliger Klinik-Chefarzt f\u00fcr Kardiologie, fordert in einem Interview mit Bastian Barucker strafrechtliche Ermittlungen gegen das Paul-Ehrlich-Institut (PEI). Auf Nachfrage von Multipolar wirft M\u00f6ller dem PEI vor, das Ausma\u00df der Impfsch\u00e4den \u201ekomplett zu verleugnen\u201c. Zudem h\u00e4tte das PEI vor der neuen mRNA-Technologie warnen m\u00fcssen. M\u00f6ller verweist in diesem Zusammenhang darauf, dass der sp\u00e4tere Nobelpreistr\u00e4ger Drew Weissman bereits 2018 auf potenzielle Gefahren dieser Technologie aufmerksam gemacht hatte: \u201eDas h\u00e4tte dem PEI bekannt sein m\u00fcssen.\u201c<br \/>\n&#8230;<br \/>\nWie M\u00f6ller weiter berichtete, waren 80 Prozent seiner Patienten mit Post-Vac arbeitsunf\u00e4hig. Die Arbeitsunf\u00e4higkeitsquote seiner Post-Covid-Patienten betrug 60 Prozent. Insgesamt g\u00e4be es \u201eunendlich mehr Impfsch\u00e4den\u201c als Sch\u00e4den durch das Corona-Virus. Der Kardiologe geht auf Basis seiner eigenen Daten von deutschlandweit mehr als einer halben Million Menschen mit Post-Vac aus. \u201eIn unserem 120-Betten-Krankenhaus habe ich in kurzer Zeit 300 Betroffene gesehen\u201c, unterstrich er gegen\u00fcber Multipolar.<br \/>\n\u00c4hnlich argumentiert der Berliner Mediziner Erich Freisleben, der nach seinen eigenen Erfahrungen als Hausarzt davon ausgeht, dass rund 90 Prozent der langwierigen Corona-Leiden in Deutschland tats\u00e4chlich Impfsch\u00e4den sind.<br \/>\nUm die juristische Aufarbeitung voranzutreiben, arbeitet M\u00f6ller inzwischen mit der Rechtsanw\u00e4ltin Franziska Meyer-Hesselbarth zusammen. Sie erkl\u00e4rte gegen\u00fcber Multipolar, dass sie aufgrund ihrer eigenen Recherchen von mindestens einer Million Patienten mit Post-Vac ausgehe. Meyer-Hesselbarth verweist in diesem Zusammenhang auf ein von ihr im Dezember initiiertes Gerichtsverfahren, das gerade beim Verwaltungsgericht Darmstadt anh\u00e4ngig ist. Darin wird das PEI aufgefordert, mitzuteilen, ob die am 28. November ver\u00f6ffentlichten Excel-Listen den Datenbankbestand in Bezug auf Nebenwirkungen von Corona-Impfstoffen zutreffend und vollst\u00e4ndig abbilden. Bei ihren stichprobenartigen Recherchen war die Anw\u00e4ltin darauf gesto\u00dfen, dass mehrere nachgewiesene Meldungen an das PEI nicht in der Excel-Tabelle zu finden sind. Inzwischen habe sie eine \u201eumfangreichen Liste von Fallbeispielen\u201c zusammengetragen.<\/p>\n<p>Laut J\u00f6rg-Heiner M\u00f6ller gibt es nicht nur deutlich mehr Patienten mit Post-Vac als mit Post-Covid. Impfopfer seien auch gravierender gesch\u00e4digt \u2013 und zwar nicht nur durch das Spike-Protein, sondern wahrscheinlich auch durch die im Impfstoff enthaltenen Nanopartikel. Ein weiterer Grund f\u00fcr die oft erheblichen Nebenwirkungen seien Verunreinigungen im Herstellungsprozess. Besonders beeintr\u00e4chtigend ist laut M\u00f6ller eine Post-Vac-bedingte schwere, anhaltende M\u00fcdigkeit. Dies raube den Betroffenen \u201ejegliches Lebensgl\u00fcck\u201c. Wie stark Myalgische Enzephalomyelitis\/Chronic Fatigue Syndrom (ME\/CFS) allein im Bundesland Bayern w\u00e4hrend der Corona-Krise zugenommen hat, geht aus einer Anfrage der Gr\u00fcnen an die bayerische Staatsregierung vom Oktober 2024 vor. 2019 waren demnach 32.806 M\u00e4nner und Frauen betroffen. 2022 gab es den Daten der KVB zufolge einen Anstieg um 44 Prozent auf 47.338 Patienten. 493 Patienten aus Bayern mussten 2019 wegen ME\/CFS im Krankenhaus behandelt werden. Hier ergab sich fast eine Verdoppelung auf 954 Krankenhausbehandlungen 2022.<br \/>\n&#8230; Alles vom 26.2.2025 bitte lesen auf<br \/>\n<a href=\"https:\/\/multipolar-magazin.de\/meldungen\/0194\">https:\/\/multipolar-magazin.de\/meldungen\/0194<\/a><\/p>\n<p>&nbsp;<\/p>\n","protected":false},"excerpt":{"rendered":"<p>Home\u00a0&gt;Business\u00a0&gt;Gesund\u00a0&gt;Medizin\u00a0&gt;Corona-Virus\u00a0&gt;Impfung &gt;Post-Vac Listenauswahl eines Beitrags: Bitte anklicken oder runterscrollen mRNA: Kardiologe fordert strafrechtliche Ermittlungen gegen Paul-Ehrlich-Institut (26.2.2025) \u201eFata-Morgana-Krankheit Long-Covid: Eintrittskarte ins Paradies der Nicht-Arbeiter\u201c (25.2.2025) Herzinfarkt Long-Covid &nbsp; mRNA: Kardiologe fordert strafrechtliche Ermittlungen gegen Paul-Ehrlich-Institut Mediziner: PEI h\u00e4tte vor Gefahren &hellip; <a href=\"https:\/\/www.freiburg-schwarzwald.de\/blog\/business\/gesund\/corona-virus\/post-vac\/\">Weiterlesen <span class=\"meta-nav\">&rarr;<\/span><\/a><\/p>\n","protected":false},"author":2,"featured_media":0,"parent":79419,"menu_order":0,"comment_status":"closed","ping_status":"closed","template":"","meta":{"footnotes":""},"class_list":["post-131308","page","type-page","status-publish","hentry"],"_links":{"self":[{"href":"https:\/\/www.freiburg-schwarzwald.de\/blog\/wp-json\/wp\/v2\/pages\/131308","targetHints":{"allow":["GET"]}}],"collection":[{"href":"https:\/\/www.freiburg-schwarzwald.de\/blog\/wp-json\/wp\/v2\/pages"}],"about":[{"href":"https:\/\/www.freiburg-schwarzwald.de\/blog\/wp-json\/wp\/v2\/types\/page"}],"author":[{"embeddable":true,"href":"https:\/\/www.freiburg-schwarzwald.de\/blog\/wp-json\/wp\/v2\/users\/2"}],"replies":[{"embeddable":true,"href":"https:\/\/www.freiburg-schwarzwald.de\/blog\/wp-json\/wp\/v2\/comments?post=131308"}],"version-history":[{"count":4,"href":"https:\/\/www.freiburg-schwarzwald.de\/blog\/wp-json\/wp\/v2\/pages\/131308\/revisions"}],"predecessor-version":[{"id":131321,"href":"https:\/\/www.freiburg-schwarzwald.de\/blog\/wp-json\/wp\/v2\/pages\/131308\/revisions\/131321"}],"up":[{"embeddable":true,"href":"https:\/\/www.freiburg-schwarzwald.de\/blog\/wp-json\/wp\/v2\/pages\/79419"}],"wp:attachment":[{"href":"https:\/\/www.freiburg-schwarzwald.de\/blog\/wp-json\/wp\/v2\/media?parent=131308"}],"curies":[{"name":"wp","href":"https:\/\/api.w.org\/{rel}","templated":true}]}}

<p><a href="https://www.freiburg-schwarzwald.de/blog">Home</a> &gt;<a title="Business" href="https://www.freiburg-schwarzwald.de/blog/business">Business</a> &gt;<a title="Gesund" href="https://www.freiburg-schwarzwald.de/blog/business/gesund/">Gesund</a> &gt;<a title="Medizin" href="https://www.freiburg-schwarzwald.de/blog/business/gesund/medizin/">Medizin</a> &gt;<a title="Corona-Virus" href="https://www.freiburg-schwarzwald.de/blog/business/gesund/corona-virus/">Corona-Virus</a> &gt;<a href="https://www.freiburg-schwarzwald.de/blog/business/gesund/corona-virus/impfung/">Impfung</a> &gt;Post-Vac</p>
<div id="attachment_130229" style="width: 651px" class="wp-caption alignnone"><a href="https://www.freiburg-schwarzwald.de/blog/wp-content/uploads/2025/01/lalonde-argentiere5-pan241221.jpg"><img loading="lazy" decoding="async" aria-describedby="caption-attachment-130229" class="size-full wp-image-130229" src="https://www.freiburg-schwarzwald.de/blog/wp-content/uploads/2025/01/lalonde-argentiere5-pan241221.jpg" alt="" width="641" height="352" srcset="https://www.freiburg-schwarzwald.de/blog/wp-content/uploads/2025/01/lalonde-argentiere5-pan241221.jpg 641w, https://www.freiburg-schwarzwald.de/blog/wp-content/uploads/2025/01/lalonde-argentiere5-pan241221-180x99.jpg 180w" sizes="auto, (max-width: 641px) 100vw, 641px" /></a><p id="caption-attachment-130229" class="wp-caption-text">Sonnenuntergang am 21.12.2024 am Mittelmeer bei Hyeres/Toulon</p></div>
<ul>
<li><em>Listenauswahl eines Beitrags: Bitte anklicken oder runterscrollen</em></li>
<li>mRNA: Kardiologe fordert strafrechtliche Ermittlungen gegen Paul-Ehrlich-Institut (26.2.2025)</li>
<li><a href="https://www.freiburg-schwarzwald.de/blog/business/gesund/corona-virus/long-covid/">„Fata-Morgana-Krankheit Long-Covid: Eintrittskarte ins Paradies der Nicht-Arbeiter“</a> (25.2.2025)</li>
<li></li>
<li><a href="https://www.freiburg-schwarzwald.de/blog/selbsthilfe/chronisch/herz/herzinfarkt/">Herzinfarkt</a></li>
<li><a href="https://www.freiburg-schwarzwald.de/blog/business/gesund/corona-virus/long-covid/">Long-Covid</a></li>
</ul>
<p>&nbsp;</p>
<p><strong>mRNA: Kardiologe fordert strafrechtliche Ermittlungen gegen Paul-Ehrlich-Institut</strong><br />
Mediziner: PEI hätte vor Gefahren der mRNA-Technologie warnen müssen / Kardiologe Jörg-Heiner Möller geht von mindestens einer halben Million Opfern der Corona-Impfstoffe aus / Impfschäden durch Spike-Proteine, Nano-Partikel und Verunreinigungen<br />
Jörg-Heiner Möller, ehemaliger Klinik-Chefarzt für Kardiologie, fordert in einem Interview mit Bastian Barucker strafrechtliche Ermittlungen gegen das Paul-Ehrlich-Institut (PEI). Auf Nachfrage von Multipolar wirft Möller dem PEI vor, das Ausmaß der Impfschäden „komplett zu verleugnen“. Zudem hätte das PEI vor der neuen mRNA-Technologie warnen müssen. Möller verweist in diesem Zusammenhang darauf, dass der spätere Nobelpreisträger Drew Weissman bereits 2018 auf potenzielle Gefahren dieser Technologie aufmerksam gemacht hatte: „Das hätte dem PEI bekannt sein müssen.“<br />
&#8230;<br />
Wie Möller weiter berichtete, waren 80 Prozent seiner Patienten mit Post-Vac arbeitsunfähig. Die Arbeitsunfähigkeitsquote seiner Post-Covid-Patienten betrug 60 Prozent. Insgesamt gäbe es „unendlich mehr Impfschäden“ als Schäden durch das Corona-Virus. Der Kardiologe geht auf Basis seiner eigenen Daten von deutschlandweit mehr als einer halben Million Menschen mit Post-Vac aus. „In unserem 120-Betten-Krankenhaus habe ich in kurzer Zeit 300 Betroffene gesehen“, unterstrich er gegenüber Multipolar.<br />
Ähnlich argumentiert der Berliner Mediziner Erich Freisleben, der nach seinen eigenen Erfahrungen als Hausarzt davon ausgeht, dass rund 90 Prozent der langwierigen Corona-Leiden in Deutschland tatsächlich Impfschäden sind.<br />
Um die juristische Aufarbeitung voranzutreiben, arbeitet Möller inzwischen mit der Rechtsanwältin Franziska Meyer-Hesselbarth zusammen. Sie erklärte gegenüber Multipolar, dass sie aufgrund ihrer eigenen Recherchen von mindestens einer Million Patienten mit Post-Vac ausgehe. Meyer-Hesselbarth verweist in diesem Zusammenhang auf ein von ihr im Dezember initiiertes Gerichtsverfahren, das gerade beim Verwaltungsgericht Darmstadt anhängig ist. Darin wird das PEI aufgefordert, mitzuteilen, ob die am 28. November veröffentlichten Excel-Listen den Datenbankbestand in Bezug auf Nebenwirkungen von Corona-Impfstoffen zutreffend und vollständig abbilden. Bei ihren stichprobenartigen Recherchen war die Anwältin darauf gestoßen, dass mehrere nachgewiesene Meldungen an das PEI nicht in der Excel-Tabelle zu finden sind. Inzwischen habe sie eine „umfangreichen Liste von Fallbeispielen“ zusammengetragen.</p>
<p>Laut Jörg-Heiner Möller gibt es nicht nur deutlich mehr Patienten mit Post-Vac als mit Post-Covid. Impfopfer seien auch gravierender geschädigt – und zwar nicht nur durch das Spike-Protein, sondern wahrscheinlich auch durch die im Impfstoff enthaltenen Nanopartikel. Ein weiterer Grund für die oft erheblichen Nebenwirkungen seien Verunreinigungen im Herstellungsprozess. Besonders beeinträchtigend ist laut Möller eine Post-Vac-bedingte schwere, anhaltende Müdigkeit. Dies raube den Betroffenen „jegliches Lebensglück“. Wie stark Myalgische Enzephalomyelitis/Chronic Fatigue Syndrom (ME/CFS) allein im Bundesland Bayern während der Corona-Krise zugenommen hat, geht aus einer Anfrage der Grünen an die bayerische Staatsregierung vom Oktober 2024 vor. 2019 waren demnach 32.806 Männer und Frauen betroffen. 2022 gab es den Daten der KVB zufolge einen Anstieg um 44 Prozent auf 47.338 Patienten. 493 Patienten aus Bayern mussten 2019 wegen ME/CFS im Krankenhaus behandelt werden. Hier ergab sich fast eine Verdoppelung auf 954 Krankenhausbehandlungen 2022.<br />
&#8230; Alles vom 26.2.2025 bitte lesen auf<br />
<a href="https://multipolar-magazin.de/meldungen/0194">https://multipolar-magazin.de/meldungen/0194</a></p>
<p>&nbsp;</p>

<p>Home &gt;Business &gt;Gesund &gt;Medizin &gt;Corona-Virus &gt;Impfung &gt;Post-Vac Listenauswahl eines Beitrags: Bitte anklicken oder runterscrollen mRNA: Kardiologe fordert strafrechtliche Ermittlungen gegen Paul-Ehrlich-Institut (26.2.2025) „Fata-Morgana-Krankheit Long-Covid: Eintrittskarte ins Paradies der Nicht-Arbeiter“ (25.2.2025) Herzinfarkt Long-Covid &nbsp; mRNA: Kardiologe fordert strafrechtliche Ermittlungen gegen Paul-Ehrlich-Institut Mediziner: PEI hätte vor Gefahren &hellip; <a href="https://www.freiburg-schwarzwald.de/blog/business/gesund/corona-virus/post-vac/">Weiterlesen <span class="meta-nav">&rarr;</span></a></p>
