{"id":131221,"date":"2025-02-23T14:00:51","date_gmt":"2025-02-23T13:00:51","guid":{"rendered":"https:\/\/www.freiburg-schwarzwald.de\/blog\/?page_id=131221"},"modified":"2025-10-04T12:01:43","modified_gmt":"2025-10-04T10:01:43","slug":"deutschland-isoliert","status":"publish","type":"page","link":"https:\/\/www.freiburg-schwarzwald.de\/blog\/global\/deutschland\/deutschland-isoliert\/","title":{"rendered":"Deutschland-isoliert"},"content":{"rendered":"<p><a href=\"https:\/\/freiburg-schwarzwald.de\/blog\">Home<\/a>\u00a0&gt;<a title=\"Engagement\" href=\"https:\/\/www.freiburg-schwarzwald.de\/blog\/engagement\/\">Engagement<\/a>\u00a0&gt;<a title=\"Zukunft\" href=\"https:\/\/www.freiburg-schwarzwald.de\/blog\/engagement\/zukunft\/\">Zukunft<\/a>\u00a0&gt;<a title=\"Demokratie\" href=\"https:\/\/www.freiburg-schwarzwald.de\/blog\/engagement\/zukunft\/demokratie\/\">Demokratie<\/a> &gt;<a title=\"Deutschland\" href=\"https:\/\/www.freiburg-schwarzwald.de\/blog\/global\/deutschland\/\">Deutschland<\/a> &gt;Deutschland-isoliert<\/p>\n<div id=\"attachment_130107\" style=\"width: 646px\" class=\"wp-caption alignnone\"><a href=\"https:\/\/www.freiburg-schwarzwald.de\/blog\/wp-content\/uploads\/2025\/01\/lalonde-sentier6pan-241221.jpg\"><img loading=\"lazy\" decoding=\"async\" aria-describedby=\"caption-attachment-130107\" class=\"size-full wp-image-130107\" src=\"https:\/\/www.freiburg-schwarzwald.de\/blog\/wp-content\/uploads\/2025\/01\/lalonde-sentier6pan-241221.jpg\" alt=\"\" width=\"636\" height=\"390\" srcset=\"https:\/\/www.freiburg-schwarzwald.de\/blog\/wp-content\/uploads\/2025\/01\/lalonde-sentier6pan-241221.jpg 636w, https:\/\/www.freiburg-schwarzwald.de\/blog\/wp-content\/uploads\/2025\/01\/lalonde-sentier6pan-241221-180x110.jpg 180w\" sizes=\"auto, (max-width: 636px) 100vw, 636px\" \/><\/a><p id=\"caption-attachment-130107\" class=\"wp-caption-text\">Esel bei laLonde zwischen Toulon und St.Tropez am 6.12.2024<\/p><\/div>\n<p>&nbsp;<\/p>\n<ul>\n<li><em>Listenauswahl eines Beitrags: Bitte anklicken oder runterscrollen<\/em><\/li>\n<li><a href=\"https:\/\/www.freiburg-schwarzwald.de\/blog\/business\/volkswirtschaft\/zusammenbruch\/\">Niedergang seit 1990 \u2013 in Richtung erneutem Zusammenbruch?<\/a>\u00a0 (4.10.2025)<\/li>\n<li><a href=\"https:\/\/www.freiburg-schwarzwald.de\/blog\/engagement\/zukunft\/krieg\/nachruestung\/\">Wieder einmal k\u00f6nnte ein Weltkrieg mit L\u00fcgen beginnen: Es gibt keinen Bedarf an Nachr\u00fcstung \u2013 Albrecht K\u00fcnstle<\/a>\u00a0(7.3.2025)<\/li>\n<li><a href=\"https:\/\/www.freiburg-schwarzwald.de\/blog\/engagement\/zukunft\/krieg\/nachruestung\/\">EU im Aufr\u00fcstungsrausch:\u00a0 Die Notwendigkeit, die Debatte vom Kopf auf die F\u00fc\u00dfe zu stellen \u2013 Alexander Neu<\/a>\u00a0(4.3.2025)<\/li>\n<li><a href=\"https:\/\/www.freiburg-schwarzwald.de\/blog\/aufruestung-nach-ua-kriegsende\/\">Aufr\u00fcstung nach UA-Kriegsende?<\/a>\u00a0(21.2.2025)<\/li>\n<li>Deutschland begeht mit seiner Ukraine-Politik politischen und wirtschaftlichen Selbstmord (22.2.2025)<\/li>\n<li><\/li>\n<li><a href=\"https:\/\/www.freiburg-schwarzwald.de\/blog\/global\/ukraine\/donbass\/\">Donbass Ukraine-Russland<\/a><\/li>\n<li><a href=\"https:\/\/www.freiburg-schwarzwald.de\/blog\/engagement\/zukunft\/krieg\/kriegspropaganda\/\">Kriegspropaganda<\/a><\/li>\n<li><a href=\"https:\/\/www.freiburg-schwarzwald.de\/blog\/engagement\/zukunft\/krieg\/kriegstreiber\/\">Kriegstreiber<\/a><\/li>\n<li><a href=\"https:\/\/www.freiburg-schwarzwald.de\/blog\/engagement\/zukunft\/krieg\/nachruestung\/\">Nachr\u00fcstung<\/a><\/li>\n<li><a href=\"https:\/\/www.freiburg-schwarzwald.de\/blog\/global\/eu\/europa\/nato\/\">NATO<\/a><\/li>\n<li><a href=\"https:\/\/www.freiburg-schwarzwald.de\/blog\/energie\/gas\/nordstream2\/\">Nordstream2<\/a><\/li>\n<li><a href=\"https:\/\/www.freiburg-schwarzwald.de\/blog\/global\/osteuropa\/\">Osteuropa<\/a><\/li>\n<li><a href=\"https:\/\/www.freiburg-schwarzwald.de\/blog\/engagement\/zukunft\/krieg\/panzer\/\">Panzer<\/a><\/li>\n<li><a href=\"https:\/\/www.freiburg-schwarzwald.de\/blog\/global\/russland\/\">Russland<\/a><\/li>\n<li><a href=\"https:\/\/www.freiburg-schwarzwald.de\/blog\/global\/russland\/russland-bashing\/\">Russland-Bashing<\/a><\/li>\n<li><a href=\"https:\/\/www.freiburg-schwarzwald.de\/blog\/business\/wirtschaft\/sanktionen\/\">Sanktionen<\/a><\/li>\n<li><a title=\"Ukraine\" href=\"https:\/\/www.freiburg-schwarzwald.de\/blog\/global\/ukraine\/\">Ukraine<\/a><\/li>\n<li><a href=\"https:\/\/www.freiburg-schwarzwald.de\/blog\/global\/ukraine\/ukrainekrieg\/\">Ukrainekrieg<\/a><\/li>\n<li><a href=\"https:\/\/www.freiburg-schwarzwald.de\/blog\/global\/ukraine\/ukraine-frieden\/\">Ukraine-Frieden<\/a><\/li>\n<li><a href=\"https:\/\/www.freiburg-schwarzwald.de\/blog\/global\/ukraine\/ukraine-fanatismus\/\">Ukraine-Fanatismus<\/a><\/li>\n<li><a href=\"https:\/\/www.freiburg-schwarzwald.de\/blog\/global\/ukraine\/ukraine-kosten\/\">Ukraine-Kosten<\/a><\/li>\n<li><a href=\"https:\/\/www.freiburg-schwarzwald.de\/blog\/global\/ukraine\/ukraine-nachkrieg\/\">Ukraine-Nachkrieg<\/a><\/li>\n<li><a href=\"https:\/\/www.freiburg-schwarzwald.de\/blog\/global\/usa\/us-geopolitik\/\">US-Geopolitik<\/a><\/li>\n<\/ul>\n<p>&nbsp;<\/p>\n<p><strong>Deutschland isoliert sich selbst, es<\/strong><br \/>\n&#8211; ist unf\u00e4hig, seine eigenen Interessen zu formulieren und durchzusetzen<br \/>\n&#8211; wird ausgelacht als gr\u00f6\u00dfenwahnsinniger Weltretter und Welterzieher<br \/>\n&#8211; mu\u00df sich erinnern an &#8222;Wir wollen ein Volk der guten Nachbarn sein&#8220;<br \/>\n=========================================================<\/p>\n<p>&nbsp;<\/p>\n<p><strong>Deutschland begeht mit seiner Ukraine-Politik politischen und wirtschaftlichen Selbstmord<\/strong><br \/>\nMichael von der Schulenburg zu Gast bei Gabriele Gysi und Florian Warweg. Der langj\u00e4hrige UN-Diplomat und jetzige EU-Abgeordnete des BSW war seit den 1980er-Jahren bis in die 2010er-Jahre in zahlreichen Konflikt- und Kriegszonen \u2013 von Haiti \u00fcber Iran-Irak bis Sierra Leone und Afghanistan \u2013 f\u00fcr die Vereinten Nationen aktiv. Sein Auftrag: Frieden schaffen.<br \/>\n.<br \/>\n<a href=\"https:\/\/www.youtube.com\/watch?v=4ctOtdMJgC8\">https:\/\/www.youtube.com\/watch?v=4ctOtdMJgC8<\/a><br \/>\nAuch in die Verhandlungen im M\u00e4rz 2022 zwischen der Ukraine und Russland in Istanbul war er eingebunden. Ein Gespr\u00e4ch \u00fcber die Unf\u00e4higkeit der deutschen und EU-Eliten, eigene Interessen und Strategien zur Konfliktl\u00f6sung in der Ukraine zu formulieren, Grundlagen f\u00fcr erfolgreiche Friedensverhandlungen, was im Gegensatz zur medialen Darstellung tats\u00e4chlich in Istanbul erreicht worden war, wieso von der Schulenburg schwarzsieht f\u00fcr die Zukunft Deutschlands sowie der EU und was die Wahl am Sonntag damit zu tun hat<br \/>\n&#8230; Alles vom 22.2.2025 bitte lesen auf<br \/>\n<a href=\"https:\/\/www.nachdenkseiten.de\/?p=129192\">https:\/\/www.nachdenkseiten.de\/?p=129192<\/a><\/p>\n","protected":false},"excerpt":{"rendered":"<p>Home\u00a0&gt;Engagement\u00a0&gt;Zukunft\u00a0&gt;Demokratie &gt;Deutschland &gt;Deutschland-isoliert &nbsp; Listenauswahl eines Beitrags: Bitte anklicken oder runterscrollen Niedergang seit 1990 \u2013 in Richtung erneutem Zusammenbruch?\u00a0 (4.10.2025) Wieder einmal k\u00f6nnte ein Weltkrieg mit L\u00fcgen beginnen: Es gibt keinen Bedarf an Nachr\u00fcstung \u2013 Albrecht K\u00fcnstle\u00a0(7.3.2025) EU im Aufr\u00fcstungsrausch:\u00a0 &hellip; <a href=\"https:\/\/www.freiburg-schwarzwald.de\/blog\/global\/deutschland\/deutschland-isoliert\/\">Weiterlesen <span class=\"meta-nav\">&rarr;<\/span><\/a><\/p>\n","protected":false},"author":2,"featured_media":0,"parent":62490,"menu_order":0,"comment_status":"closed","ping_status":"closed","template":"","meta":{"footnotes":""},"class_list":["post-131221","page","type-page","status-publish","hentry"],"_links":{"self":[{"href":"https:\/\/www.freiburg-schwarzwald.de\/blog\/wp-json\/wp\/v2\/pages\/131221","targetHints":{"allow":["GET"]}}],"collection":[{"href":"https:\/\/www.freiburg-schwarzwald.de\/blog\/wp-json\/wp\/v2\/pages"}],"about":[{"href":"https:\/\/www.freiburg-schwarzwald.de\/blog\/wp-json\/wp\/v2\/types\/page"}],"author":[{"embeddable":true,"href":"https:\/\/www.freiburg-schwarzwald.de\/blog\/wp-json\/wp\/v2\/users\/2"}],"replies":[{"embeddable":true,"href":"https:\/\/www.freiburg-schwarzwald.de\/blog\/wp-json\/wp\/v2\/comments?post=131221"}],"version-history":[{"count":5,"href":"https:\/\/www.freiburg-schwarzwald.de\/blog\/wp-json\/wp\/v2\/pages\/131221\/revisions"}],"predecessor-version":[{"id":139767,"href":"https:\/\/www.freiburg-schwarzwald.de\/blog\/wp-json\/wp\/v2\/pages\/131221\/revisions\/139767"}],"up":[{"embeddable":true,"href":"https:\/\/www.freiburg-schwarzwald.de\/blog\/wp-json\/wp\/v2\/pages\/62490"}],"wp:attachment":[{"href":"https:\/\/www.freiburg-schwarzwald.de\/blog\/wp-json\/wp\/v2\/media?parent=131221"}],"curies":[{"name":"wp","href":"https:\/\/api.w.org\/{rel}","templated":true}]}}

<p><a href="https://freiburg-schwarzwald.de/blog">Home</a> &gt;<a title="Engagement" href="https://www.freiburg-schwarzwald.de/blog/engagement/">Engagement</a> &gt;<a title="Zukunft" href="https://www.freiburg-schwarzwald.de/blog/engagement/zukunft/">Zukunft</a> &gt;<a title="Demokratie" href="https://www.freiburg-schwarzwald.de/blog/engagement/zukunft/demokratie/">Demokratie</a> &gt;<a title="Deutschland" href="https://www.freiburg-schwarzwald.de/blog/global/deutschland/">Deutschland</a> &gt;Deutschland-isoliert</p>
<div id="attachment_130107" style="width: 646px" class="wp-caption alignnone"><a href="https://www.freiburg-schwarzwald.de/blog/wp-content/uploads/2025/01/lalonde-sentier6pan-241221.jpg"><img loading="lazy" decoding="async" aria-describedby="caption-attachment-130107" class="size-full wp-image-130107" src="https://www.freiburg-schwarzwald.de/blog/wp-content/uploads/2025/01/lalonde-sentier6pan-241221.jpg" alt="" width="636" height="390" srcset="https://www.freiburg-schwarzwald.de/blog/wp-content/uploads/2025/01/lalonde-sentier6pan-241221.jpg 636w, https://www.freiburg-schwarzwald.de/blog/wp-content/uploads/2025/01/lalonde-sentier6pan-241221-180x110.jpg 180w" sizes="auto, (max-width: 636px) 100vw, 636px" /></a><p id="caption-attachment-130107" class="wp-caption-text">Esel bei laLonde zwischen Toulon und St.Tropez am 6.12.2024</p></div>
<p>&nbsp;</p>
<ul>
<li><em>Listenauswahl eines Beitrags: Bitte anklicken oder runterscrollen</em></li>
<li><a href="https://www.freiburg-schwarzwald.de/blog/business/volkswirtschaft/zusammenbruch/">Niedergang seit 1990 – in Richtung erneutem Zusammenbruch?</a>  (4.10.2025)</li>
<li><a href="https://www.freiburg-schwarzwald.de/blog/engagement/zukunft/krieg/nachruestung/">Wieder einmal könnte ein Weltkrieg mit Lügen beginnen: Es gibt keinen Bedarf an Nachrüstung – Albrecht Künstle</a> (7.3.2025)</li>
<li><a href="https://www.freiburg-schwarzwald.de/blog/engagement/zukunft/krieg/nachruestung/">EU im Aufrüstungsrausch:  Die Notwendigkeit, die Debatte vom Kopf auf die Füße zu stellen – Alexander Neu</a> (4.3.2025)</li>
<li><a href="https://www.freiburg-schwarzwald.de/blog/aufruestung-nach-ua-kriegsende/">Aufrüstung nach UA-Kriegsende?</a> (21.2.2025)</li>
<li>Deutschland begeht mit seiner Ukraine-Politik politischen und wirtschaftlichen Selbstmord (22.2.2025)</li>
<li></li>
<li><a href="https://www.freiburg-schwarzwald.de/blog/global/ukraine/donbass/">Donbass Ukraine-Russland</a></li>
<li><a href="https://www.freiburg-schwarzwald.de/blog/engagement/zukunft/krieg/kriegspropaganda/">Kriegspropaganda</a></li>
<li><a href="https://www.freiburg-schwarzwald.de/blog/engagement/zukunft/krieg/kriegstreiber/">Kriegstreiber</a></li>
<li><a href="https://www.freiburg-schwarzwald.de/blog/engagement/zukunft/krieg/nachruestung/">Nachrüstung</a></li>
<li><a href="https://www.freiburg-schwarzwald.de/blog/global/eu/europa/nato/">NATO</a></li>
<li><a href="https://www.freiburg-schwarzwald.de/blog/energie/gas/nordstream2/">Nordstream2</a></li>
<li><a href="https://www.freiburg-schwarzwald.de/blog/global/osteuropa/">Osteuropa</a></li>
<li><a href="https://www.freiburg-schwarzwald.de/blog/engagement/zukunft/krieg/panzer/">Panzer</a></li>
<li><a href="https://www.freiburg-schwarzwald.de/blog/global/russland/">Russland</a></li>
<li><a href="https://www.freiburg-schwarzwald.de/blog/global/russland/russland-bashing/">Russland-Bashing</a></li>
<li><a href="https://www.freiburg-schwarzwald.de/blog/business/wirtschaft/sanktionen/">Sanktionen</a></li>
<li><a title="Ukraine" href="https://www.freiburg-schwarzwald.de/blog/global/ukraine/">Ukraine</a></li>
<li><a href="https://www.freiburg-schwarzwald.de/blog/global/ukraine/ukrainekrieg/">Ukrainekrieg</a></li>
<li><a href="https://www.freiburg-schwarzwald.de/blog/global/ukraine/ukraine-frieden/">Ukraine-Frieden</a></li>
<li><a href="https://www.freiburg-schwarzwald.de/blog/global/ukraine/ukraine-fanatismus/">Ukraine-Fanatismus</a></li>
<li><a href="https://www.freiburg-schwarzwald.de/blog/global/ukraine/ukraine-kosten/">Ukraine-Kosten</a></li>
<li><a href="https://www.freiburg-schwarzwald.de/blog/global/ukraine/ukraine-nachkrieg/">Ukraine-Nachkrieg</a></li>
<li><a href="https://www.freiburg-schwarzwald.de/blog/global/usa/us-geopolitik/">US-Geopolitik</a></li>
</ul>
<p>&nbsp;</p>
<p><strong>Deutschland isoliert sich selbst, es</strong><br />
&#8211; ist unfähig, seine eigenen Interessen zu formulieren und durchzusetzen<br />
&#8211; wird ausgelacht als größenwahnsinniger Weltretter und Welterzieher<br />
&#8211; muß sich erinnern an &#8222;Wir wollen ein Volk der guten Nachbarn sein&#8220;<br />
=========================================================</p>
<p>&nbsp;</p>
<p><strong>Deutschland begeht mit seiner Ukraine-Politik politischen und wirtschaftlichen Selbstmord</strong><br />
Michael von der Schulenburg zu Gast bei Gabriele Gysi und Florian Warweg. Der langjährige UN-Diplomat und jetzige EU-Abgeordnete des BSW war seit den 1980er-Jahren bis in die 2010er-Jahre in zahlreichen Konflikt- und Kriegszonen – von Haiti über Iran-Irak bis Sierra Leone und Afghanistan – für die Vereinten Nationen aktiv. Sein Auftrag: Frieden schaffen.<br />
.<br />
<a href="https://www.youtube.com/watch?v=4ctOtdMJgC8">https://www.youtube.com/watch?v=4ctOtdMJgC8</a><br />
Auch in die Verhandlungen im März 2022 zwischen der Ukraine und Russland in Istanbul war er eingebunden. Ein Gespräch über die Unfähigkeit der deutschen und EU-Eliten, eigene Interessen und Strategien zur Konfliktlösung in der Ukraine zu formulieren, Grundlagen für erfolgreiche Friedensverhandlungen, was im Gegensatz zur medialen Darstellung tatsächlich in Istanbul erreicht worden war, wieso von der Schulenburg schwarzsieht für die Zukunft Deutschlands sowie der EU und was die Wahl am Sonntag damit zu tun hat<br />
&#8230; Alles vom 22.2.2025 bitte lesen auf<br />
<a href="https://www.nachdenkseiten.de/?p=129192">https://www.nachdenkseiten.de/?p=129192</a></p>

<p>Home &gt;Engagement &gt;Zukunft &gt;Demokratie &gt;Deutschland &gt;Deutschland-isoliert &nbsp; Listenauswahl eines Beitrags: Bitte anklicken oder runterscrollen Niedergang seit 1990 – in Richtung erneutem Zusammenbruch?  (4.10.2025) Wieder einmal könnte ein Weltkrieg mit Lügen beginnen: Es gibt keinen Bedarf an Nachrüstung – Albrecht Künstle (7.3.2025) EU im Aufrüstungsrausch:  &hellip; <a href="https://www.freiburg-schwarzwald.de/blog/global/deutschland/deutschland-isoliert/">Weiterlesen <span class="meta-nav">&rarr;</span></a></p>
