{"id":13090,"date":"2012-10-16T09:38:01","date_gmt":"2012-10-16T07:38:01","guid":{"rendered":"https:\/\/www.freiburg-schwarzwald.de\/blog\/?page_id=13090"},"modified":"2012-11-04T16:42:07","modified_gmt":"2012-11-04T15:42:07","slug":"abrahamenhof","status":"publish","type":"page","link":"https:\/\/www.freiburg-schwarzwald.de\/blog\/bauernhof\/abrahamenhof\/","title":{"rendered":"Abrahamenhof"},"content":{"rendered":"<p>Home &gt;<a title=\"Energiesparen\" href=\"https:\/\/www.freiburg-schwarzwald.de\/blog\/energie\/energiesparen\/\">Energie<\/a> &gt;<a title=\"Bauernhof\" href=\"https:\/\/www.freiburg-schwarzwald.de\/blog\/bauernhof\/\">Bauernhof<\/a> &gt;<a title=\"Breitnau\" href=\"https:\/\/www.freiburg-schwarzwald.de\/blog\/regio\/orte\/breitnau\/\">Breitnau<\/a> &gt;Abrahamenhof<\/p>\n<p>&nbsp;<\/p>\n<ul>\n<li>Abrahamenhof am Wirbstein<\/li>\n<li><a href=\"https:\/\/www.freiburg-schwarzwald.de\/breitnau5.htm\" target=\"_self\">Bauernh\u00f6fe in Breitnau<\/a><\/li>\n<\/ul>\n<p>&nbsp;<\/p>\n<p>&nbsp;<\/p>\n<p><strong>Abrahamenhof am Wirbstein<\/strong><\/p>\n<p>&nbsp;<\/p>\n<div id='gallery-1' class='gallery galleryid-13090 gallery-columns-3 gallery-size-thumbnail'><dl class='gallery-item'>\n\t\t\t<dt class='gallery-icon landscape'>\n\t\t\t\t<a href='https:\/\/www.freiburg-schwarzwald.de\/blog\/bauernhof\/abrahamenhof\/wirbstein2-100206\/'><img loading=\"lazy\" decoding=\"async\" width=\"180\" height=\"133\" src=\"https:\/\/www.freiburg-schwarzwald.de\/blog\/wp-content\/uploads\/2012\/10\/wirbstein2-100206-180x133.jpg\" class=\"attachment-thumbnail size-thumbnail\" alt=\"\" aria-describedby=\"gallery-1-13095\" srcset=\"https:\/\/www.freiburg-schwarzwald.de\/blog\/wp-content\/uploads\/2012\/10\/wirbstein2-100206-180x133.jpg 180w, https:\/\/www.freiburg-schwarzwald.de\/blog\/wp-content\/uploads\/2012\/10\/wirbstein2-100206.jpg 639w\" sizes=\"auto, (max-width: 180px) 100vw, 180px\" \/><\/a>\n\t\t\t<\/dt>\n\t\t\t\t<dd class='wp-caption-text gallery-caption' id='gallery-1-13095'>\n\t\t\t\tBlick vom L\u00f6wen Breitnau zum Wirbstein am 6.2.2010 zum Abrahamenhof\n\t\t\t\t<\/dd><\/dl><dl class='gallery-item'>\n\t\t\t<dt class='gallery-icon landscape'>\n\t\t\t\t<a href='https:\/\/www.freiburg-schwarzwald.de\/blog\/bauernhof\/abrahamenhof\/breitnau051017\/'><img loading=\"lazy\" decoding=\"async\" width=\"180\" height=\"135\" src=\"https:\/\/www.freiburg-schwarzwald.de\/blog\/wp-content\/uploads\/2012\/10\/breitnau051017-180x135.jpg\" class=\"attachment-thumbnail size-thumbnail\" alt=\"\" aria-describedby=\"gallery-1-13096\" srcset=\"https:\/\/www.freiburg-schwarzwald.de\/blog\/wp-content\/uploads\/2012\/10\/breitnau051017-180x135.jpg 180w, https:\/\/www.freiburg-schwarzwald.de\/blog\/wp-content\/uploads\/2012\/10\/breitnau051017.jpg 640w\" sizes=\"auto, (max-width: 180px) 100vw, 180px\" \/><\/a>\n\t\t\t<\/dt>\n\t\t\t\t<dd class='wp-caption-text gallery-caption' id='gallery-1-13096'>\n\t\t\t\tBlick nach S\u00fcdosten zum Wirbstein zu Abrahamshof rechts und Konradenhof links am 17.10.2005\n\t\t\t\t<\/dd><\/dl>\n\t\t\t<br style='clear: both' \/>\n\t\t<\/div>\n\n<p>Abrahamenhof, 79874 Breitnau, Tel 07652\/5943<\/p>\n<p>Ein paar Anmerkungen zum sgn. &#8222;Klengsenhof&#8220;:<br \/>\nDer Klengsenhof wurde, nachdem die gesamte (!) Eigent\u00fcmerfamilie durch eine offensichtlich stark infekti\u00f6se Krankheit in kurzer Zeit dahingerafft worden war, bereits um das Jahr 1880 abgerissen. Dies wei\u00df ich aus m\u00fcndlicher \u00dcberlieferung meiner Gro\u00dfmutter, die 1891 auf dem benachbarten Abrahamenhof das Licht der Welt erblickte. Von meinem Vater wei\u00df ich, dass Baumaterial vom &#8222;Klengsenhof&#8220; beim benachbarten Gasthaus zum L\u00f6wen wiederverwendet worden ist. Vater berichtete wiederholt von einem 16?? datierten Bug, der am L\u00f6wen verbaut<br \/>\nsei und vom Klengsenhof stammen w\u00fcrde. Vermutlich trug dieser Bug einmal den Balkon unmittelbar im Eingangsbereich des &#8222;Klengsenhofs&#8220;.<\/p>\n","protected":false},"excerpt":{"rendered":"<p>Home &gt;Energie &gt;Bauernhof &gt;Breitnau &gt;Abrahamenhof &nbsp; Abrahamenhof am Wirbstein Bauernh\u00f6fe in Breitnau &nbsp; &nbsp; Abrahamenhof am Wirbstein &nbsp; Abrahamenhof, 79874 Breitnau, Tel 07652\/5943 Ein paar Anmerkungen zum sgn. &#8222;Klengsenhof&#8220;: Der Klengsenhof wurde, nachdem die gesamte (!) Eigent\u00fcmerfamilie durch eine offensichtlich &hellip; <a href=\"https:\/\/www.freiburg-schwarzwald.de\/blog\/bauernhof\/abrahamenhof\/\">Weiterlesen <span class=\"meta-nav\">&rarr;<\/span><\/a><\/p>\n","protected":false},"author":4,"featured_media":0,"parent":373,"menu_order":0,"comment_status":"open","ping_status":"closed","template":"","meta":{"footnotes":""},"class_list":["post-13090","page","type-page","status-publish","hentry"],"_links":{"self":[{"href":"https:\/\/www.freiburg-schwarzwald.de\/blog\/wp-json\/wp\/v2\/pages\/13090","targetHints":{"allow":["GET"]}}],"collection":[{"href":"https:\/\/www.freiburg-schwarzwald.de\/blog\/wp-json\/wp\/v2\/pages"}],"about":[{"href":"https:\/\/www.freiburg-schwarzwald.de\/blog\/wp-json\/wp\/v2\/types\/page"}],"author":[{"embeddable":true,"href":"https:\/\/www.freiburg-schwarzwald.de\/blog\/wp-json\/wp\/v2\/users\/4"}],"replies":[{"embeddable":true,"href":"https:\/\/www.freiburg-schwarzwald.de\/blog\/wp-json\/wp\/v2\/comments?post=13090"}],"version-history":[{"count":0,"href":"https:\/\/www.freiburg-schwarzwald.de\/blog\/wp-json\/wp\/v2\/pages\/13090\/revisions"}],"up":[{"embeddable":true,"href":"https:\/\/www.freiburg-schwarzwald.de\/blog\/wp-json\/wp\/v2\/pages\/373"}],"wp:attachment":[{"href":"https:\/\/www.freiburg-schwarzwald.de\/blog\/wp-json\/wp\/v2\/media?parent=13090"}],"curies":[{"name":"wp","href":"https:\/\/api.w.org\/{rel}","templated":true}]}}

<p>Home &gt;<a title="Energiesparen" href="https://www.freiburg-schwarzwald.de/blog/energie/energiesparen/">Energie</a> &gt;<a title="Bauernhof" href="https://www.freiburg-schwarzwald.de/blog/bauernhof/">Bauernhof</a> &gt;<a title="Breitnau" href="https://www.freiburg-schwarzwald.de/blog/regio/orte/breitnau/">Breitnau</a> &gt;Abrahamenhof</p>
<p>&nbsp;</p>
<ul>
<li>Abrahamenhof am Wirbstein</li>
<li><a href="https://www.freiburg-schwarzwald.de/breitnau5.htm" target="_self">Bauernhöfe in Breitnau</a></li>
</ul>
<p>&nbsp;</p>
<p>&nbsp;</p>
<p><strong>Abrahamenhof am Wirbstein</strong></p>
<p>&nbsp;</p>
<div id='gallery-1' class='gallery galleryid-13090 gallery-columns-3 gallery-size-thumbnail'><dl class='gallery-item'>
			<dt class='gallery-icon landscape'>
				<a href='https://www.freiburg-schwarzwald.de/blog/bauernhof/abrahamenhof/wirbstein2-100206/'><img loading="lazy" decoding="async" width="180" height="133" src="https://www.freiburg-schwarzwald.de/blog/wp-content/uploads/2012/10/wirbstein2-100206-180x133.jpg" class="attachment-thumbnail size-thumbnail" alt="" aria-describedby="gallery-1-13095" srcset="https://www.freiburg-schwarzwald.de/blog/wp-content/uploads/2012/10/wirbstein2-100206-180x133.jpg 180w, https://www.freiburg-schwarzwald.de/blog/wp-content/uploads/2012/10/wirbstein2-100206.jpg 639w" sizes="auto, (max-width: 180px) 100vw, 180px" /></a>
			</dt>
				<dd class='wp-caption-text gallery-caption' id='gallery-1-13095'>
				Blick vom Löwen Breitnau zum Wirbstein am 6.2.2010 zum Abrahamenhof
				</dd></dl><dl class='gallery-item'>
			<dt class='gallery-icon landscape'>
				<a href='https://www.freiburg-schwarzwald.de/blog/bauernhof/abrahamenhof/breitnau051017/'><img loading="lazy" decoding="async" width="180" height="135" src="https://www.freiburg-schwarzwald.de/blog/wp-content/uploads/2012/10/breitnau051017-180x135.jpg" class="attachment-thumbnail size-thumbnail" alt="" aria-describedby="gallery-1-13096" srcset="https://www.freiburg-schwarzwald.de/blog/wp-content/uploads/2012/10/breitnau051017-180x135.jpg 180w, https://www.freiburg-schwarzwald.de/blog/wp-content/uploads/2012/10/breitnau051017.jpg 640w" sizes="auto, (max-width: 180px) 100vw, 180px" /></a>
			</dt>
				<dd class='wp-caption-text gallery-caption' id='gallery-1-13096'>
				Blick nach Südosten zum Wirbstein zu Abrahamshof rechts und Konradenhof links am 17.10.2005
				</dd></dl>
			<br style='clear: both' />
		</div>

<p>Abrahamenhof, 79874 Breitnau, Tel 07652/5943</p>
<p>Ein paar Anmerkungen zum sgn. &#8222;Klengsenhof&#8220;:<br />
Der Klengsenhof wurde, nachdem die gesamte (!) Eigentümerfamilie durch eine offensichtlich stark infektiöse Krankheit in kurzer Zeit dahingerafft worden war, bereits um das Jahr 1880 abgerissen. Dies weiß ich aus mündlicher Überlieferung meiner Großmutter, die 1891 auf dem benachbarten Abrahamenhof das Licht der Welt erblickte. Von meinem Vater weiß ich, dass Baumaterial vom &#8222;Klengsenhof&#8220; beim benachbarten Gasthaus zum Löwen wiederverwendet worden ist. Vater berichtete wiederholt von einem 16?? datierten Bug, der am Löwen verbaut<br />
sei und vom Klengsenhof stammen würde. Vermutlich trug dieser Bug einmal den Balkon unmittelbar im Eingangsbereich des &#8222;Klengsenhofs&#8220;.</p>

<p>Home &gt;Energie &gt;Bauernhof &gt;Breitnau &gt;Abrahamenhof &nbsp; Abrahamenhof am Wirbstein Bauernhöfe in Breitnau &nbsp; &nbsp; Abrahamenhof am Wirbstein &nbsp; Abrahamenhof, 79874 Breitnau, Tel 07652/5943 Ein paar Anmerkungen zum sgn. &#8222;Klengsenhof&#8220;: Der Klengsenhof wurde, nachdem die gesamte (!) Eigentümerfamilie durch eine offensichtlich &hellip; <a href="https://www.freiburg-schwarzwald.de/blog/bauernhof/abrahamenhof/">Weiterlesen <span class="meta-nav">&rarr;</span></a></p>
