{"id":13027,"date":"2012-10-14T10:06:25","date_gmt":"2012-10-14T08:06:25","guid":{"rendered":"https:\/\/www.freiburg-schwarzwald.de\/blog\/?page_id=13027"},"modified":"2025-01-17T15:38:15","modified_gmt":"2025-01-17T14:38:15","slug":"erneuerbare100prozent","status":"publish","type":"page","link":"https:\/\/www.freiburg-schwarzwald.de\/blog\/energie\/energiepolitik\/erneuerbare100prozent\/","title":{"rendered":"Erneuerbare100Prozent"},"content":{"rendered":"<p><a href=\"https:\/\/www.freiburg-schwarzwald.de\/blog\">Home<\/a> &gt;<a title=\"Energie\" href=\"https:\/\/www.freiburg-schwarzwald.de\/blog\/energie\/\">Energie<\/a> &gt;<a title=\"Energiepolitik\" href=\"https:\/\/www.freiburg-schwarzwald.de\/blog\/energie\/energiepolitik\/\">Energiepolitik<\/a> &gt;Erneuerbare100Prozent<\/p>\n<div id=\"attachment_102126\" style=\"width: 650px\" class=\"wp-caption alignnone\"><img loading=\"lazy\" decoding=\"async\" aria-describedby=\"caption-attachment-102126\" class=\"size-full wp-image-102126\" src=\"https:\/\/www.freiburg-schwarzwald.de\/blog\/wp-content\/uploads\/2022\/06\/Wind-Sonne-Rosskopf-Freiburg2022pan.jpg\" alt=\"\" width=\"640\" height=\"342\" srcset=\"https:\/\/www.freiburg-schwarzwald.de\/blog\/wp-content\/uploads\/2022\/06\/Wind-Sonne-Rosskopf-Freiburg2022pan.jpg 640w, https:\/\/www.freiburg-schwarzwald.de\/blog\/wp-content\/uploads\/2022\/06\/Wind-Sonne-Rosskopf-Freiburg2022pan-180x96.jpg 180w\" sizes=\"auto, (max-width: 640px) 100vw, 640px\" \/><p id=\"caption-attachment-102126\" class=\"wp-caption-text\">Sonnenaufgang und Windkraft: Blick vom Schlossbergturm bei Freiburg zum Rosskopf 6\/2020<\/p><\/div>\n<ul>\n<li><em>Listenauswahl eines Beitrags: Bitte anklicken oder runterscrollen<\/em><\/li>\n<li><a href=\"https:\/\/www.freiburg-schwarzwald.de\/blog\/energiemix-statt-ideologie\/\">Energiemix statt Ideologie<\/a>\u00a0(1.1.2025)<\/li>\n<li><a href=\"https:\/\/www.freiburg-schwarzwald.de\/blog\/oekoenergie-contra-kapitalismus\/\">\u00d6koenergie contra Kapitalismus<\/a>\u00a0(16.8.2022)<\/li>\n<li>Deutschland kommt vollends unter die Windr\u00e4der (7.4.2022)<\/li>\n<li><a href=\"https:\/\/www.freiburg-schwarzwald.de\/blog\/energie\/versorgungssicherheit\/\">Stromausfall: Radioaktivit\u00e4t aus ungek\u00fchlten AKW-Abklingbecken<\/a>\u00a0(1.4.2022)<\/li>\n<li><a href=\"https:\/\/www.freiburg-schwarzwald.de\/blog\/energie-deutsche-doppelmoral\/\">Energie: Deutsche Doppelmoral<\/a> (17.2.2022)<\/li>\n<li><a href=\"https:\/\/www.freiburg-schwarzwald.de\/blog\/worlds-dumbest-energy-policy\/\">https:\/\/www.freiburg-schwarzwald.de\/blog\/worlds-dumbest-energy-policy\/<\/a>\u00a0(2.2.2019)<\/li>\n<li>WEE100prozent &#8211; Wirtschaftsverband 100 Prozent Erneuerbare Energien Regio Freiburg<\/li>\n<li><\/li>\n<li><a title=\"Handwerkskammer\" href=\"https:\/\/www.freiburg-schwarzwald.de\/blog\/business\/handwerk\/handwerkskammer\/\">Handwerkskammer Freiburg<\/a><\/li>\n<li><a title=\"Buergerenergie\" href=\"https:\/\/www.freiburg-schwarzwald.de\/blog\/energie\/energiepolitik\/buergerenergie\/\">B\u00fcrgerenergie<\/a><\/li>\n<li><a href=\"https:\/\/www.freiburg-schwarzwald.de\/blog\/energie\/versorgungssicherheit\/\">Versorgungssicherheit<\/a><\/li>\n<\/ul>\n<p>&nbsp;<\/p>\n<p><strong>Deutschland kommt vollends unter die Windr\u00e4der<\/strong><br \/>\nDie Unvernunft und die Widerspr\u00fcche der Energiewende werden innerhalb der deutschen Filterblase kaum noch hinterfragt bzw. gar nicht bemerkt.<br \/>\nDeutschland soll dem \u201eWall Street Journal\u201c zufolge die \u201ed\u00fcmmste Energiepolitik der Welt\u201c betreiben. Die \u201eerneuerbaren Energien\u201c sollen es in diesem Lande richten, wetterabh\u00e4ngiger Strom aus Wind und Sonne soll die Energieversorgung einer Industrienation sichern, Kern- und Kohlekraftwerke sukzessive vom Netz genommen werden. Die treibenden Kr\u00e4fte sind die finanzstarken Lobbyverb\u00e4nde der \u201eErneuerbaren\u201c und ihre politischen Unterst\u00fctzer in den Landesparlamenten und im Bundestag.<br \/>\n&#8230;<br \/>\nZitate aus dem Papier:<br \/>\n<em>\u201eErneuerbare Energien liegen im \u00fcberragenden \u00f6ffentlichen Interesse und dienen der \u00f6ffentlichen Sicherheit. Damit liegt der Ausnahmegrund in der Regel vor.\u201c<\/em><br \/>\nFalsch, Erneuerbare Energien belasten die Stromnetze durch die Unregelm\u00e4\u00dfigkeit der (volatilen) Einspeisung und gef\u00e4hrden die Versorgungssicherheit.<br \/>\n<em>\u201eZudem ist es angesichts des russischen Angriffskriegs auf die Ukraine notwendig, Deutschland aus dem Klammergriff der russischen Energieimporte zu befreien.\u201c<\/em><br \/>\nWie genau soll eine wetterabh\u00e4ngige, nicht grundlastf\u00e4hige und bedarfsgerechte Energieerzeugung \u00d6l und Gas ersetzen, zumal mehr Windkraft auch mehr Regelenergie durch Gaskraftwerke erforderlich macht? Mehr als 30.000 Windkraftwerke in Deutschland tragen gerade mal mit 3,5 Prozent zum Prim\u00e4renergieverbrauch bei. Bei Hochdruckwetterlagen oder Schwachwind speisen die Windkraftwerke nichts in Stromnetz ein. 30.000 mal null ist immer noch null.<br \/>\n&#8230; Alles vom 7.4.2022 von Manfed Knake bitte lesen auf<br \/>\n<a href=\"https:\/\/www.achgut.com\/artikel\/deutschland_kommt_vollends_unter_die_windraeder\">https:\/\/www.achgut.com\/artikel\/deutschland_kommt_vollends_unter_die_windraeder<\/a><\/p>\n<p>Einige Kommentare:<br \/>\n<strong>W\u00e4lder abholzen um Windr\u00e4der aufzustellen.<\/strong><br \/>\nDas soll dann CO2 vermeiden. Kannst du dir nicht ausdenken. Gr\u00fcnpflanzen haben aus unserer urspr\u00fcnglich giftigen Atmosph\u00e4re (ohne Sauerstoff, aber extrem viel CO2 und Methan) durch Photosynthese die heutigen Lebensbedingungen geschaffen. Was n\u00fctzt es denn, wenn ich CO2 im relativ kaum messbaren Bereich einspare, aber die F\u00e4higkeit der Umwelt, Sauerstoff zu produzieren, nachhaltig beeintr\u00e4chtige?! Biologie 5. Klasse, setzen 6.<br \/>\n7.4.2022, H.SCh<\/p>\n<p><strong>Die Fa. Ritter Sport musste wegen ihres Russlandsgesch\u00e4fts<\/strong><br \/>\nden Kotau vor den Moralaposteln machen. Die Windkraftlobby hat die Gelegenheit genutzt und setzt sich jetzt aufgrund des Konflikts in Osteuropa ma\u00dflos durch. Die Windkraftlobby lebt von Zwangsrenditen und kann keine Versorgungssicherheit gew\u00e4hrleisten &#8211; ich habe noch nichts \u00fcber eine haftungsrelevante Versorgungsgarantie gelesen. Es geht um pure Demagogie &#8211; einfach nur sch\u00e4big!<br \/>\n7.4.2022, O.H.<\/p>\n<p>Wer mir den Trick zeigt, Energie zu erneuern,<br \/>\nden schlage ich f\u00fcr den Nobelpreis vor und ich gehe ins Schweigekloster und sage fortan kein Wort mehr. Mein Blutdruck schie\u00dft jedesmal in die H\u00f6he wenn ich solchen Quatsch lese, das ist Volksverdummung! Wir werden angebotsversorgende Energie bekommen also dann wenn gerade Energie zur Verf\u00fcgung steht. Laut der Klimasekte funktioniert das wenn jeder weniger viel weniger Energie verbraucht und die Stromentnahme besser plant. Die Gr\u00fcnen Khmer zerst\u00f6ren unsere Umwelt um das Klima der Welt zu retten. Die Klimasekte der FfF wird schon wieder frecher und Frau Neubauer darf wieder in den Medien ihren Sermon verbreiten. Eines ist positiv, 2030 werde ich 70 Jahre alt und ich habe die berechtigte Hoffnung den Zusammenbruch unserer Energieversorgung mitsamt der Industrie noch life miterleben zu k\u00f6nnen. Das wird ein Spa\u00df!!<br \/>\n7.4.2022, H.P.,<br \/>\nEnde Kommentare<\/p>\n<p>&nbsp;<\/p>\n<p><strong>Wirtschaftsverband 100 Prozent Erneuerbare Energien Regio Freiburg<\/strong><\/p>\n<p>Am 9. Juli 2009 wurde der Wirtschaftsverband 100 Prozent Erneuerbare Energien gegr\u00fcndet. Mit der Bestellung von Per Klabundt zum Gesch\u00e4ftsf\u00fchrer, der Er\u00f6ffnung der Gesch\u00e4ftsstelle und der Bildung eines dreik\u00f6pfigen Aufsichtsrats am 1. Dezember 2009 startete der Wirtschaftsverband seine Arbeit. Der Wirtschaftsverband steht allen Unternehmen in der Region Freiburg offen, die mit Produkten und Leistungen f\u00fcr die Umsetzung der Energiewende eintreten. Sie sind als Gesellschafter oder als einfaches Mitglied in unserem Unternehmensnetzwerk willkommen. Informationsaustausch, Vernetzung, \u00d6ffentlichkeitsarbeit, Beratung, die Interessenvertretung gegen\u00fcber Politik und Administration sowie die Entwicklung konkreter Projekte zur Unterst\u00fctzung der Energiewende \u2013 das sind die wichtigsten Handlungsfelder unseres Wirtschaftsverbandes.<\/p>\n<p>Wirtschaftsverband 100 Prozent Erneuerbare Energien Regio Freiburg<br \/>\nim Solar Info Center, Emmy-Noether-Str. 2, 79110 Freiburg, Tel. 0761-89781022<br \/>\n<a href=\"https:\/\/www.wee100prozent.de\">www.wee100prozent.de<\/a>, vormals <a href=\"https:\/\/www.100prozentgmbh.de\/\">www.100prozentgmbh.de<\/a><\/p>\n<p>&nbsp;<\/p>\n<p>Der Klimaschutz z\u00e4hlt zu den wichtigsten Aufgaben der Gesellschaft. Nur durch eine vollst\u00e4ndige Versorgung mit Erneuerbaren Energien kann die doppelte Herausforderung des Klimawandels und der schwindenden fossilen und atomaren Ressourcen bew\u00e4ltigt werden. Zur hundertprozentigen regenerativen Energieversorgung gibt es keine Alternative. \u2013 Wir sagen 100 Prozent!<\/p>\n<p>Die Gesellschafter (Auszug): 2e Effiziente Energien GmbH, Amann und J\u00f6rger GmbH, B\u00fcro \u00d6-Quadrat, <a href=\"https:\/\/www.freiburg-schwarzwald.de\/dold-holz\/index.htm\">Dold Holzwerke GmbH Buchenbach<\/a>, <a href=\"https:\/\/www.freiburg-schwarzwald.de\/strom.htm#EWS Sch\u00f6nau\">Kraft W\u00e4rme Sch\u00f6nau GmbH<\/a>, \u00d6kostrom Erzeugung Freiburg GmbH, Solar-Fabrik AG Freiburg, Rolf Disch SolarArchitektur, <a href=\"https:\/\/www.freiburg-schwarzwald.de\/industrie.htm#WKV - Wasserkraft Volk AG in Gutach\/Elztal\">Wasserkraft Volk AG<\/a><br \/>\nDie Kuratoren: Dr. Franz Alt, Gernot Erler, Tanja G\u00f6nner, Prof. Hartmut Gra\u00dfl, Prof. Peter Hennicke, Alfred Ritter, Dr. Dieter Salomon, Prof. Hans-Jochen Schiewer, Prof. Eicke Weber, Prof. Ernst Ulrich von Weizs\u00e4cker, Julian W\u00fcrtenberger<br \/>\nDie Beir\u00e4te: Johannes Burger, Dr. Bernd Dallmann, Prof. Franz Daschner, Dr. P.G. G\u00f6rtz, Dr. Dieter Karlin, Prof. Klaus K\u00fcmmerer, J\u00fcrgen Leuchtner, Dr. Georg L\u00f6ser, Dr. Axel M\u00fcnch, Dr. Christoph M\u00fcnzer, Dr. Josef Pesch, Georg Salvamoser, Rainer Sch\u00fcle, Gerhard Stryi-Hipp, Michael Wagner, Prof. Volker Wittwer<\/p>\n","protected":false},"excerpt":{"rendered":"<p>Home &gt;Energie &gt;Energiepolitik &gt;Erneuerbare100Prozent Listenauswahl eines Beitrags: Bitte anklicken oder runterscrollen Energiemix statt Ideologie\u00a0(1.1.2025) \u00d6koenergie contra Kapitalismus\u00a0(16.8.2022) Deutschland kommt vollends unter die Windr\u00e4der (7.4.2022) Stromausfall: Radioaktivit\u00e4t aus ungek\u00fchlten AKW-Abklingbecken\u00a0(1.4.2022) Energie: Deutsche Doppelmoral (17.2.2022) https:\/\/www.freiburg-schwarzwald.de\/blog\/worlds-dumbest-energy-policy\/\u00a0(2.2.2019) WEE100prozent &#8211; Wirtschaftsverband 100 Prozent Erneuerbare &hellip; <a href=\"https:\/\/www.freiburg-schwarzwald.de\/blog\/energie\/energiepolitik\/erneuerbare100prozent\/\">Weiterlesen <span class=\"meta-nav\">&rarr;<\/span><\/a><\/p>\n","protected":false},"author":4,"featured_media":0,"parent":1495,"menu_order":0,"comment_status":"open","ping_status":"closed","template":"","meta":{"footnotes":""},"class_list":["post-13027","page","type-page","status-publish","hentry"],"_links":{"self":[{"href":"https:\/\/www.freiburg-schwarzwald.de\/blog\/wp-json\/wp\/v2\/pages\/13027","targetHints":{"allow":["GET"]}}],"collection":[{"href":"https:\/\/www.freiburg-schwarzwald.de\/blog\/wp-json\/wp\/v2\/pages"}],"about":[{"href":"https:\/\/www.freiburg-schwarzwald.de\/blog\/wp-json\/wp\/v2\/types\/page"}],"author":[{"embeddable":true,"href":"https:\/\/www.freiburg-schwarzwald.de\/blog\/wp-json\/wp\/v2\/users\/4"}],"replies":[{"embeddable":true,"href":"https:\/\/www.freiburg-schwarzwald.de\/blog\/wp-json\/wp\/v2\/comments?post=13027"}],"version-history":[{"count":5,"href":"https:\/\/www.freiburg-schwarzwald.de\/blog\/wp-json\/wp\/v2\/pages\/13027\/revisions"}],"predecessor-version":[{"id":130033,"href":"https:\/\/www.freiburg-schwarzwald.de\/blog\/wp-json\/wp\/v2\/pages\/13027\/revisions\/130033"}],"up":[{"embeddable":true,"href":"https:\/\/www.freiburg-schwarzwald.de\/blog\/wp-json\/wp\/v2\/pages\/1495"}],"wp:attachment":[{"href":"https:\/\/www.freiburg-schwarzwald.de\/blog\/wp-json\/wp\/v2\/media?parent=13027"}],"curies":[{"name":"wp","href":"https:\/\/api.w.org\/{rel}","templated":true}]}}

<p><a href="https://www.freiburg-schwarzwald.de/blog">Home</a> &gt;<a title="Energie" href="https://www.freiburg-schwarzwald.de/blog/energie/">Energie</a> &gt;<a title="Energiepolitik" href="https://www.freiburg-schwarzwald.de/blog/energie/energiepolitik/">Energiepolitik</a> &gt;Erneuerbare100Prozent</p>
<div id="attachment_102126" style="width: 650px" class="wp-caption alignnone"><img loading="lazy" decoding="async" aria-describedby="caption-attachment-102126" class="size-full wp-image-102126" src="https://www.freiburg-schwarzwald.de/blog/wp-content/uploads/2022/06/Wind-Sonne-Rosskopf-Freiburg2022pan.jpg" alt="" width="640" height="342" srcset="https://www.freiburg-schwarzwald.de/blog/wp-content/uploads/2022/06/Wind-Sonne-Rosskopf-Freiburg2022pan.jpg 640w, https://www.freiburg-schwarzwald.de/blog/wp-content/uploads/2022/06/Wind-Sonne-Rosskopf-Freiburg2022pan-180x96.jpg 180w" sizes="auto, (max-width: 640px) 100vw, 640px" /><p id="caption-attachment-102126" class="wp-caption-text">Sonnenaufgang und Windkraft: Blick vom Schlossbergturm bei Freiburg zum Rosskopf 6/2020</p></div>
<ul>
<li><em>Listenauswahl eines Beitrags: Bitte anklicken oder runterscrollen</em></li>
<li><a href="https://www.freiburg-schwarzwald.de/blog/energiemix-statt-ideologie/">Energiemix statt Ideologie</a> (1.1.2025)</li>
<li><a href="https://www.freiburg-schwarzwald.de/blog/oekoenergie-contra-kapitalismus/">Ökoenergie contra Kapitalismus</a> (16.8.2022)</li>
<li>Deutschland kommt vollends unter die Windräder (7.4.2022)</li>
<li><a href="https://www.freiburg-schwarzwald.de/blog/energie/versorgungssicherheit/">Stromausfall: Radioaktivität aus ungekühlten AKW-Abklingbecken</a> (1.4.2022)</li>
<li><a href="https://www.freiburg-schwarzwald.de/blog/energie-deutsche-doppelmoral/">Energie: Deutsche Doppelmoral</a> (17.2.2022)</li>
<li><a href="https://www.freiburg-schwarzwald.de/blog/worlds-dumbest-energy-policy/">https://www.freiburg-schwarzwald.de/blog/worlds-dumbest-energy-policy/</a> (2.2.2019)</li>
<li>WEE100prozent &#8211; Wirtschaftsverband 100 Prozent Erneuerbare Energien Regio Freiburg</li>
<li></li>
<li><a title="Handwerkskammer" href="https://www.freiburg-schwarzwald.de/blog/business/handwerk/handwerkskammer/">Handwerkskammer Freiburg</a></li>
<li><a title="Buergerenergie" href="https://www.freiburg-schwarzwald.de/blog/energie/energiepolitik/buergerenergie/">Bürgerenergie</a></li>
<li><a href="https://www.freiburg-schwarzwald.de/blog/energie/versorgungssicherheit/">Versorgungssicherheit</a></li>
</ul>
<p>&nbsp;</p>
<p><strong>Deutschland kommt vollends unter die Windräder</strong><br />
Die Unvernunft und die Widersprüche der Energiewende werden innerhalb der deutschen Filterblase kaum noch hinterfragt bzw. gar nicht bemerkt.<br />
Deutschland soll dem „Wall Street Journal“ zufolge die „dümmste Energiepolitik der Welt“ betreiben. Die „erneuerbaren Energien“ sollen es in diesem Lande richten, wetterabhängiger Strom aus Wind und Sonne soll die Energieversorgung einer Industrienation sichern, Kern- und Kohlekraftwerke sukzessive vom Netz genommen werden. Die treibenden Kräfte sind die finanzstarken Lobbyverbände der „Erneuerbaren“ und ihre politischen Unterstützer in den Landesparlamenten und im Bundestag.<br />
&#8230;<br />
Zitate aus dem Papier:<br />
<em>„Erneuerbare Energien liegen im überragenden öffentlichen Interesse und dienen der öffentlichen Sicherheit. Damit liegt der Ausnahmegrund in der Regel vor.“</em><br />
Falsch, Erneuerbare Energien belasten die Stromnetze durch die Unregelmäßigkeit der (volatilen) Einspeisung und gefährden die Versorgungssicherheit.<br />
<em>„Zudem ist es angesichts des russischen Angriffskriegs auf die Ukraine notwendig, Deutschland aus dem Klammergriff der russischen Energieimporte zu befreien.“</em><br />
Wie genau soll eine wetterabhängige, nicht grundlastfähige und bedarfsgerechte Energieerzeugung Öl und Gas ersetzen, zumal mehr Windkraft auch mehr Regelenergie durch Gaskraftwerke erforderlich macht? Mehr als 30.000 Windkraftwerke in Deutschland tragen gerade mal mit 3,5 Prozent zum Primärenergieverbrauch bei. Bei Hochdruckwetterlagen oder Schwachwind speisen die Windkraftwerke nichts in Stromnetz ein. 30.000 mal null ist immer noch null.<br />
&#8230; Alles vom 7.4.2022 von Manfed Knake bitte lesen auf<br />
<a href="https://www.achgut.com/artikel/deutschland_kommt_vollends_unter_die_windraeder">https://www.achgut.com/artikel/deutschland_kommt_vollends_unter_die_windraeder</a></p>
<p>Einige Kommentare:<br />
<strong>Wälder abholzen um Windräder aufzustellen.</strong><br />
Das soll dann CO2 vermeiden. Kannst du dir nicht ausdenken. Grünpflanzen haben aus unserer ursprünglich giftigen Atmosphäre (ohne Sauerstoff, aber extrem viel CO2 und Methan) durch Photosynthese die heutigen Lebensbedingungen geschaffen. Was nützt es denn, wenn ich CO2 im relativ kaum messbaren Bereich einspare, aber die Fähigkeit der Umwelt, Sauerstoff zu produzieren, nachhaltig beeinträchtige?! Biologie 5. Klasse, setzen 6.<br />
7.4.2022, H.SCh</p>
<p><strong>Die Fa. Ritter Sport musste wegen ihres Russlandsgeschäfts</strong><br />
den Kotau vor den Moralaposteln machen. Die Windkraftlobby hat die Gelegenheit genutzt und setzt sich jetzt aufgrund des Konflikts in Osteuropa maßlos durch. Die Windkraftlobby lebt von Zwangsrenditen und kann keine Versorgungssicherheit gewährleisten &#8211; ich habe noch nichts über eine haftungsrelevante Versorgungsgarantie gelesen. Es geht um pure Demagogie &#8211; einfach nur schäbig!<br />
7.4.2022, O.H.</p>
<p>Wer mir den Trick zeigt, Energie zu erneuern,<br />
den schlage ich für den Nobelpreis vor und ich gehe ins Schweigekloster und sage fortan kein Wort mehr. Mein Blutdruck schießt jedesmal in die Höhe wenn ich solchen Quatsch lese, das ist Volksverdummung! Wir werden angebotsversorgende Energie bekommen also dann wenn gerade Energie zur Verfügung steht. Laut der Klimasekte funktioniert das wenn jeder weniger viel weniger Energie verbraucht und die Stromentnahme besser plant. Die Grünen Khmer zerstören unsere Umwelt um das Klima der Welt zu retten. Die Klimasekte der FfF wird schon wieder frecher und Frau Neubauer darf wieder in den Medien ihren Sermon verbreiten. Eines ist positiv, 2030 werde ich 70 Jahre alt und ich habe die berechtigte Hoffnung den Zusammenbruch unserer Energieversorgung mitsamt der Industrie noch life miterleben zu können. Das wird ein Spaß!!<br />
7.4.2022, H.P.,<br />
Ende Kommentare</p>
<p>&nbsp;</p>
<p><strong>Wirtschaftsverband 100 Prozent Erneuerbare Energien Regio Freiburg</strong></p>
<p>Am 9. Juli 2009 wurde der Wirtschaftsverband 100 Prozent Erneuerbare Energien gegründet. Mit der Bestellung von Per Klabundt zum Geschäftsführer, der Eröffnung der Geschäftsstelle und der Bildung eines dreiköpfigen Aufsichtsrats am 1. Dezember 2009 startete der Wirtschaftsverband seine Arbeit. Der Wirtschaftsverband steht allen Unternehmen in der Region Freiburg offen, die mit Produkten und Leistungen für die Umsetzung der Energiewende eintreten. Sie sind als Gesellschafter oder als einfaches Mitglied in unserem Unternehmensnetzwerk willkommen. Informationsaustausch, Vernetzung, Öffentlichkeitsarbeit, Beratung, die Interessenvertretung gegenüber Politik und Administration sowie die Entwicklung konkreter Projekte zur Unterstützung der Energiewende – das sind die wichtigsten Handlungsfelder unseres Wirtschaftsverbandes.</p>
<p>Wirtschaftsverband 100 Prozent Erneuerbare Energien Regio Freiburg<br />
im Solar Info Center, Emmy-Noether-Str. 2, 79110 Freiburg, Tel. 0761-89781022<br />
<a href="https://www.wee100prozent.de">www.wee100prozent.de</a>, vormals <a href="https://www.100prozentgmbh.de/">www.100prozentgmbh.de</a></p>
<p>&nbsp;</p>
<p>Der Klimaschutz zählt zu den wichtigsten Aufgaben der Gesellschaft. Nur durch eine vollständige Versorgung mit Erneuerbaren Energien kann die doppelte Herausforderung des Klimawandels und der schwindenden fossilen und atomaren Ressourcen bewältigt werden. Zur hundertprozentigen regenerativen Energieversorgung gibt es keine Alternative. – Wir sagen 100 Prozent!</p>
<p>Die Gesellschafter (Auszug): 2e Effiziente Energien GmbH, Amann und Jörger GmbH, Büro Ö-Quadrat, <a href="https://www.freiburg-schwarzwald.de/dold-holz/index.htm">Dold Holzwerke GmbH Buchenbach</a>, <a href="https://www.freiburg-schwarzwald.de/strom.htm#EWS Schönau">Kraft Wärme Schönau GmbH</a>, Ökostrom Erzeugung Freiburg GmbH, Solar-Fabrik AG Freiburg, Rolf Disch SolarArchitektur, <a href="https://www.freiburg-schwarzwald.de/industrie.htm#WKV - Wasserkraft Volk AG in Gutach/Elztal">Wasserkraft Volk AG</a><br />
Die Kuratoren: Dr. Franz Alt, Gernot Erler, Tanja Gönner, Prof. Hartmut Graßl, Prof. Peter Hennicke, Alfred Ritter, Dr. Dieter Salomon, Prof. Hans-Jochen Schiewer, Prof. Eicke Weber, Prof. Ernst Ulrich von Weizsäcker, Julian Würtenberger<br />
Die Beiräte: Johannes Burger, Dr. Bernd Dallmann, Prof. Franz Daschner, Dr. P.G. Görtz, Dr. Dieter Karlin, Prof. Klaus Kümmerer, Jürgen Leuchtner, Dr. Georg Löser, Dr. Axel Münch, Dr. Christoph Münzer, Dr. Josef Pesch, Georg Salvamoser, Rainer Schüle, Gerhard Stryi-Hipp, Michael Wagner, Prof. Volker Wittwer</p>

<p>Home &gt;Energie &gt;Energiepolitik &gt;Erneuerbare100Prozent Listenauswahl eines Beitrags: Bitte anklicken oder runterscrollen Energiemix statt Ideologie (1.1.2025) Ökoenergie contra Kapitalismus (16.8.2022) Deutschland kommt vollends unter die Windräder (7.4.2022) Stromausfall: Radioaktivität aus ungekühlten AKW-Abklingbecken (1.4.2022) Energie: Deutsche Doppelmoral (17.2.2022) https://www.freiburg-schwarzwald.de/blog/worlds-dumbest-energy-policy/ (2.2.2019) WEE100prozent &#8211; Wirtschaftsverband 100 Prozent Erneuerbare &hellip; <a href="https://www.freiburg-schwarzwald.de/blog/energie/energiepolitik/erneuerbare100prozent/">Weiterlesen <span class="meta-nav">&rarr;</span></a></p>
