{"id":12920,"date":"2012-10-13T14:38:19","date_gmt":"2012-10-13T12:38:19","guid":{"rendered":"https:\/\/www.freiburg-schwarzwald.de\/blog\/?page_id=12920"},"modified":"2025-06-07T19:25:52","modified_gmt":"2025-06-07T17:25:52","slug":"thomas-rees","status":"publish","type":"page","link":"https:\/\/www.freiburg-schwarzwald.de\/blog\/kultur\/kunst\/thomas-rees\/","title":{"rendered":"Thomas-Rees"},"content":{"rendered":"<p>Home &gt;<a title=\"Kultur\" href=\"https:\/\/www.freiburg-schwarzwald.de\/blog\/kultur\/\">Kultur<\/a> &gt;<a title=\"Kunst\" href=\"https:\/\/www.freiburg-schwarzwald.de\/blog\/kultur\/kunst\/\">Kunst<\/a> &gt;Thomas-Rees<\/p>\n<div id=\"attachment_12925\" style=\"width: 646px\" class=\"wp-caption alignnone\"><a href=\"https:\/\/www.freiburg-schwarzwald.de\/blog\/kultur\/kunst\/thomas-rees\/pfeiferberg3pan070406\/\" rel=\"attachment wp-att-12925\"><img loading=\"lazy\" decoding=\"async\" aria-describedby=\"caption-attachment-12925\" class=\"size-full wp-image-12925\" title=\"pfeiferberg3pan070406\" src=\"https:\/\/www.freiburg-schwarzwald.de\/blog\/wp-content\/uploads\/2012\/10\/pfeiferberg3pan070406.jpg\" alt=\"\" width=\"636\" height=\"310\" srcset=\"https:\/\/www.freiburg-schwarzwald.de\/blog\/wp-content\/uploads\/2012\/10\/pfeiferberg3pan070406.jpg 636w, https:\/\/www.freiburg-schwarzwald.de\/blog\/wp-content\/uploads\/2012\/10\/pfeiferberg3pan070406-180x87.jpg 180w\" sizes=\"auto, (max-width: 636px) 100vw, 636px\" \/><\/a><p id=\"caption-attachment-12925\" class=\"wp-caption-text\">Der Reiter von Thomas Rees am Pfeiferberg &#8211; Kamelberg 6.4.2007<\/p><\/div>\n<ul>\n<li><em>Listenauswahl eines Beitrags: Bitte <span style=\"text-decoration: underline;\">anklicken<\/span> oder runterscrollen<\/em><\/li>\n<li>Holzbildhauer Thomas Rees: &#8222;Ich kann gut zuh\u00f6ren&#8220; (5.6.2025)<\/li>\n<li><a href=\"https:\/\/www.freiburg-schwarzwald.de\/blog\/friedliche-kunst-ist-unertraeglich\/\">Friedliche Kunst ist unertr\u00e4glich?<\/a>\u00a0(9.1.2024)<\/li>\n<li><a href=\"https:\/\/www.freiburg-schwarzwald.de\/blog\/natur\/wald\/baum\/\">Christi Himmelfahrt am \u201eBaum der Erkenntnis\u201c in FR-Kappel<\/a>\u00a0(10.5.2025)<\/li>\n<li><a href=\"https:\/\/www.freiburg-schwarzwald.de\/blog\/annakapelle-fr-ebnet-jahrestag\/\">Annakapelle FR-Ebnet Jahrestag<\/a>\u00a0(23.7.2023)<\/li>\n<li><a href=\"https:\/\/www.freiburg-schwarzwald.de\/blog\/kultur\/kunst\/loretta\/\">Agatha statt Loretta: Wieder sorgt in Freiburg eine Holzskulptur f\u00fcr Aufregung<\/a> (10.3.2023)<\/li>\n<li>W\u00fcrfelspiel auf Emmendinger Hochburg von Thomas Rees (15,8,2022)<\/li>\n<li><a href=\"https:\/\/www.freiburg-schwarzwald.de\/blog\/kultur\/kunst\/loretta\/\">Ertr\u00e4gt das kulturelle Freiburg keine Kunstfreiheit?<\/a>\u00a0(3.7.2021)<\/li>\n<li><a href=\"https:\/\/www.freiburg-schwarzwald.de\/blog\/kultur\/kunst\/loretta\/\">Von Loretta lernen<\/a>\u00a0(1.7.2021)<\/li>\n<li><a href=\"https:\/\/www.freiburg-schwarzwald.de\/blog\/kultur\/kunst\/loretta\/\">Studierte Kunstkritiker arrogant gegen\u00fcber dem nicht-studierten K\u00fcnstler<\/a>\u00a0 (25.6.2021)<\/li>\n<li><a href=\"https:\/\/www.freiburg-schwarzwald.de\/blog\/kunst-als-umstritten-entfernt\/\">Kunst als \u201eumstritten\u201c entfernt<\/a>\u00a0(25.6.2021)<\/li>\n<li><a href=\"https:\/\/www.freiburg-schwarzwald.de\/blog\/loretta-und-die-cancel-culture\/\">Loretta und die Cancel Culture<\/a>\u00a0(20.6.2021)<\/li>\n<li><a title=\"Lebensraum-Weg in FR-Kappel\" href=\"https:\/\/www.freiburg-schwarzwald.de\/blog\/lebensraum-weg-in-fr-kappel\/\">Lebensraum-Themenweg in FR-Kappel<\/a>\u00a0(26.8.2020)<\/li>\n<li><a title=\"Coronus \u2013 Pestarzt von Th Rees\" href=\"https:\/\/www.freiburg-schwarzwald.de\/blog\/coronus-pestarzt-von-th-rees\/\">Coronus &#8211; Skulptur eines Pestarztes von Thomas Rees<\/a> (3.6.2020)<\/li>\n<li><a href=\"https:\/\/www.freiburg-schwarzwald.de\/blog\/engagement\/sparsamkeit\/\">Im Gewerbekanal soll der \u201ePlastikmensch\u201c aufr\u00fctteln \u2013 badenova<\/a> (14.9.2018)<\/li>\n<li><a href=\"https:\/\/www.freiburg-schwarzwald.de\/blog\/brand-gerichtseiche-castellberg\/\">https:\/\/www.freiburg-schwarzwald.de\/blog\/brand-gerichtseiche-castellberg\/<\/a> (2.1.2017)<\/li>\n<li><a href=\"https:\/\/www.freiburg-schwarzwald.de\/blog\/pilzlehrpfad-mycelium-waldhaus\/\">https:\/\/www.freiburg-schwarzwald.de\/blog\/pilzlehrpfad-mycelium-waldhaus\/<\/a> (6.12.2014)<\/li>\n<li><a href=\"https:\/\/www.freiburg-schwarzwald.de\/blog\/baeumlinge-stegen-thomas-rees\/\">https:\/\/www.freiburg-schwarzwald.de\/blog\/baeumlinge-stegen-thomas-rees\/<\/a>\u00a0(11.4.2014)<\/li>\n<li><a title=\"Bundschuh-Eiche\" href=\"https:\/\/www.freiburg-schwarzwald.de\/blog\/kultur\/kunst\/thomas-rees\/bundschuh-eiche\/\">Bundschuh-Eiche in FR-Lehen<\/a>\u00a0&gt;Bundschuh-Eiche<\/li>\n<li><a href=\"https:\/\/www.freiburg-schwarzwald.de\/littenweiler\/holzskulpturen.htm#Arbeiten Ende Oktober am Pfeiferbergsattel\">Arbeiten Ende Oktober am Pfeiferbergsattel<\/a> &gt;Holzskulpturen (4.11.2007)<\/li>\n<li><a href=\"https:\/\/www.freiburg-schwarzwald.de\/gerichtseiche.htm#Kunst am Baum mit Teufeln und Trauben\">Kunst am Baum mit Teufeln und Trauben<\/a> &gt;Gerichtseiche (17.3.2007)<\/li>\n<li><a href=\"https:\/\/www.freiburg-schwarzwald.de\/kamelberg.htm#Eine Geschichte vom Berg\">Eine Geschichte vom Berg<\/a> &gt;Kamelberg (12.3.2007)<\/li>\n<li><a href=\"https:\/\/www.freiburg-schwarzwald.de\/kamelberg.htm\">Weihnachtskrippe am Kamelberg zwischen Neuh\u00e4user und Kappel<\/a> &gt;Kamelberg (19.12.2005)<\/li>\n<li><a href=\"https:\/\/www.freiburg-schwarzwald.de\/littenweiler\/kappel\/kappel1.htm#Heiligabend auf dem Kamelberg - Krippe von Thomas Rees\">Heiligabend auf dem Kamelberg &#8211; Krippe von Thomas Rees<\/a> &gt;Kappel\/Kappel1 (19.12.2005)<\/li>\n<li><a href=\"https:\/\/www.freiburg-schwarzwald.de\/littenweiler\/kinder2.htm#Drachenskulptur von Thomas Rees im Sternwald\">Drachenskulptur von Thomas Rees im Sternwald<\/a> &gt;Kinder2 (29.10.2005)<\/li>\n<li><a href=\"https:\/\/www.freiburg-schwarzwald.de\/littenweiler\/kirchzarten2.htm#Lebende Weihnachtskrippe am Pfeiferberg in Kirchzarten-Neuh\u00e4user\">Lebende Weihnachtskrippe am Pfeiferberg in Kirchzarten-Neuh\u00e4user<\/a> &gt;Kirchzarten2 (24.12.2004)<\/li>\n<li>Jedes St\u00fcck Holz erz\u00e4hlt ihm eine andere Geschichte (12,12,2004)<\/li>\n<li><a href=\"https:\/\/www.freiburg-schwarzwald.de\/littenweiler\/kirchzarten1.htm#Naturkrippe auf dem Pfeiferberg in Neuh\u00e4user\">Naturkrippe von Thomas Rees auf dem Pfeiferberg in Neuh\u00e4user<\/a> &gt;Kirchzarten1 (20.12.2002)<\/li>\n<li><\/li>\n<li><a title=\"Kappel\" href=\"https:\/\/www.freiburg-schwarzwald.de\/blog\/regio\/freiburg\/kappel\/\">Kappel<\/a><\/li>\n<li><a href=\"https:\/\/www.freiburg-schwarzwald.de\/blog\/kultur\/kunst\/loretta\/\">Loretta<\/a><\/li>\n<li><a title=\"Waldhaus\" href=\"https:\/\/www.freiburg-schwarzwald.de\/blog\/natur\/wald\/waldhaus\/\">Waldhaus Freiburg<\/a><\/li>\n<\/ul>\n<p>&nbsp;<\/p>\n<p>Thomas Rees, Holzbildhauer, Freiburg-Kappel<br \/>\n<a href=\"https:\/\/www.thomas-rees.com\">www.thomas-rees.com<\/a><br \/>\n<strong><a href=\"https:\/\/www.freiburg-schwarzwald.de\/thomas-rees-freiburg\/index.htm\">Kunst von Thomas Rees<\/a> &gt;Archivseite Thomas Rees (Alle Infos, viele Seiten und Bilder,\u00a0bis 2012)<\/strong><br \/>\n<a href=\"https:\/\/www.freiburg-schwarzwald.de\/littenweiler\/kunst.htm#Thomas Rees - Holzskulpturen aus Kappel\">Thomas Rees aus Kappel: Holzskulpturen<\/a><\/p>\n<p>==============================================<\/p>\n<p><strong>Holzbildhauer Thomas Rees: &#8222;Ich kann gut zuh\u00f6ren&#8220;<\/strong><br \/>\nAm 9. Mai hat unsere Klasse aus der Schauinslandschule <a href=\"https:\/\/www.freiburg-schwarzwald.de\/blog\/kappel\">Kappel<\/a> den Bildhauer und K\u00fcnstler Thomas Rees besucht. Dabei ist f\u00fcr Zisch ein Interview entstanden.<br \/>\nRees lebt und arbeitet in Kappel und ging fr\u00fcher selbst hier in die Schule. Er hatte f\u00fcr uns eine Skulptur vorbereitet, die wir gemeinsam mit ihm weiter gestaltet haben. Die Skulptur ist fast drei Meter hoch und wir brauchten Leitern, um bis an den Kopf zu gelangen. Das Ergebnis wurde dann mit Hilfe eines Traktors auf unseren Schulhof gebracht und am 16. Mai bei der Zertifizierungsfeier zur Naturparkschule in unserem Schulhof ausgestellt.<br \/>\nBZ: Wie sind Sie auf Ihren Beruf gekommen?<br \/>\nIch habe schon immer geschnitzt und Dinge geschaffen. Das hat sich im Laufe der Zeit immer mehr entwickelt.<\/p>\n<p>BZ: Waren Sie in der Schule gut in Kunst?<br \/>\nIn der Schule geh\u00f6rten Malen, Zeichnen und Werken zu meinen Lieblingsf\u00e4chern. Geschichte hat mich auch interessiert.<\/p>\n<p>BZ: Was k\u00f6nnen Sie sonst noch gut?<br \/>\nZuh\u00f6ren.<br \/>\nBZ: Seit wann machen Sie diese Arbeit?<br \/>\nIch mache das seit 25 Jahren.<br \/>\nBZ: Was ist Ihr gelungenstes Kunstwerk?<br \/>\nDas ist f\u00fcr mich &#8222;Der schaffende Mensch&#8220;. Dieses Werk sagt sehr viel \u00fcber das Leben aus.<br \/>\n<a href=\"https:\/\/thomas-rees.com\/der-schaffende-mensch\/\">https:\/\/thomas-rees.com\/der-schaffende-mensch\/<\/a><\/p>\n<p>BZ: Wie sieht Ihr perfekter Tag aus?<br \/>\nFr\u00fchling, Sonnenschein, eine sch\u00f6ne Arbeit, sich mit Freunden treffen.<br \/>\nBZ: Haben Sie diese Woche etwas Neues gelernt?<br \/>\nJa, mit euch eine neue Figur auf eine andere Art zu machen!<br \/>\nBZ: Haben Sie ein Haustier?<br \/>\nJa, eine schwarze Katze.<br \/>\nBZ: Was f\u00fcr ein Tier w\u00e4ren Sie gerne?<br \/>\nIch w\u00fcrde gerne hoch und weit fliegen k\u00f6nnen wie ein Vogel und am Himmel kreisen.<br \/>\n&#8230; Alles vom 5.6.2025 bitte lesen auf<br \/>\n<a href=\"https:\/\/www.badische-zeitung.de\/ich-kann-gut-zuhoeren\">https:\/\/www.badische-zeitung.de\/ich-kann-gut-zuhoeren<\/a><\/p>\n<p>&nbsp;<\/p>\n<p><strong>W\u00fcrfelspiel auf Emmendinger Hochburg von Thomas Rees<\/strong><br \/>\n<strong>Ein sterbender Baum f\u00fcr todgeweihte Landsknechte<\/strong><br \/>\n<em>Der Holzk\u00fcnstler Thomas Rees arbeitete vier Wochen an einer f\u00fcnf Meter hohen Stele, die nun unterhalb der Hochburgruine ihren Platz hat. Die Stele zeigt ein t\u00f6dliches W\u00fcrfelspiel aus dem Jahr 1677.<\/em><\/p>\n<p><a href=\"https:\/\/www.freiburg-schwarzwald.de\/blog\/wp-content\/uploads\/2022\/08\/rees-wuerfelspiel220815.jpg\"><img loading=\"lazy\" decoding=\"async\" class=\"alignnone size-thumbnail wp-image-103419\" src=\"https:\/\/www.freiburg-schwarzwald.de\/blog\/wp-content\/uploads\/2022\/08\/rees-wuerfelspiel220815-120x180.jpg\" alt=\"\" width=\"120\" height=\"180\" srcset=\"https:\/\/www.freiburg-schwarzwald.de\/blog\/wp-content\/uploads\/2022\/08\/rees-wuerfelspiel220815-120x180.jpg 120w, https:\/\/www.freiburg-schwarzwald.de\/blog\/wp-content\/uploads\/2022\/08\/rees-wuerfelspiel220815-427x640.jpg 427w, https:\/\/www.freiburg-schwarzwald.de\/blog\/wp-content\/uploads\/2022\/08\/rees-wuerfelspiel220815.jpg 480w\" sizes=\"auto, (max-width: 120px) 100vw, 120px\" \/><\/a><\/p>\n<p>Thomas Rees (links) und Axel Brinkmann f\u00fcr der S\u00e4ule \u201eW\u00fcrfelspiel\u201c bei der Hochburg Foto: Michael Haberer<\/p>\n<p><a href=\"https:\/\/www.freiburg-schwarzwald.de\/blog\/wp-content\/uploads\/2022\/08\/rees1wuerfelspiel220815.jpg\"><img loading=\"lazy\" decoding=\"async\" class=\"alignnone size-thumbnail wp-image-103420\" src=\"https:\/\/www.freiburg-schwarzwald.de\/blog\/wp-content\/uploads\/2022\/08\/rees1wuerfelspiel220815-120x180.jpg\" alt=\"\" width=\"120\" height=\"180\" srcset=\"https:\/\/www.freiburg-schwarzwald.de\/blog\/wp-content\/uploads\/2022\/08\/rees1wuerfelspiel220815-120x180.jpg 120w, https:\/\/www.freiburg-schwarzwald.de\/blog\/wp-content\/uploads\/2022\/08\/rees1wuerfelspiel220815-427x640.jpg 427w, https:\/\/www.freiburg-schwarzwald.de\/blog\/wp-content\/uploads\/2022\/08\/rees1wuerfelspiel220815.jpg 480w\" sizes=\"auto, (max-width: 120px) 100vw, 120px\" \/><\/a><\/p>\n<p>Das bevorstehende Leid spiegelt sich bereits in den Gesichtern der todgweihten Landsknechte. Foto: Michael Haberer<\/p>\n<p>In den Himmel oder in die H\u00f6lle? Diese Frage galt zwei Fahnenfl\u00fcchtigen vor rund 350 Jahren auf der Hochburg. Klar war: Sie werden hingerichtet. Das Wie und die damit verbundenen Konsequenzen \u00fcber das irdische Leiden waren aber offen. An die Antworten darauf, ermittelt in einem W\u00fcrfelspiel, erinnert nun eine gut f\u00fcnf Meter hohe Stele im unteren Bereich der Ruine. Der Freiburger Holzk\u00fcnstler Thomas Rees hat im Auftrag des Hochburgvereins das Ringen um den Tod in Szene gesetzt.<br \/>\n.<br \/>\n&#8222;Ich mache f\u00fcr meine Holzskulpturen nur wenige Skizzen. Die Gestaltung entwickelt sich im Lauf der Arbeit&#8220;, sagt Rees. Er steht mit Axel Brinkmann, Gesch\u00e4ftsf\u00fchrer des Hochburgvereins, vor der Skulptur mit dem Titel &#8222;W\u00fcrfelspiel&#8220;. Inspiration f\u00fcr die Szenen und Gesichter auf der Skulptur ist dabei das Schicksal der Deserteure. Denn sie mussten um ihr Ende w\u00fcrfeln.<\/p>\n<p>Und somit war das W\u00fcrfelspiel der Verurteilten gesetzt. Drumherum hat Rees ein Potpourri aus Gestalten wie Christus als Salvator mundi sowie Anspielungen auf Landsknechte, Galgen oder den Flecken Emmendingen geschaffen. Das alles in rund vier Wochen unter sengender Julisonne und umgeben von den alten Mauern der Homburg.<\/p>\n<p>Was die Besucher der Anlage nun sehen k\u00f6nnen, hat zwei Anf\u00e4nge. Der zweite und aktuelle ist eine Linde, die bei der Grillstelle stand, nachdem man die \u00e4u\u00dfere Wehrmauer passiert hat. &#8222;Der sterbende Baum musste aus Sicherheitsgr\u00fcnden gef\u00e4llt werden. Der Nachwuchs im Verein kam auf die Idee, nicht den ganzen Baum abzur\u00e4umen, sondern aus dem Stamm etwas zu schnitzen&#8220;, sagt Brinkmann.<\/p>\n<p>Das Ergebnis steht zurzeit noch auf den alten Wurzeln der Linde. Doch am Baumfu\u00df wird die Stele abges\u00e4gt, in der N\u00e4he auf ein Betonfundament gesetzt. Zudem bekommt sie einen Deckel, damit Feuchtigkeit und Pilze das Kunstwerk nicht sch\u00e4digen k\u00f6nnen. Zudem wird die S\u00e4ule mit einer Infotafel und einem QR-Code versehen, sodass die Geschichte auch auf dem Handy abgerufen werden kann.<\/p>\n<p>Der zweite Anfang der Skulptur geht zur\u00fcck ins Jahr 1677. Zwei Soldaten der Hochburger Garnison, Mattias Roser aus Sexau und Niclaus Brucker aus Malterdingen, waren damals ausgerissen. Die desertierten Landsknechte wurden jedoch schnell wieder aufgegriffen. Ihre H\u00e4scher brachten sie auf die Hochburg, wo nach geltendem Kriegsrecht \u00fcber das Strafma\u00df entschieden wurde.<\/p>\n<p>Der R\u00e4delsf\u00fchrer sollte h\u00e4rter bestraft werden. Das Gericht konnte ihn aber nicht ermitteln, da die Angeklagten schwiegen. So wurde beschlossen, dass die beiden unterm Galgen auf einer Landsknechttrommel um die Art ihrer Hinrichtung w\u00fcrfeln mussten. Wer die niedrigere Zahl w\u00fcrfelt, sollte geh\u00e4ngt und der Gewinner erschossen werden.<\/p>\n<p>Gew\u00fcrfelt wurde dabei weniger um den schnelleren Tod. Der Ausgang des W\u00fcrfelns entschied \u2013 nach damaliger Vorstellung \u2013 \u00fcber die Zukunft im Jenseits. Durch Erschie\u00dfen aus dem Leben zu scheiden, galt als ehrenvoll. Der Erschossene durfte auf dem Gottesacker beigesetzt werden. So blieb f\u00fcr die Seele die Hoffnung, im Fegefeuer gel\u00e4utert zu werden und danach ins Himmelreich zu gelangen. Der Tod durch Erh\u00e4ngen galt dagegen als unehrenhaft. Der Leichnam wurde verscharrt oder am Galgen den V\u00f6geln zum Fra\u00df \u00fcberlassen. Die Seele ging zum Teufel und war f\u00fcr immer verloren.<\/p>\n<p>Drei W\u00fcrfelrunden brauchten die beiden, um ihr Schicksal zu besiegeln. Nach der Aufzeichnung im Landesarchiv Baden-W\u00fcrttemberg in Karlsruhe wurde das vollzogene Urteil am 29. Januar 1677 dem Markgrafen mitgeteilt.<br \/>\n&#8230; Alles vom 15.8.2022 von Michael Haberer bitte lesen auf<br \/>\n<a href=\"https:\/\/www.badische-zeitung.de\/das-wuerfeln-um-den-tod-in-szene-gesetzt--216103209.html\">https:\/\/www.badische-zeitung.de\/das-wuerfeln-um-den-tod-in-szene-gesetzt&#8211;216103209.html<\/a><\/p>\n<p>.<\/p>\n<p>&nbsp;<\/p>\n<p><strong>Jedes St\u00fcck Holz erz\u00e4hlt ihm eine andere Geschichte<br \/>\n<\/strong><\/p>\n<p>Tatort Schwarzwald. Er geht mit der S\u00e4ge durch die Natur und schafft skurrile Skulpturen aus Bruchholz. Thomas Rees aus <a title=\"Kappel\" href=\"https:\/\/www.freiburg-schwarzwald.de\/blog\/regio\/freiburg\/kappel\/\">Kappel <\/a>hat neues Leben in einen vom Sturm verw\u00fcsteten Forst gebracht. Viel Zeit hat er nicht gebraucht, um das Jesuskindlein zu erschaffen, nicht mehr als f\u00fcnf Minuten. Thomas Rees nahm seine Motors\u00e4ge, fr\u00e4ste ein paar Ecken und Kanten in ein St\u00fcck Holz \u2013 und das Kind war geboren. Nun liegt es in seinem K\u00f6rbchen, Maria schaut m\u00fcde herab, w\u00e4hrend der eisige Wind \u00fcber den Kamelberg fegt. Eine stumme Szene, geschaffen aus einfachsten Materialien: ein h\u00f6lzernes Kind, die Muttergottes mit Kartoffelsack auf dem Kopf, das Dach der Krippe aus d\u00fcrren \u00c4sten. Und doch scheint es ein magischer Ort zu sein hier droben, wo der Himmel fast bedrohlich nah r\u00fcckt.<br \/>\nEs war Weihnachten 1999, als \u201eLothar\u201c mit mehr als 200 Stundenkilometern \u00fcber das Land jagte. Ein Unwetter mit fatalen Folgen. Im Schwarzwald knickten die B\u00e4ume um. Dort, wo einst finstere W\u00e4lder waren, lagen die St\u00e4mme wie Mikadost\u00e4bchen \u00fcbereinander. Auch \u00fcber Kappel, einen Stadtteil von Freiburg, raste \u201eLothar\u201c und zog in den Wald eine breite Schneise. Als Thomas Rees am zweiten Weihnachtsfeiertag aufs Dach seines Hauses stieg, um die Ziegel wieder zu befestigen, stellte er fest, dass der dichte Forst verschwunden und der Berg pl\u00f6tzlich licht, hell und nackt war. Nur vier einsame Kiefern hatten den Sturm \u00fcberlebt. Diese vier stehen noch immer auf dem Kamelberg, d\u00fcrr und verloren ragen sie in die H\u00f6he, w\u00e4hrend inzwischen eine wundersame Gesellschaft die Lichtung belagert. Neben der heiligen Familie wacht ein grimmiger Kerl mit krummer Nase. Dort dr\u00fcben eine Jeanne d\u2019Arc mit Haaren, die abstehen wie die Schlangen auf dem Haupt der Medusa. Ein Geier gafft aus den Brombeerb\u00fcschen heraus. Hier ein Einhorn, etwas abseits ein Dinosaurier. Und hockt dort nicht jemand? Ein m\u00fcder Krieger? Ein Wesen aus einer anderen Zeit? Thomas Rees hat dieses geheimnisvolle, stille Szenario geschaffen \u2013 mit der kreischenden Motors\u00e4ge. Nach dem Sturm ist er immer wieder hinaufgestiegen und hat sich einen der vielen Baumst\u00fcmpfe oder eine herausgerissene Wurzel vorgekn\u00f6pft. Eigentlich ist Thomas Rees Techniker von Beruf und verdient sein Geld bei der Telekom. \u201eIch lebe in zwei Welten\u201c, sagt er. Sobald er einen abgeknickten Stamm sieht, eine Wurzel oder einen zerbrochenen oder verwachsenen Ast, begibt sich seine Phantasie auf eine wilde Reise. Dann sieht er pl\u00f6tzlich Tiere, Gesichter, fremde Wesen und Urviecher. Jedes St\u00fcck Holz erz\u00e4hlt ihm eine andere Geschichte, in den morschen oder krummen \u00c4sten scheinen Geister und Wesen zu stecken, die von Rees befreit werden wollen. Meistens setzt er mit der S\u00e4ge nur einige gezielte Schnitte, und schon sch\u00e4lt sich das Motiv aus dem Holz heraus. \u201eMan kann auch aus einer geraden Form etwas ganz Wildes machen\u201c, sagt er, \u201eaber es ist sch\u00f6ner, wenn die Form schon vorgegeben ist.\u201d Manchmal arbeitet Rees auch mit Stemmeisen und Hammer \u2013 Werkzeuge, die doch eigentlich f\u00fcrs Grobe sind. Aber Rees wei\u00df sie so geschickt einzusetzen, dass Gesichter pl\u00f6tzlich zarte F\u00e4ltchen bekommen oder V\u00f6gel ein feines Gefieder. Er nutzt die Struktur des Materials. L\u00f6cher, die Misteln im Holz hinterlassen haben, wirken wie weiches Fell, Rinde wie runzlige Haut \u2026<br \/>\nAdrienne Braun, Dezember-Ausgabe von natur+kosmos, 12.12.2004<\/p>\n","protected":false},"excerpt":{"rendered":"<p>Home &gt;Kultur &gt;Kunst &gt;Thomas-Rees Listenauswahl eines Beitrags: Bitte anklicken oder runterscrollen Holzbildhauer Thomas Rees: &#8222;Ich kann gut zuh\u00f6ren&#8220; (5.6.2025) Friedliche Kunst ist unertr\u00e4glich?\u00a0(9.1.2024) Christi Himmelfahrt am \u201eBaum der Erkenntnis\u201c in FR-Kappel\u00a0(10.5.2025) Annakapelle FR-Ebnet Jahrestag\u00a0(23.7.2023) Agatha statt Loretta: Wieder sorgt in &hellip; <a href=\"https:\/\/www.freiburg-schwarzwald.de\/blog\/kultur\/kunst\/thomas-rees\/\">Weiterlesen <span class=\"meta-nav\">&rarr;<\/span><\/a><\/p>\n","protected":false},"author":4,"featured_media":0,"parent":700,"menu_order":0,"comment_status":"open","ping_status":"closed","template":"","meta":{"footnotes":""},"class_list":["post-12920","page","type-page","status-publish","hentry"],"_links":{"self":[{"href":"https:\/\/www.freiburg-schwarzwald.de\/blog\/wp-json\/wp\/v2\/pages\/12920","targetHints":{"allow":["GET"]}}],"collection":[{"href":"https:\/\/www.freiburg-schwarzwald.de\/blog\/wp-json\/wp\/v2\/pages"}],"about":[{"href":"https:\/\/www.freiburg-schwarzwald.de\/blog\/wp-json\/wp\/v2\/types\/page"}],"author":[{"embeddable":true,"href":"https:\/\/www.freiburg-schwarzwald.de\/blog\/wp-json\/wp\/v2\/users\/4"}],"replies":[{"embeddable":true,"href":"https:\/\/www.freiburg-schwarzwald.de\/blog\/wp-json\/wp\/v2\/comments?post=12920"}],"version-history":[{"count":5,"href":"https:\/\/www.freiburg-schwarzwald.de\/blog\/wp-json\/wp\/v2\/pages\/12920\/revisions"}],"predecessor-version":[{"id":134927,"href":"https:\/\/www.freiburg-schwarzwald.de\/blog\/wp-json\/wp\/v2\/pages\/12920\/revisions\/134927"}],"up":[{"embeddable":true,"href":"https:\/\/www.freiburg-schwarzwald.de\/blog\/wp-json\/wp\/v2\/pages\/700"}],"wp:attachment":[{"href":"https:\/\/www.freiburg-schwarzwald.de\/blog\/wp-json\/wp\/v2\/media?parent=12920"}],"curies":[{"name":"wp","href":"https:\/\/api.w.org\/{rel}","templated":true}]}}