{"id":129,"date":"2012-03-31T19:41:56","date_gmt":"2012-03-31T19:41:56","guid":{"rendered":"https:\/\/www.freiburg-schwarzwald.de\/blog\/?page_id=129"},"modified":"2025-05-13T09:05:33","modified_gmt":"2025-05-13T07:05:33","slug":"kontakt","status":"publish","type":"page","link":"https:\/\/www.freiburg-schwarzwald.de\/blog\/kontakt\/","title":{"rendered":"Kontakt"},"content":{"rendered":"<h5><a href=\"https:\/\/www.freiburg-schwarzwald.de\/blog\/kontakt\/stwilhelmer0412\/\" rel=\"attachment wp-att-133\"><img loading=\"lazy\" decoding=\"async\" class=\"alignnone size-thumbnail wp-image-133\" title=\"stwilhelmer0412\" src=\"https:\/\/www.freiburg-schwarzwald.de\/blog\/wp-content\/uploads\/2012\/03\/stwilhelmer0412-180x135.jpg\" alt=\"\" width=\"180\" height=\"135\" srcset=\"https:\/\/www.freiburg-schwarzwald.de\/blog\/wp-content\/uploads\/2012\/03\/stwilhelmer0412-180x135.jpg 180w, https:\/\/www.freiburg-schwarzwald.de\/blog\/wp-content\/uploads\/2012\/03\/stwilhelmer0412.jpg 640w\" sizes=\"auto, (max-width: 180px) 100vw, 180px\" \/><\/a>\u00a0\u00a0\u00a0\u00a0\u00a0\u00a0\u00a0\u00a0\u00a0 <a href=\"https:\/\/www.freiburg-schwarzwald.de\/blog\/kontakt\/belchen11-060111\/\" rel=\"attachment wp-att-134\"><img loading=\"lazy\" decoding=\"async\" class=\"alignnone size-thumbnail wp-image-134\" title=\"belchen11-060111\" src=\"https:\/\/www.freiburg-schwarzwald.de\/blog\/wp-content\/uploads\/2012\/03\/belchen11-060111-180x135.jpg\" alt=\"\" width=\"180\" height=\"135\" srcset=\"https:\/\/www.freiburg-schwarzwald.de\/blog\/wp-content\/uploads\/2012\/03\/belchen11-060111-180x135.jpg 180w, https:\/\/www.freiburg-schwarzwald.de\/blog\/wp-content\/uploads\/2012\/03\/belchen11-060111.jpg 640w\" sizes=\"auto, (max-width: 180px) 100vw, 180px\" \/><\/a>\u00a0\u00a0\u00a0\u00a0\u00a0\u00a0\u00a0\u00a0\u00a0 <a href=\"https:\/\/www.freiburg-schwarzwald.de\/blog\/kontakt\/muensterturm18\/\" rel=\"attachment wp-att-135\"><img loading=\"lazy\" decoding=\"async\" class=\"alignnone size-thumbnail wp-image-135\" title=\"muensterturm18\" src=\"https:\/\/www.freiburg-schwarzwald.de\/blog\/wp-content\/uploads\/2012\/03\/muensterturm18-180x135.jpg\" alt=\"\" width=\"180\" height=\"135\" srcset=\"https:\/\/www.freiburg-schwarzwald.de\/blog\/wp-content\/uploads\/2012\/03\/muensterturm18-180x135.jpg 180w, https:\/\/www.freiburg-schwarzwald.de\/blog\/wp-content\/uploads\/2012\/03\/muensterturm18.jpg 640w\" sizes=\"auto, (max-width: 180px) 100vw, 180px\" \/><\/a><br \/>\n(1) St.Wilhelmer H\u00fctte Feldberg\u00a0 \u00a0 \u00a0 \u00a0 \u00a0(2) Belchen-Schweizer Alpen\u00a0 \u00a0 \u00a0 \u00a0 \u00a0 \u00a0 \u00a0 \u00a0 \u00a0 \u00a0 (3) Freiburg M\u00fcnstermarkt<\/h5>\n<p>(1) Wir an der <a title=\"Wilhelmerhuette\" href=\"https:\/\/www.freiburg-schwarzwald.de\/blog\/tourismus\/gastro\/huetten\/wilhelmerhuette\/\">St.Wilhelmer H\u00fctte<\/a> oben am Westhang des <a title=\"Feldberg-Seebuck\" href=\"https:\/\/www.freiburg-schwarzwald.de\/blog\/regio\/berge\/feldberg-seebuck\/\">Feldbergs<\/a> im Dezember 2004 bei 12 Grad plus<br \/>\n(2) Blick vom <a title=\"Belchen\" href=\"https:\/\/www.freiburg-schwarzwald.de\/blog\/regio\/berge\/belchen\/\">Belchen<\/a> nach S\u00fcden \u00fcbers Wiesental zu den Alpen am 11.1.2006 bei 12 Grad minus<br \/>\n(3) Blick vom <a title=\"Muenster\" href=\"https:\/\/www.freiburg-schwarzwald.de\/blog\/religion\/kirchen\/muenster\/\">Freiburger M\u00fcnsterturm<\/a>\u00a0nach Osten zum Kaufhaus am 29.10.2005<\/p>\n<p>Wir freuen uns, dass Sie uns Kontakt aufnehmen m\u00f6chten<br \/>\n&#8211; Sie rufen an: Tel 0170\/2780384<br \/>\n&#8211; Sie senden eine eMail an &#8222;info &#8230;.. freiburg-schwarzwald.de&#8220;<\/p>\n<p>Damit Ihre Mail nicht in Spam- oder Junk Mail-Verdacht ger\u00e4t: Bitte geben Sie im Betreff einen Text an, der eindeutig auf Ihr Anliegen bzw. auf diese Website verweist. Vielen Dank.<\/p>\n<p align=\"left\">Verantwortlich f\u00fcr die Website Freiburg-Schwarzwald.de und erfreut \u00fcber Ihre Anregungen und Mitteilungen:<br \/>\nDr. Ekkehard Kaier aus Freiburg &#8211; <a title=\"Impressum\" href=\"https:\/\/www.freiburg-schwarzwald.de\/blog\/impressum\/\">Impressum<\/a><br \/>\n.<br \/>\nDer Betreiber dieser privaten Website wei\u00df zu sch\u00e4tzen, da\u00df es keine bessere Staatsform gibt als die parlamentarische\u00a0<a href=\"https:\/\/www.freiburg-schwarzwald.de\/blog\/engagement\/zukunft\/demokratie\/\">Demokratie<\/a>\u00a0mit ihrer Freiheitlich-demokratischen Grundordnung (<a href=\"https:\/\/www.freiburg-schwarzwald.de\/blog\/engagement\/zukunft\/demokratie\/verfassung\/fdgo\/\">FDGO<\/a>). Und die gilt es zu verteidigen: <a href=\"https:\/\/www.freiburg-schwarzwald.de\/blog\/engagement\/zukunft\/demokratie\/democracy-first\/\">Democracy first<\/a>!<br \/>\n<a href=\"https:\/\/www.freiburg-schwarzwald.de\/blog\/about\/leitideen\/\">Drei Leitideen dieses Portals: Libertarismus, Pazifismus, Diskussionskultur<\/a><br \/>\n.<br \/>\nEin einfacher Eintrag in unser Regio-Portal ist kostenlos. F\u00fcr nonprofit arbeitende EhrenamtlerInnen sind alle Eintr\u00e4ge kostenlos. Ein Gegenlink freut uns und bringt Ihnen GOOGLEm\u00e4\u00dfig viel &#8211; probieren Sie&#8217;s aus!<\/p>\n","protected":false},"excerpt":{"rendered":"<p>\u00a0\u00a0\u00a0\u00a0\u00a0\u00a0\u00a0\u00a0\u00a0 \u00a0\u00a0\u00a0\u00a0\u00a0\u00a0\u00a0\u00a0\u00a0 (1) St.Wilhelmer H\u00fctte Feldberg\u00a0 \u00a0 \u00a0 \u00a0 \u00a0(2) Belchen-Schweizer Alpen\u00a0 \u00a0 \u00a0 \u00a0 \u00a0 \u00a0 \u00a0 \u00a0 \u00a0 \u00a0 (3) Freiburg M\u00fcnstermarkt (1) Wir an der St.Wilhelmer H\u00fctte oben am Westhang des Feldbergs im Dezember 2004 bei 12 &hellip; <a href=\"https:\/\/www.freiburg-schwarzwald.de\/blog\/kontakt\/\">Weiterlesen <span class=\"meta-nav\">&rarr;<\/span><\/a><\/p>\n","protected":false},"author":2,"featured_media":0,"parent":0,"menu_order":0,"comment_status":"open","ping_status":"closed","template":"","meta":{"footnotes":""},"class_list":["post-129","page","type-page","status-publish","hentry"],"_links":{"self":[{"href":"https:\/\/www.freiburg-schwarzwald.de\/blog\/wp-json\/wp\/v2\/pages\/129","targetHints":{"allow":["GET"]}}],"collection":[{"href":"https:\/\/www.freiburg-schwarzwald.de\/blog\/wp-json\/wp\/v2\/pages"}],"about":[{"href":"https:\/\/www.freiburg-schwarzwald.de\/blog\/wp-json\/wp\/v2\/types\/page"}],"author":[{"embeddable":true,"href":"https:\/\/www.freiburg-schwarzwald.de\/blog\/wp-json\/wp\/v2\/users\/2"}],"replies":[{"embeddable":true,"href":"https:\/\/www.freiburg-schwarzwald.de\/blog\/wp-json\/wp\/v2\/comments?post=129"}],"version-history":[{"count":5,"href":"https:\/\/www.freiburg-schwarzwald.de\/blog\/wp-json\/wp\/v2\/pages\/129\/revisions"}],"predecessor-version":[{"id":133921,"href":"https:\/\/www.freiburg-schwarzwald.de\/blog\/wp-json\/wp\/v2\/pages\/129\/revisions\/133921"}],"wp:attachment":[{"href":"https:\/\/www.freiburg-schwarzwald.de\/blog\/wp-json\/wp\/v2\/media?parent=129"}],"curies":[{"name":"wp","href":"https:\/\/api.w.org\/{rel}","templated":true}]}}